-- https://www.phpmyadmin.net/
--
-- Hôte : 127.0.0.1:3306
-- Généré le : mar. 16 mars 2021 à 03:01
-- Version du serveur :  5.7.31
-- Version de PHP : 7.3.21

START TRANSACTION;



--
-- Base de données : `agence_vauban`
--

-- --------------------------------------------------------

--
-- Structure de la table `account_search`
--

CREATE TABLE IF NOT EXISTS `account_search` (
  `search_id` int(11) NOT NULL AUTO_INCREMENT,
  `user_id` int(10) UNSIGNED DEFAULT NULL,
  `search_libelle` varchar(255) DEFAULT NULL,
  `search_data` text,
  `search_created_at` timestamp NULL DEFAULT NULL,
  `search_updated_at` timestamp NULL DEFAULT NULL,
  `search_completion` decimal(10,2) DEFAULT NULL,
  PRIMARY KEY (`search_id`),
  KEY `fk_account_search_users1_idx` (`user_id`)
) ENGINE=InnoDB AUTO_INCREMENT=239 DEFAULT CHARSET=latin1;

--
-- Déchargement des données de la table `account_search`
--

INSERT INTO `account_search` (`search_id`, `user_id`, `search_libelle`, `search_data`, `search_created_at`, `search_updated_at`, `search_completion`) VALUES
(33, NULL, 'Appartement recherche', '{\"_token\":\"oIlK5kH7FjGCD7rKh4uBJfEloYAzFyK0mcOgDVVd\",\"search_libelle\":\"Appartement recherche\",\"type_id\":[\"2\",\"3\"],\"field_bien_surface_min\":\"95\",\"field_bien_surface_max\":\"210\",\"bien_localisation_plain_pied\":\"1\",\"budget_min\":\"89000\",\"budget_max\":\"274000\",\"field_bien_divers_balcon_terrasse\":\"1\",\"field_bien_divers_ascenseur\":\"1\",\"field_bien_finance_budget_min\":\"89000\",\"field_bien_finance_budget_max\":\"274000\",\"bien_localisation_ville\":\"PONTARLIER\",\"bien_description\":\"\",\"criteria_id\":[\"CRITERIA_GENTELEMAN\",\"CRITERIA_SLOW\",\"CRITERIA_FAMILYLOVE\",\"CRITERIA_FAMILY\",\"CRITERIA_INVESTOR\"]}', NULL, NULL, NULL),
(34, NULL, 'Appartement test', '{\"_token\":\"JTOWukvr2zLYiS64D4110bIao8MxWvPS3cTvmvir\",\"search_libelle\":\"Appartement test\",\"field_bien_surface_min\":\"0\",\"field_bien_surface_max\":\"280\",\"budget_min\":\"30000\",\"budget_max\":\"500000\",\"field_bien_finance_budget_min\":\"30000\",\"field_bien_finance_budget_max\":\"500000\",\"bien_localisation_ville\":\"\",\"bien_description\":\"\"}', NULL, NULL, NULL),
(35, NULL, 'Appartement test', '{\"_token\":\"St4sAk0AaKroVbGGqEqIjqCpyyr9s6Eyi3LT2ZoP\",\"search_libelle\":\"Appartement test\",\"type_id\":[\"1\"],\"field_bien_surface_min\":\"110\",\"field_bien_surface_max\":\"205\",\"search_interieur_chambre\":[\"2\"],\"bien_localisation_rez_chaussee\":\"1\",\"budget_min\":\"189000\",\"budget_max\":\"417000\",\"field_bien_divers_parking_garage\":\"1\",\"field_bien_finance_budget_min\":\"189000\",\"field_bien_finance_budget_max\":\"417000\",\"bien_localisation_ville\":\"PONTARLIER\",\"bien_description\":\"\",\"criteria_id\":[\"CRITERIA_HIPPIE\",\"CRITERIA_YOUNGCOUPLE\"]}', NULL, NULL, NULL),
(36, NULL, 'Appartement test', '{\"_token\":\"St4sAk0AaKroVbGGqEqIjqCpyyr9s6Eyi3LT2ZoP\",\"search_libelle\":\"Appartement test\",\"type_id\":[\"2\"],\"field_bien_surface_min\":\"0\",\"field_bien_surface_max\":\"280\",\"budget_min\":\"30000\",\"budget_max\":\"500000\",\"field_bien_finance_budget_min\":\"30000\",\"field_bien_finance_budget_max\":\"500000\",\"bien_localisation_ville\":\"\",\"bien_description\":\"\",\"criteria_id\":[\"CRITERIA_HIPSTER\",\"CRITERIA_YOUNGCOUPLE\"]}', NULL, NULL, NULL),
(37, NULL, 'Appartement test', '{\"_token\":\"St4sAk0AaKroVbGGqEqIjqCpyyr9s6Eyi3LT2ZoP\",\"search_libelle\":\"Appartement test\",\"type_id\":[\"1\"],\"field_bien_surface_min\":\"0\",\"field_bien_surface_max\":\"280\",\"budget_min\":\"30000\",\"budget_max\":\"500000\",\"field_bien_finance_budget_min\":\"30000\",\"field_bien_finance_budget_max\":\"500000\",\"bien_localisation_ville\":\"\",\"bien_description\":\"\",\"criteria_id\":[\"CRITERIA_HIPSTER\",\"CRITERIA_YOUNGCOUPLE\"]}', NULL, NULL, NULL),
(38, NULL, 'Appartement test', '{\"_token\":\"St4sAk0AaKroVbGGqEqIjqCpyyr9s6Eyi3LT2ZoP\",\"search_libelle\":\"Appartement test\",\"type_id\":[\"2\"],\"field_bien_surface_min\":\"0\",\"field_bien_surface_max\":\"280\",\"search_interieur_chambre\":[\"3\"],\"budget_min\":\"30000\",\"budget_max\":\"500000\",\"field_bien_finance_budget_min\":\"30000\",\"field_bien_finance_budget_max\":\"500000\",\"bien_localisation_ville\":\"\",\"bien_description\":\"\",\"criteria_id\":[\"CRITERIA_HIPSTER\"]}', NULL, NULL, NULL),
(39, 4, 'Test', '{\"_token\":\"ZwCZeJmrBXJt0bdPNca1nn6aTmY8FBXRZ9tYNETv\",\"search_libelle\":\"Test\",\"type_id\":[\"1\",\"2\"],\"field_bien_surface_min\":\"0\",\"field_bien_surface_max\":\"280\",\"budget_min\":\"30000\",\"budget_max\":\"500000\",\"field_bien_finance_budget_min\":\"30000\",\"field_bien_finance_budget_max\":\"500000\",\"bien_localisation_ville\":\"Besan\\u00e7on\",\"bien_localisation_quartier\":\"1\",\"bien_description\":\"\"}', NULL, NULL, NULL),
(40, 12, 'TEST ', '{\"_token\":\"FC6Kjhk78DpDUb5qavlASdGH30FHJaTCDmRCOW1Q\",\"search_libelle\":\"TEST \",\"type_id\":[\"1\",\"2\"],\"field_bien_surface_min\":\"50\",\"field_bien_surface_max\":\"205\",\"search_interieur_chambre\":\"3\",\"bien_localisation_dernier_etage\":\"1\",\"budget_min\":\"152000\",\"budget_max\":\"293000\",\"field_bien_divers_parking_garage\":\"1\",\"field_bien_finance_budget_min\":\"152000\",\"field_bien_finance_budget_max\":\"293000\",\"bien_localisation_cp_ville\":\"\",\"city_id\":\"\",\"bien_localisation_cp\":\"\",\"bien_localisation_ville\":\"\",\"bien_localisation_lat\":\"\",\"bien_localisation_lng\":\"\",\"bien_localisation_quartier\":\"1\",\"bien_localisation_zone\":\"[\\\"47.193868187561684,6.1873626708984375\\\",\\\"47.291761477001806,5.9854888916015625\\\",\\\"47.20226612920588,5.8330535888671875\\\"]\",\"bien_description\":\"\",\"criteria_id\":[\"CRITERIA_HIPSTER\",\"CRITERIA_FAMILYLOVE\",\"CRITERIA_YOUNGCOUPLE\"],\"search_id_immo_facile\":87513328}', NULL, NULL, '66.67'),
(41, 12, 'TEST ', '{\"_token\":\"FC6Kjhk78DpDUb5qavlASdGH30FHJaTCDmRCOW1Q\",\"search_libelle\":\"TEST \",\"type_id\":[\"2\",\"3\"],\"field_bien_surface_min\":\"40\",\"field_bien_surface_max\":\"225\",\"search_interieur_chambre\":\"3\",\"bien_localisation_rez_chaussee\":\"1\",\"budget_min\":\"142000\",\"budget_max\":\"347000\",\"field_bien_divers_parking_garage\":\"1\",\"field_bien_finance_budget_min\":\"142000\",\"field_bien_finance_budget_max\":\"347000\",\"bien_localisation_cp_ville\":\"saone\",\"city_id\":\"\",\"bien_localisation_cp\":\"\",\"bien_localisation_ville\":\"\",\"bien_localisation_lat\":\"\",\"bien_localisation_lng\":\"\",\"bien_localisation_quartier\":\"1\",\"bien_localisation_zone\":\"[\\\"47.20226612920588,6.0417938232421875\\\",\\\"47.265674286639225,6.0926055908203125\\\",\\\"47.185468916740426,6.2148284912109375\\\"]\",\"bien_description\":\"\",\"criteria_id\":[\"CRITERIA_HIPPIE\",\"CRITERIA_YOUNGCOUPLE\"],\"search_id_immo_facile\":87513353}', NULL, NULL, '83.33'),
(42, 3, 'test', '{\"_token\":\"w3e4Rtzxam6z11nu73QIBNTCKM9fpkti776HDRah\",\"search_libelle\":\"test\",\"type_id\":[\"2\"],\"field_bien_surface_min\":\"0\",\"field_bien_surface_max\":\"280\",\"search_interieur_chambre\":\"3\",\"budget_min\":\"30000\",\"budget_max\":\"500000\",\"field_bien_finance_budget_min\":\"30000\",\"field_bien_finance_budget_max\":\"500000\",\"bien_localisation_cp_ville\":\"25300 pontarlier\",\"city_id\":\"16185\",\"bien_localisation_cp\":\"25300\",\"bien_localisation_ville\":\"Dommartin\",\"bien_localisation_lat\":\"46.9167\",\"bien_localisation_lng\":\"6.31667\",\"bien_localisation_quartier\":\"1\",\"bien_localisation_zone\":\"\",\"bien_description\":\"\",\"search_id_immo_facile\":87557184}', NULL, NULL, '83.33'),
(43, 32, 'F4 chaprais', '{\"_token\":\"F0qUySLIQQKlYZeb2fgGc494Vm2DbTXUNcsaQi1f\",\"search_libelle\":\"F4 chaprais\",\"type_id\":[\"2\"],\"field_bien_surface_min\":\"0\",\"field_bien_surface_max\":\"280\",\"search_interieur_chambre\":\"2\",\"budget_min\":\"150000\",\"budget_max\":\"250000\",\"field_bien_finance_budget_min\":\"150000\",\"field_bien_finance_budget_max\":\"250000\",\"bien_localisation_cp_ville\":\"25000 Besan\\u00e7on\",\"city_id\":\"15890\",\"bien_localisation_cp\":\"25000\",\"bien_localisation_ville\":\"Besan\\u00e7on\",\"bien_localisation_lat\":\"47.25\",\"bien_localisation_lng\":\"6.03333\",\"bien_localisation_quartier\":\"2\",\"bien_localisation_zone\":\"[\\\"47.241509057428914,6.028962135314941\\\",\\\"47.243315436158746,6.023983955383301\\\",\\\"47.246811478086016,6.023726463317871\\\",\\\"47.251297727179555,6.029648780822754\\\",\\\"47.250598596471896,6.040291786193848\\\",\\\"47.24372331960582,6.045098304748535\\\",\\\"47.23824576553119,6.0346269607543945\\\"]\",\"bien_description\":\"\",\"search_id_immo_facile\":87567084}', NULL, NULL, '83.33'),
(47, 36, 'Appartement pour RP', '{\"_token\":\"wNou04PzzJavLTtKcsDQkInfHbRPBhTbSjE1r1hv\",\"search_libelle\":\"Appartement pour RP\",\"type_id\":[\"2\"],\"field_bien_surface_min\":\"0\",\"field_bien_surface_max\":\"280\",\"search_interieur_chambre\":\"2\",\"budget_min\":\"150000\",\"budget_max\":\"300000\",\"field_bien_divers_parking_garage\":\"1\",\"field_bien_finance_budget_min\":\"150000\",\"field_bien_finance_budget_max\":\"300000\",\"secteur_id\":\"1\",\"bien_localisation_cp_ville\":\"25000 Besan\\u00e7on\",\"city_id\":\"15890\",\"bien_localisation_cp\":\"25000\",\"bien_localisation_ville\":\"Besan\\u00e7on\",\"bien_localisation_lat\":\"47.25\",\"bien_localisation_lng\":\"6.03333\",\"bien_localisation_quartier\":\"1\",\"bien_localisation_zone\":\"\",\"bien_description\":\"\",\"criteria_id\":[\"CRITERIA_HIPPIE\",\"CRITERIA_RES_PRINCIP\"],\"search_id_immo_facile\":87764291}', NULL, NULL, '100.00'),
(48, 36, 'TEST ', '{\"_token\":\"wNou04PzzJavLTtKcsDQkInfHbRPBhTbSjE1r1hv\",\"search_libelle\":\"TEST \",\"type_id\":[\"2\"],\"field_bien_surface_min\":\"0\",\"field_bien_surface_max\":\"280\",\"budget_min\":\"30000\",\"budget_max\":\"500000\",\"field_bien_divers_parking_garage\":\"1\",\"field_bien_finance_budget_min\":\"30000\",\"field_bien_finance_budget_max\":\"500000\",\"secteur_id\":\"2\",\"bien_localisation_cp_ville\":\"\",\"city_id\":\"\",\"bien_localisation_cp\":\"\",\"bien_localisation_ville\":\"\",\"bien_localisation_lat\":\"\",\"bien_localisation_lng\":\"\",\"bien_localisation_quartier\":\"1\",\"bien_localisation_zone\":\"[\\\"47.020027724508765,6.398162841796875\\\",\\\"47.08084806627649,6.47369384765625\\\",\\\"46.99849006710565,6.604156494140625\\\"]\",\"bien_description\":\"\",\"criteria_id\":[\"CRITERIA_FAMILYLOVE\",\"CRITERIA_INVEST\"],\"search_id_immo_facile\":87764839}', NULL, NULL, '83.33'),
(49, 36, 'pontarlier', '{\"_token\":\"wNou04PzzJavLTtKcsDQkInfHbRPBhTbSjE1r1hv\",\"search_libelle\":\"pontarlier\",\"type_id\":[\"2\"],\"field_bien_surface_min\":\"75\",\"field_bien_surface_max\":\"200\",\"bien_localisation_dernier_etage\":\"1\",\"budget_min\":\"30000\",\"budget_max\":\"500000\",\"field_bien_divers_parking_garage\":\"1\",\"field_bien_finance_budget_min\":\"30000\",\"field_bien_finance_budget_max\":\"500000\",\"secteur_id\":\"1\",\"bien_localisation_cp_ville\":\"\",\"city_id\":\"\",\"bien_localisation_cp\":\"\",\"bien_localisation_ville\":\"\",\"bien_localisation_lat\":\"\",\"bien_localisation_lng\":\"\",\"bien_localisation_quartier\":\"1\",\"bien_localisation_zone\":\"\",\"bien_description\":\"\",\"criteria_id\":[\"CRITERIA_HIPPIE\",\"CRITERIA_INVEST\"],\"search_id_immo_facile\":87764910}', NULL, NULL, '83.33'),
(50, 11, 'TEST ', '{\"_token\":\"4ZV6D6X4jLyhpPv1Qbw2KBpgmk4Fbm6NC7g6UT25\",\"search_libelle\":\"TEST \",\"type_id\":[\"1\"],\"field_bien_surface_min\":\"5\",\"field_bien_surface_max\":\"240\",\"search_interieur_chambre\":\"2\",\"budget_min\":\"84000\",\"budget_max\":\"456000\",\"field_bien_divers_balcon_terrasse\":\"1\",\"field_bien_finance_budget_min\":\"84000\",\"field_bien_finance_budget_max\":\"456000\",\"secteur_id\":\"1\",\"bien_localisation_cp_ville\":\"25000 Besan\\u00e7on\",\"city_id\":\"15890\",\"bien_localisation_cp\":\"25000\",\"bien_localisation_ville\":\"Besan\\u00e7on\",\"bien_localisation_lat\":\"47.25\",\"bien_localisation_lng\":\"6.03333\",\"bien_localisation_quartier\":\"1\",\"bien_localisation_zone\":\"[\\\"47.269062786603406,5.943615472869851\\\",\\\"47.18979580598825,5.921642816619851\\\",\\\"47.23177544526016,6.150982416229226\\\",\\\"47.2895596351201,6.122143304901101\\\"]\",\"bien_description\":\"\",\"criteria_id\":[\"CRITERIA_HIPSTER\",\"CRITERIA_PRIMO\"],\"search_id_immo_facile\":null}', NULL, NULL, '100.00'),
(51, 38, 'Maison', '{\"_token\":\"pBrMD3IGg5au8qjhNCZSLiXFhxoSXbS9bbvoA7hO\",\"search_libelle\":\"Maison\",\"type_id\":[\"1\"],\"field_bien_surface_min\":\"0\",\"field_bien_surface_max\":\"280\",\"search_interieur_chambre\":\"4\",\"budget_min\":\"30000\",\"budget_max\":\"500000\",\"field_bien_finance_budget_min\":\"30000\",\"field_bien_finance_budget_max\":\"500000\",\"secteur_id\":\"1\",\"bien_localisation_cp_ville\":\"25000 Besan\\u00e7on\",\"city_id\":\"15890\",\"bien_localisation_cp\":\"25000\",\"bien_localisation_ville\":\"Besan\\u00e7on\",\"bien_localisation_lat\":\"47.25\",\"bien_localisation_lng\":\"6.03333\",\"bien_localisation_quartier\":\"6\",\"bien_localisation_zone\":\"[\\\"47.19300965857467,5.961206781933242\\\",\\\"47.2247287553405,6.112268793651992\\\",\\\"47.31232402191569,6.091669428417617\\\",\\\"47.277862334252205,5.903528559276992\\\"]\",\"bien_description\":\"\",\"criteria_id\":[\"CRITERIA_HIPSTER\",\"CRITERIA_HIPPIE\",\"CRITERIA_GENTELEMAN\",\"CRITERIA_RES_PRINCIP\"],\"search_id_immo_facile\":87895514}', NULL, NULL, '100.00'),
(52, 38, 'Appartement boucle', '{\"_token\":\"hxR9uHkFsp3loMT1m7tn23p5hbBdMWMLfBHabtbi\",\"search_libelle\":\"Appartement boucle\",\"type_id\":[\"2\"],\"field_bien_surface_min\":\"0\",\"field_bien_surface_max\":\"280\",\"search_interieur_chambre\":\"3\",\"budget_min\":\"30000\",\"budget_max\":\"500000\",\"field_bien_finance_budget_min\":\"30000\",\"field_bien_finance_budget_max\":\"500000\",\"secteur_id\":\"1\",\"bien_localisation_cp_ville\":\"\",\"city_id\":\"\",\"bien_localisation_cp\":\"\",\"bien_localisation_ville\":\"\",\"bien_localisation_lat\":\"\",\"bien_localisation_lng\":\"\",\"bien_localisation_quartier\":\"1\",\"bien_localisation_zone\":\"[\\\"47.22728221179726,6.031828894581963\\\",\\\"47.2389383141523,6.0350904607440725\\\",\\\"47.24278426532452,6.028052344288994\\\",\\\"47.239287957613584,6.019469275441338\\\",\\\"47.234625855082896,6.016551032033135\\\",\\\"47.23376114285255,6.016430854797363\\\",\\\"47.233324042577635,6.01776123046875\\\",\\\"47.23192529747055,6.01776123046875\\\",\\\"47.230237196354935,6.020687513627195\\\"]\",\"bien_description\":\"\",\"search_id_immo_facile\":87896003}', NULL, NULL, '83.33'),
(53, 39, 'Maison ', '{\"_token\":\"pTK6LlCDtJbjwTScXwtDyDbsrLWmHUuyZQPZzq0v\",\"search_libelle\":\"Maison \",\"field_bien_surface_min\":\"0\",\"field_bien_surface_max\":\"280\",\"budget_min\":\"30000\",\"budget_max\":\"500000\",\"field_bien_finance_budget_min\":\"30000\",\"field_bien_finance_budget_max\":\"500000\",\"secteur_id\":\"2\",\"bien_localisation_cp_ville\":\"25300 Pontarlier\",\"city_id\":\"16196\",\"bien_localisation_cp\":\"25300\",\"bien_localisation_ville\":\"Pontarlier\",\"bien_localisation_lat\":\"46.9\",\"bien_localisation_lng\":\"6.36667\",\"bien_localisation_quartier\":\"1\",\"bien_localisation_zone\":\"[\\\"46.917239110103154,6.339204179687499\\\",\\\"46.790608754764456,6.280823363006789\\\",\\\"46.726634017271216,6.375580443084914\\\",\\\"46.777492763768265,6.448974609375\\\",\\\"46.88736701669377,6.470337523163039\\\",\\\"46.91270201054191,6.440125120819289\\\"]\",\"bien_description\":\"\",\"search_id_immo_facile\":87896520}', NULL, NULL, '83.33'),
(54, 41, 'ef', '{\"_token\":\"6pD325bakadvLtSKU9arRFgb8g4atuEggmUvxI03\",\"search_libelle\":\"ef\",\"type_id\":[\"2\"],\"field_bien_surface_min\":\"105\",\"field_bien_surface_max\":\"250\",\"search_interieur_chambre\":\"4\",\"bien_localisation_rez_chaussee\":\"1\",\"budget_min\":\"108000\",\"budget_max\":\"440000\",\"field_bien_divers_ascenseur\":\"1\",\"field_bien_finance_budget_min\":\"108000\",\"field_bien_finance_budget_max\":\"440000\",\"secteur_id\":\"1\",\"bien_localisation_cp_ville\":\"\",\"city_id\":\"\",\"bien_localisation_cp\":\"\",\"bien_localisation_ville\":\"\",\"bien_localisation_lat\":\"\",\"bien_localisation_lng\":\"\",\"bien_localisation_quartier\":\"1\",\"bien_localisation_zone\":\"\",\"bien_description\":\"\",\"search_id_immo_facile\":87905934}', NULL, NULL, '83.33'),
(55, 42, 'Maison', '{\"_token\":\"FSrP2BBLVwiMV6s2hYbXU1pyHyntxJkzGSYef1Ya\",\"search_libelle\":\"Maison\",\"type_id\":[\"1\"],\"field_bien_surface_min\":\"0\",\"field_bien_surface_max\":\"280\",\"search_interieur_chambre\":\"3\",\"budget_min\":\"30000\",\"budget_max\":\"500000\",\"field_bien_finance_budget_min\":\"30000\",\"field_bien_finance_budget_max\":\"500000\",\"secteur_id\":\"1\",\"bien_localisation_cp_ville\":\"\",\"city_id\":\"\",\"bien_localisation_cp\":\"\",\"bien_localisation_ville\":\"\",\"bien_localisation_lat\":\"\",\"bien_localisation_lng\":\"\",\"bien_localisation_quartier\":\"1\",\"bien_localisation_zone\":\"\",\"bien_description\":\"\",\"criteria_id\":[\"CRITERIA_RES_PRINCIP\"],\"search_id_immo_facile\":87920322}', NULL, NULL, '83.33'),
(56, 42, 'Maison', '{\"_token\":\"FSrP2BBLVwiMV6s2hYbXU1pyHyntxJkzGSYef1Ya\",\"search_libelle\":\"Maison\",\"type_id\":[\"1\"],\"field_bien_surface_min\":\"0\",\"field_bien_surface_max\":\"280\",\"search_interieur_chambre\":\"3\",\"budget_min\":\"30000\",\"budget_max\":\"500000\",\"field_bien_finance_budget_min\":\"30000\",\"field_bien_finance_budget_max\":\"500000\",\"secteur_id\":\"1\",\"bien_localisation_cp_ville\":\"\",\"city_id\":\"\",\"bien_localisation_cp\":\"\",\"bien_localisation_ville\":\"\",\"bien_localisation_lat\":\"\",\"bien_localisation_lng\":\"\",\"bien_localisation_quartier\":\"1\",\"bien_localisation_zone\":\"\",\"bien_description\":\"\",\"criteria_id\":[\"CRITERIA_RES_PRINCIP\"],\"search_id_immo_facile\":87920323}', NULL, NULL, '83.33'),
(57, 11, 'test2', '{\"_token\":\"4ZV6D6X4jLyhpPv1Qbw2KBpgmk4Fbm6NC7g6UT25\",\"search_libelle\":\"test2\",\"type_id\":[\"2\"],\"field_bien_surface_min\":\"20\",\"field_bien_surface_max\":\"280\",\"search_interieur_chambre\":\"2\",\"bien_localisation_rez_chaussee\":\"1\",\"budget_min\":\"30000\",\"budget_max\":\"500000\",\"field_bien_divers_balcon_terrasse\":\"1\",\"field_bien_finance_budget_min\":\"30000\",\"field_bien_finance_budget_max\":\"500000\",\"secteur_id\":\"1\",\"bien_localisation_cp_ville\":\"\",\"city_id\":\"\",\"bien_localisation_cp\":\"\",\"bien_localisation_ville\":\"\",\"bien_localisation_lat\":\"\",\"bien_localisation_lng\":\"\",\"bien_localisation_quartier\":\"1\",\"bien_localisation_zone\":\"\",\"bien_description\":\"\",\"criteria_id\":[\"CRITERIA_HIPSTER\",\"CRITERIA_INVST_BAILLEUR\"],\"search_id_immo_facile\":null}', NULL, NULL, '83.33'),
(58, 11, 'test3', '{\"_token\":\"rdY23wrguyZTa0p9EtUXep2h4LEq7PgsF9RQ3nNZ\",\"search_libelle\":\"test3\",\"type_id\":[\"2\"],\"field_bien_surface_min\":\"30\",\"field_bien_surface_max\":\"230\",\"search_interieur_chambre\":\"3\",\"budget_min\":\"144000\",\"budget_max\":\"422000\",\"field_bien_divers_travaux\":\"1\",\"field_bien_finance_budget_min\":\"144000\",\"field_bien_finance_budget_max\":\"422000\",\"secteur_id\":\"2\",\"bien_localisation_cp_ville\":\"\",\"city_id\":\"\",\"bien_localisation_cp\":\"\",\"bien_localisation_ville\":\"\",\"bien_localisation_lat\":\"\",\"bien_localisation_lng\":\"\",\"bien_localisation_quartier\":\"1\",\"bien_localisation_zone\":\"\",\"bien_description\":\"reste\",\"criteria_id\":[\"CRITERIA_HIPSTER\",\"CRITERIA_PRIMO\"],\"search_id_immo_facile\":null}', NULL, NULL, '83.33'),
(59, 11, 'po', '{\"_token\":\"9O7sqvNpWQZoA7Qf7mvlzdJM5Op82qZkDOt5oJy6\",\"search_libelle\":\"po\",\"field_bien_surface_min\":\"0\",\"field_bien_surface_max\":\"280\",\"budget_min\":\"30000\",\"budget_max\":\"500000\",\"field_bien_finance_budget_min\":\"30000\",\"field_bien_finance_budget_max\":\"500000\",\"secteur_id\":\"1\",\"bien_localisation_cp_ville\":\"\",\"city_id\":\"\",\"bien_localisation_cp\":\"\",\"bien_localisation_ville\":\"\",\"bien_localisation_lat\":\"\",\"bien_localisation_lng\":\"\",\"bien_localisation_quartier\":\"1\",\"bien_localisation_zone\":\"[\\\"47.235059602954564,6.21069513566249\\\",\\\"47.18001626412601,6.126924383709365\\\",\\\"47.11089810053867,6.242280829021865\\\",\\\"47.13239039857378,6.483980047771865\\\",\\\"47.254637516861536,6.47711359269374\\\"]\",\"bien_description\":\"\",\"search_id_immo_facile\":null}', NULL, NULL, '66.67'),
(60, 11, 'pop', '{\"_token\":\"oJKifMUIKVhaw7nk2yOHYKGSTaV5jxEBUKp0y2CJ\",\"search_libelle\":\"pop\",\"type_id\":[\"2\"],\"field_bien_surface_min\":\"50\",\"field_bien_surface_max\":\"280\",\"search_interieur_chambre\":\"3\",\"bien_localisation_rez_chaussee\":\"1\",\"budget_min\":\"46000\",\"budget_max\":\"500000\",\"field_bien_finance_budget_min\":\"46000\",\"field_bien_finance_budget_max\":\"500000\",\"secteur_id\":\"1\",\"bien_localisation_cp_ville\":\"\",\"city_id\":\"\",\"bien_localisation_cp\":\"\",\"bien_localisation_ville\":\"\",\"bien_localisation_lat\":\"\",\"bien_localisation_lng\":\"\",\"bien_localisation_quartier\":\"1\",\"bien_localisation_zone\":\"[\\\"47.22956111790523,6.0255234719013515\\\",\\\"47.23247525854427,6.015738773415023\\\",\\\"47.24226559742251,6.016253757545883\\\",\\\"47.238885803931,6.039428043434555\\\"]\",\"bien_description\":\"\",\"criteria_id\":[\"CRITERIA_HIPPIE\",\"CRITERIA_INVEST\"],\"search_id_immo_facile\":null}', NULL, NULL, '83.33'),
(61, 31, 'Recherche Maison', '{\"_token\":\"ssbdj1W1ru4MplbooE8L1vDRe91jayh0mGrujCxU\",\"search_id\":\"61\",\"type_id\":[\"1\"],\"surface_min\":\"0\",\"surface_max\":\"280\",\"budget_min\":\"30000\",\"budget_max\":\"500000\",\"bien_localisation_zone\":\"[\\\"47.257166792950024,6.01819835908168\\\",\\\"47.22826489992097,5.97425304658168\\\",\\\"47.22266916388411,6.016825068066055\\\",\\\"47.25343840242224,6.06214367158168\\\"]\",\"bien_localisation_lat\":\"\",\"bien_localisation_lng\":\"\",\"field_bien_surface_min\":\"0\",\"field_bien_surface_max\":\"280\",\"field_bien_finance_budget_min\":\"30000\",\"field_bien_finance_budget_max\":\"500000\",\"search_libelle\":\"Recherche Maison\",\"search_id_immo_facile\":null}', NULL, NULL, '83.33'),
(62, 44, 'Saône maison', '{\"_token\":\"Oh306luweRl5um99K5sn3kqoXJbMgjzxRQ3lKSA2\",\"search_id\":\"62\",\"type_id\":[\"1\"],\"surface_min\":\"120\",\"surface_max\":\"280\",\"field_bien_interieur_chambre\":[\"4\"],\"field_bien_localisation_plain_pied\":\"1\",\"budget_min\":\"30000\",\"budget_max\":\"256000\",\"field_secteur_id\":[\"3\",\"4\"],\"bien_localisation_zone\":\"[\\\"47.219948782080955,6.152330267498428\\\",\\\"47.22927515922215,6.111131537029678\\\",\\\"47.21528497819643,6.074052679607803\\\",\\\"47.135937544898596,6.091905462810928\\\",\\\"47.07050356528828,6.013627874920303\\\",\\\"47.01716219749631,6.083665716717178\\\",\\\"46.938456642288656,6.146837103435928\\\",\\\"46.98719278903388,6.329484808514053\\\",\\\"46.94126954989527,6.315751898357803\\\",\\\"47.24232933068111,6.572557318279678\\\",\\\"47.198726221595265,6.2361170920372615\\\",\\\"47.22671162875089,6.2223841818810115\\\"]\",\"bien_localisation_lat\":\"\",\"bien_localisation_lng\":\"\",\"field_bien_surface_min\":\"120\",\"field_bien_surface_max\":\"280\",\"field_bien_finance_budget_min\":\"30000\",\"field_bien_finance_budget_max\":\"256000\",\"search_libelle\":\"Sa\\u00f4ne maison\",\"search_id_immo_facile\":88379589}', NULL, NULL, '83.33'),
(63, 44, 'Haut-doubs', '{\"_token\":\"Oh306luweRl5um99K5sn3kqoXJbMgjzxRQ3lKSA2\",\"search_libelle\":\"Haut-doubs\",\"field_bien_surface_min\":\"0\",\"field_bien_surface_max\":\"280\",\"budget_min\":\"30000\",\"budget_max\":\"500000\",\"field_bien_finance_budget_min\":\"30000\",\"field_bien_finance_budget_max\":\"500000\",\"field_secteur_id\":[\"3\"],\"bien_localisation_zone\":\"\",\"bien_description\":\"\",\"search_id_immo_facile\":88379711}', NULL, NULL, '66.67'),
(64, 44, 'maison autres secteurs', '{\"_token\":\"Oh306luweRl5um99K5sn3kqoXJbMgjzxRQ3lKSA2\",\"search_libelle\":\"maison autres secteurs\",\"type_id\":[\"1\"],\"field_bien_surface_min\":\"0\",\"field_bien_surface_max\":\"280\",\"budget_min\":\"30000\",\"budget_max\":\"500000\",\"field_bien_finance_budget_min\":\"30000\",\"field_bien_finance_budget_max\":\"500000\",\"field_secteur_id\":[\"4\"],\"bien_localisation_zone\":\"\",\"bien_description\":\"\",\"search_id_immo_facile\":88379732}', NULL, NULL, '83.33'),
(65, 44, 'test', '{\"_token\":\"Oh306luweRl5um99K5sn3kqoXJbMgjzxRQ3lKSA2\",\"search_libelle\":\"test\",\"type_id\":[\"2\"],\"field_bien_surface_min\":\"0\",\"field_bien_surface_max\":\"280\",\"budget_min\":\"30000\",\"budget_max\":\"500000\",\"field_bien_finance_budget_min\":\"30000\",\"field_bien_finance_budget_max\":\"500000\",\"bien_localisation_zone\":\"[\\\"47.19009334855383,6.214128363201553\\\",\\\"47.23207275240612,6.374803412029678\\\",\\\"47.272155361183266,6.336351263592178\\\"]\",\"bien_description\":\"\",\"search_id_immo_facile\":88380086}', NULL, NULL, '83.33'),
(66, 50, 'Terrain à Morteau', '{\"_token\":\"5kN9PmdlIar5dwOalS1deyrcZr6iQc9XkDBzrkqy\",\"search_libelle\":\"Terrain \\u00e0 Morteau\",\"type_id\":[\"3\"],\"field_bien_surface_min\":\"0\",\"field_bien_surface_max\":\"280\",\"budget_min\":\"30000\",\"budget_max\":\"500000\",\"field_bien_finance_budget_min\":\"30000\",\"field_bien_finance_budget_max\":\"500000\",\"bien_localisation_zone\":\"[\\\"47.097799946966155,6.574491038390306\\\",\\\"47.05384309271847,6.497586741515306\\\",\\\"47.01359548335616,6.563504710265306\\\",\\\"47.05290744654145,6.658261790343431\\\"]\",\"bien_description\":\"Un terrain \\u00e0 Morteau pour construire une maison avec du terrain.\",\"criteria_id\":[\"CRITERIA_PRIMO\"],\"search_id_immo_facile\":88453290}', NULL, NULL, '83.33'),
(67, 3479, 'Maison', '{\"_token\":\"LL23xJLGyHmYmADaFqUWYGs8N7PiAINWSxlcn9D0\",\"search_libelle\":\"Maison\",\"type_id\":[\"1\"],\"field_bien_surface_min\":\"110\",\"field_bien_surface_max\":\"280\",\"budget_min\":\"30000\",\"budget_max\":\"500000\",\"field_bien_finance_budget_min\":\"30000\",\"field_bien_finance_budget_max\":\"500000\",\"field_secteur_id\":[\"2\"],\"bien_localisation_zone\":\"\",\"bien_description\":\"Dans l\'ancien\",\"criteria_id\":[\"CRITERIA_RES_PRINCIP\"],\"search_id_immo_facile\":88978847}', NULL, NULL, '83.33'),
(68, 3481, 'Maison Besançon', '{\"_token\":\"qWHk6aE6CWuD5wvv57WG2pmRJw6ckVkvylLMOBG8\",\"search_libelle\":\"Maison Besan\\u00e7on\",\"type_id\":[\"1\"],\"field_bien_surface_min\":\"0\",\"field_bien_surface_max\":\"280\",\"search_interieur_chambre\":\"3\",\"budget_min\":\"250000\",\"budget_max\":\"380000\",\"field_bien_divers_balcon_terrasse\":\"1\",\"field_bien_divers_parking_garage\":\"1\",\"field_bien_divers_travaux\":\"1\",\"field_bien_finance_budget_min\":\"250000\",\"field_bien_finance_budget_max\":\"380000\",\"field_secteur_id\":[\"1\",\"2\"],\"bien_localisation_zone\":\"\",\"bien_description\":\"Nous cherchons le coup de coeur, peu de travaux (hors rafraichissement), avec une chambre ou un studio permettant d\'accueillir ma famille alsacienne lorsqu\'ils viennent passer un we, en toute intimit\\u00e9. \\r\\nId\\u00e9alement petit bout de terrain et ext\\u00e9rieur associ\\u00e9. \\r\\nVis \\u00e0 vis au minumum!\\r\\nEt de la luminosit\\u00e9!\",\"criteria_id\":[\"CRITERIA_PRIMO\",\"CRITERIA_RES_PRINCIP\"],\"search_id_immo_facile\":89026215}', NULL, NULL, '83.33'),
(69, 3414, 'recherche', '{\"_token\":\"2QoFip2s7SnZgF3lWd7eHCLrqGOnXHIxdBz5Pyo1\",\"search_libelle\":\"recherche\",\"type_id\":[\"1\",\"2\"],\"field_bien_surface_min\":\"0\",\"field_bien_surface_max\":\"280\",\"budget_min\":\"60000\",\"budget_max\":\"260000\",\"field_bien_finance_budget_min\":\"60000\",\"field_bien_finance_budget_max\":\"260000\",\"bien_localisation_zone\":\"[\\\"47.23289257370324,6.011875496617677\\\",\\\"47.24338207067503,6.016510353795411\\\",\\\"47.24524665273706,6.037453041783692\\\",\\\"47.230444725609416,6.041057930699708\\\",\\\"47.2291624743432,6.035393105260255\\\",\\\"47.224558857233376,6.020801888219239\\\"]\",\"bien_description\":\"\",\"search_id_immo_facile\":89263730}', NULL, NULL, '83.33'),
(70, 3414, 'recherche', '{\"_token\":\"2QoFip2s7SnZgF3lWd7eHCLrqGOnXHIxdBz5Pyo1\",\"search_libelle\":\"recherche\",\"type_id\":[\"1\",\"2\"],\"field_bien_surface_min\":\"0\",\"field_bien_surface_max\":\"280\",\"budget_min\":\"60000\",\"budget_max\":\"260000\",\"field_bien_finance_budget_min\":\"60000\",\"field_bien_finance_budget_max\":\"260000\",\"bien_localisation_zone\":\"[\\\"47.23289257370324,6.011875496617677\\\",\\\"47.24338207067503,6.016510353795411\\\",\\\"47.24524665273706,6.037453041783692\\\",\\\"47.230444725609416,6.041057930699708\\\",\\\"47.2291624743432,6.035393105260255\\\",\\\"47.224558857233376,6.020801888219239\\\"]\",\"bien_description\":\"\",\"search_id_immo_facile\":89263731}', NULL, NULL, '83.33'),
(71, 3414, 'recherche', '{\"_token\":\"2QoFip2s7SnZgF3lWd7eHCLrqGOnXHIxdBz5Pyo1\",\"search_libelle\":\"recherche\",\"type_id\":[\"1\",\"2\"],\"field_bien_surface_min\":\"0\",\"field_bien_surface_max\":\"280\",\"budget_min\":\"60000\",\"budget_max\":\"260000\",\"field_bien_finance_budget_min\":\"60000\",\"field_bien_finance_budget_max\":\"260000\",\"bien_localisation_zone\":\"[\\\"47.23289257370324,6.011875496617677\\\",\\\"47.24338207067503,6.016510353795411\\\",\\\"47.24524665273706,6.037453041783692\\\",\\\"47.230444725609416,6.041057930699708\\\",\\\"47.2291624743432,6.035393105260255\\\",\\\"47.224558857233376,6.020801888219239\\\"]\",\"bien_description\":\"\",\"search_id_immo_facile\":89263733}', NULL, NULL, '83.33'),
(72, 3414, 'recherche', '{\"_token\":\"2QoFip2s7SnZgF3lWd7eHCLrqGOnXHIxdBz5Pyo1\",\"search_libelle\":\"recherche\",\"type_id\":[\"1\",\"2\"],\"field_bien_surface_min\":\"0\",\"field_bien_surface_max\":\"280\",\"budget_min\":\"60000\",\"budget_max\":\"260000\",\"field_bien_finance_budget_min\":\"60000\",\"field_bien_finance_budget_max\":\"260000\",\"bien_localisation_zone\":\"[\\\"47.23289257370324,6.011875496617677\\\",\\\"47.24338207067503,6.016510353795411\\\",\\\"47.24524665273706,6.037453041783692\\\",\\\"47.230444725609416,6.041057930699708\\\",\\\"47.2291624743432,6.035393105260255\\\",\\\"47.224558857233376,6.020801888219239\\\"]\",\"bien_description\":\"\",\"search_id_immo_facile\":89263734}', NULL, NULL, '83.33'),
(73, 3414, 'Besac', '{\"_token\":\"2QoFip2s7SnZgF3lWd7eHCLrqGOnXHIxdBz5Pyo1\",\"search_libelle\":\"Besac\",\"type_id\":[\"1\",\"2\"],\"field_bien_surface_min\":\"0\",\"field_bien_surface_max\":\"280\",\"budget_min\":\"60000\",\"budget_max\":\"260000\",\"field_bien_finance_budget_min\":\"60000\",\"field_bien_finance_budget_max\":\"260000\",\"bien_localisation_zone\":\"[\\\"47.23289257370324,6.011875496617677\\\",\\\"47.24338207067503,6.016510353795411\\\",\\\"47.24524665273706,6.037453041783692\\\",\\\"47.230444725609416,6.041057930699708\\\",\\\"47.2291624743432,6.035393105260255\\\",\\\"47.224558857233376,6.020801888219239\\\"]\",\"bien_description\":\"\",\"criteria_id\":[\"CRITERIA_HIPSTER\",\"CRITERIA_HIPPIE\",\"CRITERIA_GENTELEMAN\",\"CRITERIA_SLOW\",\"CRITERIA_FAMILYLOVE\",\"CRITERIA_HOMESTAG\",\"CRITERIA_PRIMO\",\"CRITERIA_RES_PRINCIP\"],\"search_id_immo_facile\":89263735,\"bien_localisation_cp_ville\":\"\",\"city_id\":\"\",\"bien_localisation_cp\":\"\",\"bien_localisation_ville\":\"\",\"bien_localisation_lat\":\"\",\"bien_localisation_lng\":\"\"}', NULL, NULL, '83.33'),
(74, 3483, 'Maison', '{\"_token\":\"WnhwAXZsjes0dE0ar4kJSN51SmrOikQVt2rxjlDU\",\"search_libelle\":\"Maison\",\"type_id\":[\"1\"],\"field_bien_surface_min\":\"0\",\"field_bien_surface_max\":\"280\",\"search_interieur_chambre\":\"3\",\"budget_min\":\"30000\",\"budget_max\":\"252000\",\"field_bien_finance_budget_min\":\"30000\",\"field_bien_finance_budget_max\":\"252000\",\"field_secteur_id\":[\"5\"],\"bien_localisation_zone\":\"\",\"bien_description\":\"maison, jardin, faible taxe, pas de copropri\\u00e9t\\u00e9\",\"criteria_id\":[\"CRITERIA_FAMILYLOVE\",\"CRITERIA_RES_PRINCIP\"],\"search_id_immo_facile\":89282869}', NULL, NULL, '83.33'),
(75, 3487, 'maison', '{\"_token\":\"rUsThhgtJrQATnwZ8xPGnsGrjApboCSnZP1o2CmR\",\"search_libelle\":\"maison\",\"type_id\":[\"1\",\"2\"],\"field_bien_surface_min\":\"100\",\"field_bien_surface_max\":\"280\",\"search_interieur_chambre\":\"3\",\"budget_min\":\"30000\",\"budget_max\":\"310000\",\"field_bien_finance_budget_min\":\"30000\",\"field_bien_finance_budget_max\":\"310000\",\"field_secteur_id\":[\"5\"],\"bien_localisation_zone\":\"\",\"bien_description\":\"\",\"search_id_immo_facile\":89844757}', NULL, NULL, '83.33'),
(76, 2139, 'centre ville', '{\"_token\":\"N90CJnJo7oqYSd5bYc3N0Yd6rsqVHih8emfa863a\",\"search_libelle\":\"centre ville\",\"type_id\":[\"2\"],\"field_bien_surface_min\":\"45\",\"field_bien_surface_max\":\"60\",\"search_interieur_chambre\":\"1\",\"budget_min\":\"30000\",\"budget_max\":\"100000\",\"field_bien_finance_budget_min\":\"30000\",\"field_bien_finance_budget_max\":\"100000\",\"field_secteur_id\":[\"5\"],\"bien_localisation_zone\":\"\",\"bien_description\":\"au centre-ville\\r\\nbattant\\r\\nbalcon\\r\\ncuisine spacieuse\",\"criteria_id\":[\"CRITERIA_HIPSTER\",\"CRITERIA_RES_PRINCIP\"],\"search_id_immo_facile\":90684906}', NULL, NULL, '83.33'),
(77, 3663, 'Apparemment Besançon ', '{\"_token\":\"v9dQCH0RYD3BvY1aCrNN8pDshDOD4kaq6D64pESm\",\"search_id\":\"77\",\"type_id\":[\"1\",\"2\"],\"surface_min\":\"80\",\"surface_max\":\"150\",\"field_bien_interieur_chambre\":[\"2\"],\"budget_min\":\"30000\",\"budget_max\":\"170000\",\"field_quartier_id\":[\"5\"],\"bien_localisation_zone\":\"\",\"bien_localisation_lat\":\"\",\"bien_localisation_lng\":\"\",\"field_bien_surface_min\":\"80\",\"field_bien_surface_max\":\"150\",\"field_bien_finance_budget_min\":\"30000\",\"field_bien_finance_budget_max\":\"170000\",\"search_libelle\":\"Apparemment Besan\\u00e7on \",\"search_id_immo_facile\":90896431}', NULL, NULL, '83.33'),
(78, 4568, 'appartement', '{\"_token\":\"jIj4QkHzzDK8gnLLgQfINLQAErjEo2pyshU0Va0m\",\"search_id\":\"78\",\"type_id\":[\"2\"],\"surface_min\":\"100\",\"surface_max\":\"110\",\"field_bien_localisation_dernier_etage\":\"1\",\"budget_min\":\"250000\",\"budget_max\":\"300000\",\"field_quartier_id\":[\"3\"],\"bien_localisation_zone\":\"\",\"bien_localisation_lat\":\"\",\"bien_localisation_lng\":\"\",\"field_bien_divers_ascenseur\":\"1\",\"field_bien_surface_min\":\"100\",\"field_bien_surface_max\":\"110\",\"field_bien_finance_budget_min\":\"250000\",\"field_bien_finance_budget_max\":\"300000\",\"search_libelle\":\"appartement\",\"search_id_immo_facile\":91378700}', NULL, NULL, '83.33'),
(79, 4568, 'achat', '{\"_token\":\"auDJSlyCexaylUySJWdIRbSR7rOdS7b2fZyySYWG\",\"search_libelle\":\"achat\",\"type_id\":[\"2\"],\"field_bien_surface_min\":\"90\",\"field_bien_surface_max\":\"120\",\"search_interieur_chambre\":\"3\",\"budget_min\":\"220000\",\"budget_max\":\"300000\",\"field_bien_divers_parking_garage\":\"1\",\"field_bien_divers_ascenseur\":\"1\",\"field_bien_finance_budget_min\":\"220000\",\"field_bien_finance_budget_max\":\"300000\",\"field_secteur_id\":[\"3\"],\"bien_localisation_zone\":\"\",\"bien_description\":\"\",\"criteria_id\":[\"CRITERIA_SLOW\",\"CRITERIA_RES_PRINCIP\"],\"search_id_immo_facile\":91379552}', NULL, NULL, '83.33'),
(80, 4587, 'appartement T3', '{\"_token\":\"dBtmqFjFCD1r6UE8wo4M2j5Q6zrEJDPl6LYJz3lh\",\"search_libelle\":\"appartement T3\",\"type_id\":[\"2\"],\"field_bien_surface_min\":\"45\",\"field_bien_surface_max\":\"65\",\"search_interieur_chambre\":\"2\",\"budget_min\":\"100000\",\"budget_max\":\"135000\",\"field_bien_divers_balcon_terrasse\":\"1\",\"field_bien_divers_travaux\":\"1\",\"field_bien_finance_budget_min\":\"100000\",\"field_bien_finance_budget_max\":\"135000\",\"field_secteur_id\":[\"3\"],\"bien_localisation_zone\":\"\",\"bien_description\":\"\",\"criteria_id\":[\"CRITERIA_SLOW\",\"CRITERIA_PRIMO\"],\"search_id_immo_facile\":91446273}', NULL, NULL, '83.33'),
(81, 4587, 'appartement T3', '{\"_token\":\"dBtmqFjFCD1r6UE8wo4M2j5Q6zrEJDPl6LYJz3lh\",\"search_libelle\":\"appartement T3\",\"type_id\":[\"2\"],\"field_bien_surface_min\":\"45\",\"field_bien_surface_max\":\"65\",\"search_interieur_chambre\":\"2\",\"budget_min\":\"100000\",\"budget_max\":\"135000\",\"field_bien_divers_balcon_terrasse\":\"1\",\"field_bien_divers_travaux\":\"1\",\"field_bien_finance_budget_min\":\"100000\",\"field_bien_finance_budget_max\":\"135000\",\"bien_localisation_zone\":\"[\\\"46.48908755547099,6.353968012401992\\\",\\\"46.90092145099997,6.36701427705043\\\",\\\"46.89435282541037,6.35602794892543\\\",\\\"46.90092145099997,6.395853388378555\\\",\\\"46.90373632992779,6.354654657909805\\\"]\",\"bien_description\":\"\",\"criteria_id\":[\"CRITERIA_SLOW\",\"CRITERIA_PRIMO\"],\"search_id_immo_facile\":91446275}', NULL, NULL, '83.33'),
(82, 4594, 'Recherche 25370', '{\"_token\":\"efG0pR1XMhh9r8jBm6G612UtZSTlKIoORxg5uN5d\",\"search_libelle\":\"Recherche 25370\",\"type_id\":[\"1\",\"2\"],\"field_bien_surface_min\":\"0\",\"field_bien_surface_max\":\"280\",\"search_interieur_chambre\":\"1\",\"bien_localisation_rez_chaussee\":\"1\",\"bien_localisation_plain_pied\":\"1\",\"budget_min\":\"30000\",\"budget_max\":\"500000\",\"field_bien_finance_budget_min\":\"30000\",\"field_bien_finance_budget_max\":\"500000\",\"bien_localisation_zone\":\"[\\\"46.74916188269701,6.395305183506252\\\",\\\"46.7779043490616,6.348051366186382\\\",\\\"46.813807733918495,6.41595778329247\\\",\\\"46.77910555201003,6.466666893718525\\\"]\",\"bien_description\":\"\",\"criteria_id\":[\"CRITERIA_GENTELEMAN\",\"CRITERIA_RES_PRINCIP\"],\"search_id_immo_facile\":91446852}', NULL, NULL, '83.33'),
(83, 4594, 'Recherche 25370', '{\"_token\":\"efG0pR1XMhh9r8jBm6G612UtZSTlKIoORxg5uN5d\",\"search_libelle\":\"Recherche 25370\",\"type_id\":[\"1\",\"2\"],\"field_bien_surface_min\":\"0\",\"field_bien_surface_max\":\"280\",\"search_interieur_chambre\":\"1\",\"bien_localisation_rez_chaussee\":\"1\",\"bien_localisation_plain_pied\":\"1\",\"budget_min\":\"30000\",\"budget_max\":\"500000\",\"field_bien_finance_budget_min\":\"30000\",\"field_bien_finance_budget_max\":\"500000\",\"bien_localisation_zone\":\"[\\\"46.74916188269701,6.395305183506252\\\",\\\"46.7779043490616,6.348051366186382\\\",\\\"46.813807733918495,6.41595778329247\\\",\\\"46.77910555201003,6.466666893718525\\\"]\",\"bien_description\":\"\",\"criteria_id\":[\"CRITERIA_GENTELEMAN\",\"CRITERIA_RES_PRINCIP\"],\"search_id_immo_facile\":91446853}', NULL, NULL, '83.33'),
(84, 4594, 'Recherche 25370', '{\"_token\":\"efG0pR1XMhh9r8jBm6G612UtZSTlKIoORxg5uN5d\",\"search_libelle\":\"Recherche 25370\",\"type_id\":[\"1\",\"2\"],\"field_bien_surface_min\":\"0\",\"field_bien_surface_max\":\"280\",\"search_interieur_chambre\":\"1\",\"bien_localisation_rez_chaussee\":\"1\",\"bien_localisation_plain_pied\":\"1\",\"budget_min\":\"30000\",\"budget_max\":\"500000\",\"field_bien_finance_budget_min\":\"30000\",\"field_bien_finance_budget_max\":\"500000\",\"bien_localisation_zone\":\"[\\\"46.74916188269701,6.395305183506252\\\",\\\"46.7779043490616,6.348051366186382\\\",\\\"46.813807733918495,6.41595778329247\\\",\\\"46.77910555201003,6.466666893718525\\\"]\",\"bien_description\":\"\",\"criteria_id\":[\"CRITERIA_GENTELEMAN\",\"CRITERIA_RES_PRINCIP\"],\"search_id_immo_facile\":91446854}', NULL, NULL, '83.33'),
(85, 4594, 'Recherche 25370', '{\"_token\":\"efG0pR1XMhh9r8jBm6G612UtZSTlKIoORxg5uN5d\",\"search_libelle\":\"Recherche 25370\",\"type_id\":[\"1\",\"2\"],\"field_bien_surface_min\":\"0\",\"field_bien_surface_max\":\"280\",\"search_interieur_chambre\":\"1\",\"bien_localisation_rez_chaussee\":\"1\",\"bien_localisation_plain_pied\":\"1\",\"budget_min\":\"30000\",\"budget_max\":\"500000\",\"field_bien_finance_budget_min\":\"30000\",\"field_bien_finance_budget_max\":\"500000\",\"bien_localisation_zone\":\"[\\\"46.74916188269701,6.395305183506252\\\",\\\"46.7779043490616,6.348051366186382\\\",\\\"46.813807733918495,6.41595778329247\\\",\\\"46.77910555201003,6.466666893718525\\\"]\",\"bien_description\":\"\",\"criteria_id\":[\"CRITERIA_GENTELEMAN\",\"CRITERIA_RES_PRINCIP\"],\"search_id_immo_facile\":91446865}', NULL, NULL, '83.33'),
(86, 4594, 'Recherche 25370', '{\"_token\":\"efG0pR1XMhh9r8jBm6G612UtZSTlKIoORxg5uN5d\",\"search_libelle\":\"Recherche 25370\",\"type_id\":[\"1\",\"2\"],\"field_bien_surface_min\":\"0\",\"field_bien_surface_max\":\"280\",\"search_interieur_chambre\":\"1\",\"bien_localisation_rez_chaussee\":\"1\",\"bien_localisation_plain_pied\":\"1\",\"budget_min\":\"30000\",\"budget_max\":\"500000\",\"field_bien_finance_budget_min\":\"30000\",\"field_bien_finance_budget_max\":\"500000\",\"bien_localisation_zone\":\"[\\\"46.73139400599146,6.369475510692837\\\",\\\"46.78410566452725,6.314014133787396\\\",\\\"46.82246660789934,6.414509390424428\\\",\\\"46.77910555201003,6.466666893718525\\\"]\",\"bien_description\":\"\",\"criteria_id\":[\"CRITERIA_GENTELEMAN\",\"CRITERIA_RES_PRINCIP\"],\"search_id_immo_facile\":91446866}', NULL, NULL, '83.33'),
(87, 4600, 'Boujailles ', '{\"_token\":\"a3iI0U3KB6J2G4b5Prz5tKkyFZ9n89NXwWHD5Frk\",\"search_libelle\":\"Boujailles \",\"type_id\":[\"1\"],\"field_bien_surface_min\":\"0\",\"field_bien_surface_max\":\"280\",\"budget_min\":\"30000\",\"budget_max\":\"500000\",\"field_bien_finance_budget_min\":\"30000\",\"field_bien_finance_budget_max\":\"500000\",\"bien_localisation_zone\":\"\",\"bien_description\":\"\",\"search_id_immo_facile\":91459641}', NULL, NULL, '83.33'),
(88, 4600, 'Boujailles ', '{\"_token\":\"a3iI0U3KB6J2G4b5Prz5tKkyFZ9n89NXwWHD5Frk\",\"search_libelle\":\"Boujailles \",\"type_id\":[\"1\"],\"field_bien_surface_min\":\"0\",\"field_bien_surface_max\":\"280\",\"budget_min\":\"30000\",\"budget_max\":\"500000\",\"field_bien_finance_budget_min\":\"30000\",\"field_bien_finance_budget_max\":\"500000\",\"bien_localisation_zone\":\"\",\"bien_description\":\"\",\"criteria_id\":[\"CRITERIA_GENTELEMAN\",\"CRITERIA_FAMILYLOVE\",\"CRITERIA_RES_PRINCIP\"],\"search_id_immo_facile\":91459645}', NULL, NULL, '83.33'),
(89, 4607, 'appartement en centre ville avec 2 chambres minimum', '{\"_token\":\"Wjo8v8gMevRHmvSue74oJO8xdhHet18V2FKOlgeF\",\"search_libelle\":\"appartement en centre ville avec 2 chambres minimum\",\"type_id\":[\"2\"],\"field_bien_surface_min\":\"0\",\"field_bien_surface_max\":\"280\",\"search_interieur_chambre\":\"2\",\"budget_min\":\"130000\",\"budget_max\":\"200000\",\"field_bien_divers_travaux\":\"1\",\"field_bien_finance_budget_min\":\"130000\",\"field_bien_finance_budget_max\":\"200000\",\"field_secteur_id\":[\"5\"],\"bien_localisation_zone\":\"\",\"bien_description\":\"\",\"search_id_immo_facile\":91475699}', NULL, NULL, '83.33'),
(90, 4607, 'F3', '{\"_token\":\"Wjo8v8gMevRHmvSue74oJO8xdhHet18V2FKOlgeF\",\"search_libelle\":\"F3\",\"type_id\":[\"2\"],\"field_bien_surface_min\":\"0\",\"field_bien_surface_max\":\"280\",\"search_interieur_chambre\":\"2\",\"budget_min\":\"130000\",\"budget_max\":\"200000\",\"field_bien_divers_travaux\":\"1\",\"field_bien_finance_budget_min\":\"130000\",\"field_bien_finance_budget_max\":\"200000\",\"field_secteur_id\":[\"5\"],\"bien_localisation_zone\":\"\",\"bien_description\":\"\",\"search_id_immo_facile\":91475703}', NULL, NULL, '83.33'),
(91, 4607, 'Appartement', '{\"_token\":\"Wjo8v8gMevRHmvSue74oJO8xdhHet18V2FKOlgeF\",\"search_libelle\":\"Appartement\",\"type_id\":[\"2\"],\"field_bien_surface_min\":\"0\",\"field_bien_surface_max\":\"280\",\"search_interieur_chambre\":\"2\",\"budget_min\":\"130000\",\"budget_max\":\"200000\",\"field_bien_divers_travaux\":\"1\",\"field_bien_finance_budget_min\":\"130000\",\"field_bien_finance_budget_max\":\"200000\",\"field_secteur_id\":[\"5\"],\"bien_localisation_zone\":\"\",\"bien_description\":\"\",\"search_id_immo_facile\":91475708}', NULL, NULL, '83.33'),
(92, 4607, 'Appartement en centre ville avec 2 chambres minimum', '{\"_token\":\"Wjo8v8gMevRHmvSue74oJO8xdhHet18V2FKOlgeF\",\"search_libelle\":\"Appartement en centre ville avec 2 chambres minimum\",\"type_id\":[\"2\"],\"field_bien_surface_min\":\"75\",\"field_bien_surface_max\":\"120\",\"search_interieur_chambre\":\"2\",\"budget_min\":\"130000\",\"budget_max\":\"200000\",\"field_bien_finance_budget_min\":\"130000\",\"field_bien_finance_budget_max\":\"200000\",\"field_secteur_id\":[\"5\"],\"bien_localisation_zone\":\"\",\"bien_description\":\"\",\"search_id_immo_facile\":91475716}', NULL, NULL, '83.33'),
(93, 4623, 'F2 BOUCLE', '{\"_token\":\"nHz08reN64wdqpffVN17FV8jXFFliur4oXdHrEkU\",\"search_libelle\":\"F2 BOUCLE\",\"type_id\":[\"2\"],\"field_bien_surface_min\":\"30\",\"field_bien_surface_max\":\"80\",\"search_interieur_chambre\":\"1\",\"budget_min\":\"50000\",\"budget_max\":\"80000\",\"field_bien_divers_balcon_terrasse\":\"1\",\"field_bien_divers_parking_garage\":\"1\",\"field_bien_finance_budget_min\":\"50000\",\"field_bien_finance_budget_max\":\"80000\",\"bien_localisation_zone\":\"[\\\"47.2590029583867,6.013906824657852\\\",\\\"47.25690584374003,6.0808547616695705\\\",\\\"47.20771635479995,6.081884729931289\\\",\\\"47.21984312231584,5.962065088818008\\\"]\",\"bien_description\":\"\",\"criteria_id\":[\"CRITERIA_FAMILYLOVE\",\"CRITERIA_INVST_BAILLEUR\"],\"search_id_immo_facile\":91499948}', NULL, NULL, '83.33'),
(94, 4623, 'F2 BOUCLE', '{\"_token\":\"nHz08reN64wdqpffVN17FV8jXFFliur4oXdHrEkU\",\"search_libelle\":\"F2 BOUCLE\",\"type_id\":[\"2\"],\"field_bien_surface_min\":\"0\",\"field_bien_surface_max\":\"280\",\"search_interieur_chambre\":\"1\",\"budget_min\":\"30000\",\"budget_max\":\"500000\",\"field_bien_divers_balcon_terrasse\":\"1\",\"field_bien_divers_parking_garage\":\"1\",\"field_bien_finance_budget_min\":\"30000\",\"field_bien_finance_budget_max\":\"500000\",\"field_secteur_id\":[\"5\"],\"bien_localisation_zone\":\"\",\"bien_description\":\"\",\"criteria_id\":[\"CRITERIA_FAMILYLOVE\",\"CRITERIA_INVST_BAILLEUR\"],\"search_id_immo_facile\":91499949}', NULL, NULL, '83.33'),
(95, 4748, 'Achat', '{\"_token\":\"BAlXCB9UHtNiDtV7srYfXiuZEmkPjvRBOSZbmXkf\",\"search_libelle\":\"Achat\",\"type_id\":[\"2\"],\"field_bien_surface_min\":\"45\",\"field_bien_surface_max\":\"280\",\"bien_localisation_rez_chaussee\":\"1\",\"budget_min\":\"30000\",\"budget_max\":\"120000\",\"field_bien_finance_budget_min\":\"30000\",\"field_bien_finance_budget_max\":\"120000\",\"field_secteur_id\":[\"5\",\"4\"],\"bien_localisation_zone\":\"\",\"bien_description\":\"\",\"search_id_immo_facile\":91578909}', NULL, NULL, '83.33'),
(96, 5054, 'Appartement', '{\"_token\":\"lZ5hrF3qcuKcv2kxs4pKWXHnJHaulZHgLKqPjzLH\",\"search_libelle\":\"Appartement\",\"field_bien_surface_min\":\"0\",\"field_bien_surface_max\":\"280\",\"budget_min\":\"30000\",\"budget_max\":\"80000\",\"field_bien_finance_budget_min\":\"30000\",\"field_bien_finance_budget_max\":\"80000\",\"field_secteur_id\":[\"5\"],\"bien_localisation_zone\":\"\",\"bien_description\":\"\",\"search_id_immo_facile\":91745325}', NULL, NULL, '66.67'),
(97, 2972, 'RECHERCHE MAISONS', '{\"_token\":\"HO2Bb355ol45zzLLm5wE6qmL06ufkoXEHVc6QzhL\",\"search_id\":\"97\",\"type_id\":[\"1\"],\"surface_min\":\"0\",\"surface_max\":\"100\",\"field_bien_interieur_chambre\":[\"3\"],\"budget_min\":\"30000\",\"budget_max\":\"300000\",\"field_quartier_id\":[\"5\"],\"bien_localisation_zone\":\"\",\"bien_localisation_lat\":\"\",\"bien_localisation_lng\":\"\",\"field_bien_divers_parking_garage\":\"1\",\"field_bien_surface_min\":\"0\",\"field_bien_surface_max\":\"100\",\"field_bien_finance_budget_min\":\"30000\",\"field_bien_finance_budget_max\":\"300000\",\"search_libelle\":\"RECHERCHE MAISONS\",\"search_id_immo_facile\":91925630}', NULL, NULL, '83.33'),
(98, 2972, 'RECHERCHE MAISONS', '{\"_token\":\"HO2Bb355ol45zzLLm5wE6qmL06ufkoXEHVc6QzhL\",\"search_libelle\":\"RECHERCHE MAISONS\",\"type_id\":[\"1\"],\"field_bien_surface_min\":\"0\",\"field_bien_surface_max\":\"280\",\"search_interieur_chambre\":\"3\",\"budget_min\":\"30000\",\"budget_max\":\"300000\",\"field_bien_finance_budget_min\":\"30000\",\"field_bien_finance_budget_max\":\"300000\",\"field_secteur_id\":[\"5\"],\"bien_localisation_zone\":\"\",\"bien_description\":\"Une maison \\u00e0 BESANCON intra-muros, sans vis-\\u00e0-vis, sur un terrain de 300-400m2 et bien expos\\u00e9e avec un garage et SANS travaux de structure.\\r\\nAUCUNE MITOYENNETE.\\r\\nPAS DE CHAUFFAGE ELECTRIQUE.\\r\\nIl faut 3 chambres, 1 sdb et 1 de douche, une chemin\\u00e9e, une buanderie.\",\"criteria_id\":[\"CRITERIA_RES_PRINCIP\"],\"search_id_immo_facile\":91925633}', NULL, NULL, '83.33'),
(99, 2972, 'RECHERCHE APPARTEMENTS', '{\"_token\":\"HO2Bb355ol45zzLLm5wE6qmL06ufkoXEHVc6QzhL\",\"search_libelle\":\"RECHERCHE APPARTEMENTS\",\"type_id\":[\"2\"],\"field_bien_surface_min\":\"80\",\"field_bien_surface_max\":\"100\",\"search_interieur_chambre\":\"3\",\"budget_min\":\"30000\",\"budget_max\":\"300000\",\"field_bien_finance_budget_min\":\"30000\",\"field_bien_finance_budget_max\":\"300000\",\"field_secteur_id\":[\"5\"],\"bien_localisation_zone\":\"\",\"bien_description\":\"Appartement ancien UNIQUEMENT, dans le centre-ville UNIQUEMENT.\",\"criteria_id\":[\"CRITERIA_SLOW\",\"CRITERIA_RES_PRINCIP\"],\"search_id_immo_facile\":91925646}', NULL, NULL, '83.33'),
(100, 2972, 'RECHERCHE APPARTEMENTS', '{\"_token\":\"HO2Bb355ol45zzLLm5wE6qmL06ufkoXEHVc6QzhL\",\"search_libelle\":\"RECHERCHE APPARTEMENTS\",\"type_id\":[\"2\"],\"field_bien_surface_min\":\"80\",\"field_bien_surface_max\":\"100\",\"search_interieur_chambre\":\"3\",\"budget_min\":\"30000\",\"budget_max\":\"300000\",\"field_bien_finance_budget_min\":\"30000\",\"field_bien_finance_budget_max\":\"300000\",\"field_secteur_id\":[\"5\"],\"bien_localisation_zone\":\"\",\"bien_description\":\"Appartement ancien UNIQUEMENT, dans le centre-ville UNIQUEMENT.\",\"criteria_id\":[\"CRITERIA_SLOW\",\"CRITERIA_RES_PRINCIP\"],\"search_id_immo_facile\":91925652}', NULL, NULL, '83.33'),
(101, 5694, 'appartement Besançon', '{\"_token\":\"koNpioFBXUCvHrQqHkWxT65epEJTVT3YtrQXvFRp\",\"search_libelle\":\"appartement Besan\\u00e7on\",\"type_id\":[\"2\"],\"field_bien_surface_min\":\"55\",\"field_bien_surface_max\":\"80\",\"search_interieur_chambre\":\"2\",\"budget_min\":\"60000\",\"budget_max\":\"120000\",\"field_bien_divers_balcon_terrasse\":\"1\",\"field_bien_divers_parking_garage\":\"1\",\"field_bien_finance_budget_min\":\"60000\",\"field_bien_finance_budget_max\":\"120000\",\"field_secteur_id\":[\"5\"],\"bien_localisation_zone\":\"\",\"bien_description\":\"\",\"criteria_id\":[\"CRITERIA_PRIMO\"],\"search_id_immo_facile\":92182604}', NULL, NULL, '83.33');
INSERT INTO `account_search` (`search_id`, `user_id`, `search_libelle`, `search_data`, `search_created_at`, `search_updated_at`, `search_completion`) VALUES
(102, 5759, 'Maison ', '{\"_token\":\"kJkdCYa0GPG5GiwsVaE86Jtq3Cz8K8T0IA8z65Hi\",\"search_libelle\":\"Maison \",\"type_id\":[\"1\"],\"field_bien_surface_min\":\"0\",\"field_bien_surface_max\":\"280\",\"search_interieur_chambre\":\"3\",\"budget_min\":\"30000\",\"budget_max\":\"450000\",\"field_bien_finance_budget_min\":\"30000\",\"field_bien_finance_budget_max\":\"450000\",\"field_secteur_id\":[\"5\"],\"bien_localisation_zone\":\"\",\"bien_description\":\"Maison de caract\\u00e8re \",\"criteria_id\":[\"CRITERIA_HIPPIE\",\"CRITERIA_GENTELEMAN\",\"CRITERIA_SLOW\",\"CRITERIA_RES_PRINCIP\"],\"search_id_immo_facile\":92408060}', NULL, NULL, '83.33'),
(103, 5759, 'Maison ', '{\"_token\":\"kJkdCYa0GPG5GiwsVaE86Jtq3Cz8K8T0IA8z65Hi\",\"search_libelle\":\"Maison \",\"type_id\":[\"1\"],\"field_bien_surface_min\":\"0\",\"field_bien_surface_max\":\"280\",\"search_interieur_chambre\":\"3\",\"budget_min\":\"30000\",\"budget_max\":\"450000\",\"field_bien_finance_budget_min\":\"30000\",\"field_bien_finance_budget_max\":\"450000\",\"bien_localisation_zone\":\"\",\"bien_description\":\"Maison de caract\\u00e8re \",\"criteria_id\":[\"CRITERIA_HIPPIE\",\"CRITERIA_GENTELEMAN\",\"CRITERIA_SLOW\",\"CRITERIA_RES_PRINCIP\"],\"search_id_immo_facile\":92408072}', NULL, NULL, '83.33'),
(104, 5759, 'Maison ', '{\"_token\":\"kJkdCYa0GPG5GiwsVaE86Jtq3Cz8K8T0IA8z65Hi\",\"search_libelle\":\"Maison \",\"type_id\":[\"1\"],\"field_bien_surface_min\":\"0\",\"field_bien_surface_max\":\"280\",\"search_interieur_chambre\":\"3\",\"budget_min\":\"30000\",\"budget_max\":\"450000\",\"field_bien_finance_budget_min\":\"30000\",\"field_bien_finance_budget_max\":\"450000\",\"bien_localisation_zone\":\"\",\"bien_description\":\"Maison de caract\\u00e8re \",\"criteria_id\":[\"CRITERIA_HIPPIE\",\"CRITERIA_GENTELEMAN\",\"CRITERIA_SLOW\",\"CRITERIA_RES_PRINCIP\"],\"search_id_immo_facile\":92408073}', NULL, NULL, '83.33'),
(105, 5759, 'Maison ', '{\"_token\":\"kJkdCYa0GPG5GiwsVaE86Jtq3Cz8K8T0IA8z65Hi\",\"search_libelle\":\"Maison \",\"type_id\":[\"1\"],\"field_bien_surface_min\":\"0\",\"field_bien_surface_max\":\"280\",\"search_interieur_chambre\":\"3\",\"budget_min\":\"30000\",\"budget_max\":\"450000\",\"field_bien_finance_budget_min\":\"30000\",\"field_bien_finance_budget_max\":\"450000\",\"bien_localisation_zone\":\"\",\"bien_description\":\"Maison de caract\\u00e8re \",\"criteria_id\":[\"CRITERIA_HIPPIE\",\"CRITERIA_GENTELEMAN\",\"CRITERIA_SLOW\",\"CRITERIA_RES_PRINCIP\"],\"search_id_immo_facile\":92408077}', NULL, NULL, '83.33'),
(106, 5759, 'Maison ', '{\"_token\":\"kJkdCYa0GPG5GiwsVaE86Jtq3Cz8K8T0IA8z65Hi\",\"search_libelle\":\"Maison \",\"type_id\":[\"1\"],\"field_bien_surface_min\":\"0\",\"field_bien_surface_max\":\"280\",\"search_interieur_chambre\":\"3\",\"budget_min\":\"30000\",\"budget_max\":\"450000\",\"field_bien_finance_budget_min\":\"30000\",\"field_bien_finance_budget_max\":\"450000\",\"bien_localisation_zone\":\"\",\"bien_description\":\"Maison de caract\\u00e8re .poele \\u00e0 bois ou chemin\\u00e9e .jardin\\u2019verdure....\",\"criteria_id\":[\"CRITERIA_HIPSTER\",\"CRITERIA_HIPPIE\",\"CRITERIA_GENTELEMAN\",\"CRITERIA_SLOW\",\"CRITERIA_HOMESTAG\",\"CRITERIA_RES_PRINCIP\"],\"search_id_immo_facile\":92408121}', NULL, NULL, '83.33'),
(107, 5780, 'appartement', '{\"_token\":\"17Sx1fXWJNhNAYeaEDZALCftF3Nc5fnrULgUFOi8\",\"search_libelle\":\"appartement\",\"type_id\":[\"1\",\"2\"],\"field_bien_surface_min\":\"0\",\"field_bien_surface_max\":\"280\",\"search_interieur_chambre\":\"2\",\"budget_min\":\"30000\",\"budget_max\":\"200000\",\"field_bien_divers_parking_garage\":\"1\",\"field_bien_finance_budget_min\":\"30000\",\"field_bien_finance_budget_max\":\"200000\",\"field_secteur_id\":[\"3\"],\"bien_localisation_zone\":\"\",\"bien_description\":\"\",\"criteria_id\":[\"CRITERIA_RES_PRINCIP\"],\"search_id_immo_facile\":92427035}', NULL, NULL, '83.33'),
(108, 5781, 'Emma', '{\"_token\":\"tYL93tkJUD15FjDAjmXf9xZkZjZUe58Ysu9mqEzr\",\"search_libelle\":\"Emma\",\"type_id\":[\"2\"],\"field_bien_surface_min\":\"\",\"field_bien_surface_max\":\"\",\"budget_min\":\"\",\"budget_max\":\"70000\",\"field_bien_finance_budget_min\":\"\",\"field_bien_finance_budget_max\":\"\",\"field_secteur_id\":[\"5\"],\"bien_localisation_zone\":\"\",\"bien_description\":\"\",\"search_id_immo_facile\":92442133}', NULL, NULL, '33.33'),
(109, 5759, 'Maison ', '{\"_token\":\"nIvRbkETAcD7S1pifWpgRHuZJdtxjuY6AFsYdHj8\",\"search_libelle\":\"Maison \",\"type_id\":[\"1\"],\"field_bien_surface_min\":\"120\",\"field_bien_surface_max\":\"280\",\"search_interieur_chambre\":\"3\",\"budget_min\":\"30000\",\"budget_max\":\"450000\",\"field_bien_finance_budget_min\":\"30000\",\"field_bien_finance_budget_max\":\"450000\",\"field_secteur_id\":[\"5\"],\"bien_localisation_zone\":\"\",\"bien_description\":\"Maison avec jardin \",\"criteria_id\":[\"CRITERIA_HIPPIE\",\"CRITERIA_GENTELEMAN\",\"CRITERIA_SLOW\",\"CRITERIA_RES_PRINCIP\"],\"search_id_immo_facile\":92466562}', NULL, NULL, '83.33'),
(110, 5759, 'Maison ', '{\"_token\":\"nIvRbkETAcD7S1pifWpgRHuZJdtxjuY6AFsYdHj8\",\"search_libelle\":\"Maison \",\"type_id\":[\"1\"],\"field_bien_surface_min\":\"120\",\"field_bien_surface_max\":\"280\",\"search_interieur_chambre\":\"3\",\"budget_min\":\"30000\",\"budget_max\":\"450000\",\"field_bien_finance_budget_min\":\"30000\",\"field_bien_finance_budget_max\":\"450000\",\"field_secteur_id\":[\"5\"],\"bien_localisation_zone\":\"\",\"bien_description\":\"Maison avec jardin \",\"criteria_id\":[\"CRITERIA_HIPPIE\",\"CRITERIA_GENTELEMAN\",\"CRITERIA_SLOW\",\"CRITERIA_RES_PRINCIP\"],\"search_id_immo_facile\":92466615}', NULL, NULL, '83.33'),
(111, 5759, 'Maison ', '{\"_token\":\"nIvRbkETAcD7S1pifWpgRHuZJdtxjuY6AFsYdHj8\",\"search_libelle\":\"Maison \",\"type_id\":[\"1\"],\"field_bien_surface_min\":\"120\",\"field_bien_surface_max\":\"280\",\"search_interieur_chambre\":\"3\",\"budget_min\":\"30000\",\"budget_max\":\"450000\",\"field_bien_finance_budget_min\":\"30000\",\"field_bien_finance_budget_max\":\"450000\",\"field_secteur_id\":[\"5\"],\"bien_localisation_zone\":\"\",\"bien_description\":\"Maison avec jardin \",\"criteria_id\":[\"CRITERIA_HIPPIE\",\"CRITERIA_GENTELEMAN\",\"CRITERIA_SLOW\",\"CRITERIA_RES_PRINCIP\"],\"search_id_immo_facile\":92466617}', NULL, NULL, '83.33'),
(112, 5759, 'Maison ', '{\"_token\":\"nIvRbkETAcD7S1pifWpgRHuZJdtxjuY6AFsYdHj8\",\"search_libelle\":\"Maison \",\"type_id\":[\"1\"],\"field_bien_surface_min\":\"120\",\"field_bien_surface_max\":\"280\",\"search_interieur_chambre\":\"3\",\"budget_min\":\"30000\",\"budget_max\":\"450000\",\"field_bien_finance_budget_min\":\"30000\",\"field_bien_finance_budget_max\":\"450000\",\"field_secteur_id\":[\"5\"],\"bien_localisation_zone\":\"\",\"bien_description\":\"Maison avec jardin \",\"criteria_id\":[\"CRITERIA_HIPPIE\",\"CRITERIA_GENTELEMAN\",\"CRITERIA_SLOW\",\"CRITERIA_RES_PRINCIP\"],\"search_id_immo_facile\":92466621}', NULL, NULL, '83.33'),
(113, 5759, 'Maison ', '{\"_token\":\"nIvRbkETAcD7S1pifWpgRHuZJdtxjuY6AFsYdHj8\",\"search_libelle\":\"Maison \",\"type_id\":[\"1\"],\"field_bien_surface_min\":\"120\",\"field_bien_surface_max\":\"280\",\"search_interieur_chambre\":\"3\",\"budget_min\":\"30000\",\"budget_max\":\"450000\",\"field_bien_finance_budget_min\":\"30000\",\"field_bien_finance_budget_max\":\"450000\",\"field_secteur_id\":[\"5\"],\"bien_localisation_zone\":\"\",\"bien_description\":\"Maison avec jardin \",\"criteria_id\":[\"CRITERIA_HIPPIE\",\"CRITERIA_GENTELEMAN\",\"CRITERIA_SLOW\",\"CRITERIA_RES_PRINCIP\"],\"search_id_immo_facile\":92466624}', NULL, NULL, '83.33'),
(114, 5759, 'Maison ', '{\"_token\":\"nIvRbkETAcD7S1pifWpgRHuZJdtxjuY6AFsYdHj8\",\"search_libelle\":\"Maison \",\"type_id\":[\"1\"],\"field_bien_surface_min\":\"120\",\"field_bien_surface_max\":\"280\",\"search_interieur_chambre\":\"3\",\"budget_min\":\"30000\",\"budget_max\":\"450000\",\"field_bien_finance_budget_min\":\"30000\",\"field_bien_finance_budget_max\":\"450000\",\"field_secteur_id\":[\"5\"],\"bien_localisation_zone\":\"\",\"bien_description\":\"Maison avec jardin \",\"criteria_id\":[\"CRITERIA_HIPPIE\",\"CRITERIA_GENTELEMAN\",\"CRITERIA_SLOW\",\"CRITERIA_RES_PRINCIP\"],\"search_id_immo_facile\":92466626}', NULL, NULL, '83.33'),
(115, 5759, 'Maison ', '{\"_token\":\"nIvRbkETAcD7S1pifWpgRHuZJdtxjuY6AFsYdHj8\",\"search_libelle\":\"Maison \",\"type_id\":[\"1\"],\"field_bien_surface_min\":\"120\",\"field_bien_surface_max\":\"280\",\"search_interieur_chambre\":\"3\",\"budget_min\":\"30000\",\"budget_max\":\"450000\",\"field_bien_finance_budget_min\":\"30000\",\"field_bien_finance_budget_max\":\"450000\",\"field_secteur_id\":[\"5\"],\"bien_localisation_zone\":\"\",\"bien_description\":\"Maison avec jardin \",\"criteria_id\":[\"CRITERIA_HIPPIE\",\"CRITERIA_GENTELEMAN\",\"CRITERIA_SLOW\",\"CRITERIA_RES_PRINCIP\"],\"search_id_immo_facile\":92466630}', NULL, NULL, '83.33'),
(116, 5759, 'Maison ', '{\"_token\":\"nIvRbkETAcD7S1pifWpgRHuZJdtxjuY6AFsYdHj8\",\"search_libelle\":\"Maison \",\"type_id\":[\"1\"],\"field_bien_surface_min\":\"120\",\"field_bien_surface_max\":\"280\",\"search_interieur_chambre\":\"3\",\"budget_min\":\"30000\",\"budget_max\":\"450000\",\"field_bien_finance_budget_min\":\"30000\",\"field_bien_finance_budget_max\":\"450000\",\"field_secteur_id\":[\"5\"],\"bien_localisation_zone\":\"\",\"bien_description\":\"Maison avec jardin \",\"criteria_id\":[\"CRITERIA_HIPPIE\",\"CRITERIA_GENTELEMAN\",\"CRITERIA_SLOW\",\"CRITERIA_RES_PRINCIP\"],\"search_id_immo_facile\":92466633}', NULL, NULL, '83.33'),
(117, 5759, 'Maison ', '{\"_token\":\"nIvRbkETAcD7S1pifWpgRHuZJdtxjuY6AFsYdHj8\",\"search_libelle\":\"Maison \",\"type_id\":[\"1\"],\"field_bien_surface_min\":\"120\",\"field_bien_surface_max\":\"280\",\"search_interieur_chambre\":\"3\",\"budget_min\":\"30000\",\"budget_max\":\"450000\",\"field_bien_finance_budget_min\":\"30000\",\"field_bien_finance_budget_max\":\"450000\",\"field_secteur_id\":[\"5\"],\"bien_localisation_zone\":\"\",\"bien_description\":\"Maison avec jardin \",\"criteria_id\":[\"CRITERIA_HIPPIE\",\"CRITERIA_GENTELEMAN\",\"CRITERIA_SLOW\",\"CRITERIA_RES_PRINCIP\"],\"search_id_immo_facile\":92466636}', NULL, NULL, '83.33'),
(118, 5759, 'Maison ', '{\"_token\":\"nIvRbkETAcD7S1pifWpgRHuZJdtxjuY6AFsYdHj8\",\"search_libelle\":\"Maison \",\"type_id\":[\"1\"],\"field_bien_surface_min\":\"\",\"field_bien_surface_max\":\"\",\"budget_min\":\"200000\",\"budget_max\":\"450000\",\"field_bien_finance_budget_min\":\"\",\"field_bien_finance_budget_max\":\"\",\"field_secteur_id\":[\"5\"],\"bien_localisation_zone\":\"\",\"bien_description\":\"Jolie maison avec jardin et feu de bois\",\"criteria_id\":[\"CRITERIA_HIPPIE\",\"CRITERIA_GENTELEMAN\",\"CRITERIA_SLOW\",\"CRITERIA_FAMILYLOVE\",\"CRITERIA_RES_PRINCIP\"],\"search_id_immo_facile\":92466649}', NULL, NULL, '50.00'),
(119, 5759, 'Maison ', '{\"_token\":\"nIvRbkETAcD7S1pifWpgRHuZJdtxjuY6AFsYdHj8\",\"search_libelle\":\"Maison \",\"type_id\":[\"1\"],\"field_bien_surface_min\":\"\",\"field_bien_surface_max\":\"\",\"budget_min\":\"200000\",\"budget_max\":\"450000\",\"field_bien_finance_budget_min\":\"\",\"field_bien_finance_budget_max\":\"\",\"field_secteur_id\":[\"5\"],\"bien_localisation_zone\":\"\",\"bien_description\":\"Jolie maison avec jardin et feu de bois\",\"criteria_id\":[\"CRITERIA_HIPPIE\",\"CRITERIA_GENTELEMAN\",\"CRITERIA_SLOW\",\"CRITERIA_FAMILYLOVE\",\"CRITERIA_RES_PRINCIP\"],\"search_id_immo_facile\":92466657}', NULL, NULL, '50.00'),
(120, 5759, 'Maison ', '{\"_token\":\"nIvRbkETAcD7S1pifWpgRHuZJdtxjuY6AFsYdHj8\",\"search_libelle\":\"Maison \",\"type_id\":[\"1\"],\"field_bien_surface_min\":\"\",\"field_bien_surface_max\":\"\",\"budget_min\":\"200000\",\"budget_max\":\"450000\",\"field_bien_finance_budget_min\":\"\",\"field_bien_finance_budget_max\":\"\",\"field_secteur_id\":[\"5\"],\"bien_localisation_zone\":\"\",\"bien_description\":\"Jolie maison avec jardin et feu de bois\",\"criteria_id\":[\"CRITERIA_HIPPIE\",\"CRITERIA_GENTELEMAN\",\"CRITERIA_SLOW\",\"CRITERIA_FAMILYLOVE\",\"CRITERIA_RES_PRINCIP\"],\"search_id_immo_facile\":92466671}', NULL, NULL, '50.00'),
(121, 5759, 'Maison ', '{\"_token\":\"cBCVUpNA6UezfXdyEDP7KM3q2ipJxsCKokAvLgg9\",\"search_libelle\":\"Maison \",\"type_id\":[\"1\"],\"field_bien_surface_min\":\"\",\"field_bien_surface_max\":\"\",\"budget_min\":\"200000\",\"budget_max\":\"450000\",\"field_bien_finance_budget_min\":\"\",\"field_bien_finance_budget_max\":\"\",\"field_secteur_id\":[\"5\"],\"bien_localisation_zone\":\"\",\"bien_description\":\"Jolie maison avec jardin et feu de bois\",\"criteria_id\":[\"CRITERIA_HIPPIE\",\"CRITERIA_GENTELEMAN\",\"CRITERIA_SLOW\",\"CRITERIA_FAMILYLOVE\",\"CRITERIA_RES_PRINCIP\"],\"search_id_immo_facile\":92466680}', NULL, NULL, '50.00'),
(122, 5759, 'Maison ', '{\"_token\":\"cBCVUpNA6UezfXdyEDP7KM3q2ipJxsCKokAvLgg9\",\"search_libelle\":\"Maison \",\"type_id\":[\"1\"],\"field_bien_surface_min\":\"\",\"field_bien_surface_max\":\"\",\"budget_min\":\"\",\"budget_max\":\"450000\",\"field_bien_finance_budget_min\":\"\",\"field_bien_finance_budget_max\":\"\",\"field_secteur_id\":[\"5\"],\"bien_localisation_zone\":\"\",\"bien_description\":\"Belle maison \",\"criteria_id\":[\"CRITERIA_HIPPIE\",\"CRITERIA_GENTELEMAN\",\"CRITERIA_SLOW\",\"CRITERIA_FAMILYLOVE\",\"CRITERIA_RES_PRINCIP\"],\"search_id_immo_facile\":92469161}', NULL, NULL, '33.33'),
(123, 5759, 'Maison ', '{\"_token\":\"cBCVUpNA6UezfXdyEDP7KM3q2ipJxsCKokAvLgg9\",\"search_libelle\":\"Maison \",\"type_id\":[\"1\"],\"field_bien_surface_min\":\"\",\"field_bien_surface_max\":\"\",\"budget_min\":\"\",\"budget_max\":\"450000\",\"field_bien_finance_budget_min\":\"\",\"field_bien_finance_budget_max\":\"\",\"field_secteur_id\":[\"5\"],\"bien_localisation_zone\":\"\",\"bien_description\":\"Belle maison \",\"criteria_id\":[\"CRITERIA_HIPPIE\",\"CRITERIA_GENTELEMAN\",\"CRITERIA_SLOW\",\"CRITERIA_FAMILYLOVE\",\"CRITERIA_RES_PRINCIP\"],\"search_id_immo_facile\":92469167}', NULL, NULL, '33.33'),
(124, 5759, 'Maison ', '{\"_token\":\"cBCVUpNA6UezfXdyEDP7KM3q2ipJxsCKokAvLgg9\",\"search_libelle\":\"Maison \",\"type_id\":[\"1\"],\"field_bien_surface_min\":\"\",\"field_bien_surface_max\":\"\",\"budget_min\":\"\",\"budget_max\":\"450000\",\"field_bien_finance_budget_min\":\"\",\"field_bien_finance_budget_max\":\"\",\"field_secteur_id\":[\"5\"],\"bien_localisation_zone\":\"\",\"bien_description\":\"Belle maison \",\"criteria_id\":[\"CRITERIA_HIPPIE\",\"CRITERIA_GENTELEMAN\",\"CRITERIA_SLOW\",\"CRITERIA_FAMILYLOVE\",\"CRITERIA_RES_PRINCIP\"],\"search_id_immo_facile\":92469168}', NULL, NULL, '33.33'),
(125, 5759, 'Maison ', '{\"_token\":\"cBCVUpNA6UezfXdyEDP7KM3q2ipJxsCKokAvLgg9\",\"search_libelle\":\"Maison \",\"type_id\":[\"1\"],\"field_bien_surface_min\":\"\",\"field_bien_surface_max\":\"\",\"budget_min\":\"\",\"budget_max\":\"450000\",\"field_bien_finance_budget_min\":\"\",\"field_bien_finance_budget_max\":\"\",\"field_secteur_id\":[\"5\"],\"bien_localisation_zone\":\"\",\"bien_description\":\"Belle maison \",\"criteria_id\":[\"CRITERIA_HIPPIE\",\"CRITERIA_GENTELEMAN\",\"CRITERIA_SLOW\",\"CRITERIA_FAMILYLOVE\",\"CRITERIA_RES_PRINCIP\"],\"search_id_immo_facile\":92469187}', NULL, NULL, '33.33'),
(126, 5759, 'Maison ', '{\"_token\":\"cBCVUpNA6UezfXdyEDP7KM3q2ipJxsCKokAvLgg9\",\"search_libelle\":\"Maison \",\"type_id\":[\"1\"],\"field_bien_surface_min\":\"\",\"field_bien_surface_max\":\"\",\"budget_min\":\"\",\"budget_max\":\"450000\",\"field_bien_finance_budget_min\":\"\",\"field_bien_finance_budget_max\":\"\",\"field_secteur_id\":[\"5\"],\"bien_localisation_zone\":\"\",\"bien_description\":\"Belle maison \",\"criteria_id\":[\"CRITERIA_HIPPIE\",\"CRITERIA_GENTELEMAN\",\"CRITERIA_SLOW\",\"CRITERIA_FAMILYLOVE\",\"CRITERIA_RES_PRINCIP\"],\"search_id_immo_facile\":92469189}', NULL, NULL, '33.33'),
(127, 5759, 'Maison ', '{\"_token\":\"cBCVUpNA6UezfXdyEDP7KM3q2ipJxsCKokAvLgg9\",\"search_libelle\":\"Maison \",\"type_id\":[\"1\"],\"field_bien_surface_min\":\"\",\"field_bien_surface_max\":\"\",\"budget_min\":\"\",\"budget_max\":\"450000\",\"field_bien_finance_budget_min\":\"\",\"field_bien_finance_budget_max\":\"\",\"field_secteur_id\":[\"5\"],\"bien_localisation_zone\":\"\",\"bien_description\":\"Belle maison \",\"criteria_id\":[\"CRITERIA_HIPPIE\",\"CRITERIA_GENTELEMAN\",\"CRITERIA_SLOW\",\"CRITERIA_FAMILYLOVE\",\"CRITERIA_RES_PRINCIP\"],\"search_id_immo_facile\":92469194}', NULL, NULL, '33.33'),
(128, 5759, 'Maison ', '{\"_token\":\"cBCVUpNA6UezfXdyEDP7KM3q2ipJxsCKokAvLgg9\",\"search_libelle\":\"Maison \",\"type_id\":[\"1\"],\"field_bien_surface_min\":\"\",\"field_bien_surface_max\":\"\",\"budget_min\":\"\",\"budget_max\":\"450000\",\"field_bien_finance_budget_min\":\"\",\"field_bien_finance_budget_max\":\"\",\"field_secteur_id\":[\"5\"],\"bien_localisation_zone\":\"\",\"bien_description\":\"Belle maison \",\"criteria_id\":[\"CRITERIA_HIPPIE\",\"CRITERIA_GENTELEMAN\",\"CRITERIA_SLOW\",\"CRITERIA_FAMILYLOVE\",\"CRITERIA_RES_PRINCIP\"],\"search_id_immo_facile\":92469196}', NULL, NULL, '33.33'),
(129, 5759, 'Maison ', '{\"_token\":\"cBCVUpNA6UezfXdyEDP7KM3q2ipJxsCKokAvLgg9\",\"search_libelle\":\"Maison \",\"type_id\":[\"1\"],\"field_bien_surface_min\":\"\",\"field_bien_surface_max\":\"\",\"budget_min\":\"\",\"budget_max\":\"450000\",\"field_bien_finance_budget_min\":\"\",\"field_bien_finance_budget_max\":\"\",\"field_secteur_id\":[\"5\"],\"bien_localisation_zone\":\"\",\"bien_description\":\"Belle maison \",\"criteria_id\":[\"CRITERIA_HIPPIE\",\"CRITERIA_GENTELEMAN\",\"CRITERIA_SLOW\",\"CRITERIA_FAMILYLOVE\",\"CRITERIA_RES_PRINCIP\"],\"search_id_immo_facile\":92469200}', NULL, NULL, '33.33'),
(130, 5759, 'Maison ', '{\"_token\":\"cBCVUpNA6UezfXdyEDP7KM3q2ipJxsCKokAvLgg9\",\"search_libelle\":\"Maison \",\"type_id\":[\"1\"],\"field_bien_surface_min\":\"\",\"field_bien_surface_max\":\"\",\"budget_min\":\"\",\"budget_max\":\"450000\",\"field_bien_finance_budget_min\":\"\",\"field_bien_finance_budget_max\":\"\",\"field_secteur_id\":[\"5\"],\"bien_localisation_zone\":\"\",\"bien_description\":\"Belle maison \",\"criteria_id\":[\"CRITERIA_HIPPIE\",\"CRITERIA_GENTELEMAN\",\"CRITERIA_SLOW\",\"CRITERIA_FAMILYLOVE\",\"CRITERIA_RES_PRINCIP\"],\"search_id_immo_facile\":92469201}', NULL, NULL, '33.33'),
(131, 5780, 'avril', '{\"_token\":\"empkc7egYVqN1t6OPYdIZAd6PEARLv4Red4xskWe\",\"search_libelle\":\"avril\",\"type_id\":[\"1\",\"2\"],\"field_bien_surface_min\":\"70\",\"field_bien_surface_max\":\"280\",\"search_interieur_chambre\":\"2\",\"budget_min\":\"30000\",\"budget_max\":\"200000\",\"field_bien_divers_parking_garage\":\"1\",\"field_bien_finance_budget_min\":\"30000\",\"field_bien_finance_budget_max\":\"200000\",\"field_secteur_id\":[\"3\"],\"bien_localisation_zone\":\"\",\"bien_description\":\"\",\"criteria_id\":[\"CRITERIA_RES_PRINCIP\"],\"search_id_immo_facile\":92471986}', NULL, NULL, '83.33'),
(132, 5821, 'maison ou appartement plain pied', '{\"_token\":\"ErEdSvAGl6TFYHCV9cpRyg8DYZTearCC2rKcErk6\",\"search_libelle\":\"maison ou appartement plain pied\",\"type_id\":[\"1\",\"2\"],\"field_bien_surface_min\":\"\",\"field_bien_surface_max\":\"\",\"budget_min\":\"\",\"budget_max\":\"180000\",\"field_bien_finance_budget_min\":\"\",\"field_bien_finance_budget_max\":\"\",\"field_secteur_id\":[\"5\"],\"bien_localisation_zone\":\"\",\"bien_description\":\"\",\"criteria_id\":[\"CRITERIA_GENTELEMAN\",\"CRITERIA_SLOW\",\"CRITERIA_FAMILYLOVE\",\"CRITERIA_RES_PRINCIP\"],\"search_id_immo_facile\":92521822}', NULL, NULL, '33.33'),
(133, 5821, 'achat', '{\"_token\":\"ErEdSvAGl6TFYHCV9cpRyg8DYZTearCC2rKcErk6\",\"search_libelle\":\"achat\",\"type_id\":[\"1\",\"2\"],\"field_bien_surface_min\":\"\",\"field_bien_surface_max\":\"\",\"budget_min\":\"\",\"budget_max\":\"180000\",\"field_bien_finance_budget_min\":\"\",\"field_bien_finance_budget_max\":\"\",\"bien_localisation_zone\":\"\",\"bien_description\":\"\",\"criteria_id\":[\"CRITERIA_GENTELEMAN\",\"CRITERIA_SLOW\",\"CRITERIA_FAMILYLOVE\",\"CRITERIA_RES_PRINCIP\"],\"search_id_immo_facile\":92521826}', NULL, NULL, '33.33'),
(134, 5844, 'Maison', '{\"_token\":\"pYLMkvEB4ejj44PgAaziLuldXxfXGek1wfKN5bGd\",\"search_libelle\":\"Maison\",\"type_id\":[\"1\",\"2\"],\"field_bien_surface_min\":\"\",\"field_bien_surface_max\":\"\",\"budget_min\":\"\",\"budget_max\":\"250000\",\"field_bien_finance_budget_min\":\"\",\"field_bien_finance_budget_max\":\"\",\"field_secteur_id\":[\"5\"],\"bien_localisation_zone\":\"\",\"bien_description\":\"\",\"search_id_immo_facile\":92586950}', NULL, NULL, '33.33'),
(135, 5866, 'APPARTEMENT', '{\"_token\":\"RcIRtABuBZ1yYwhVJEWyrmSHK6XHXEujPfqZ1yxD\",\"search_libelle\":\"APPARTEMENT\",\"type_id\":[\"2\"],\"field_bien_surface_min\":\"\",\"field_bien_surface_max\":\"\",\"budget_min\":\"\",\"budget_max\":\"155000\",\"field_bien_finance_budget_min\":\"\",\"field_bien_finance_budget_max\":\"\",\"field_secteur_id\":[\"3\"],\"bien_localisation_zone\":\"\",\"bien_description\":\"UN APPARTEMENT A RENOVE AYANT OBLIGATOIREMENT UN EXTERIEUR BALCON OU TERRASSE EXPOSE SUD OU OUEST SANS VIS A VIS ET UN GARAGE OU AU MOINS UNE CAVE, PAS DE REZ DE CHAUSSEE\",\"criteria_id\":[\"CRITERIA_RES_PRINCIP\"],\"search_id_immo_facile\":92623200}', NULL, NULL, '33.33'),
(136, 5884, 'Fd commerce', '{\"_token\":\"QamaxG7AUOoREUB5tZg8mrElQeHY6P8hGvqn2uZq\",\"search_libelle\":\"Fd commerce\",\"type_id\":[\"6\"],\"field_bien_surface_min\":\"\",\"field_bien_surface_max\":\"\",\"budget_min\":\"\",\"budget_max\":\"\",\"field_bien_finance_budget_min\":\"\",\"field_bien_finance_budget_max\":\"\",\"field_secteur_id\":[\"3\"],\"bien_localisation_zone\":\"\",\"bien_description\":\"\",\"search_id_immo_facile\":92678093}', NULL, NULL, '16.67'),
(137, 5884, 'Fd commerce', '{\"_token\":\"QamaxG7AUOoREUB5tZg8mrElQeHY6P8hGvqn2uZq\",\"search_libelle\":\"Fd commerce\",\"type_id\":[\"6\"],\"field_bien_surface_min\":\"\",\"field_bien_surface_max\":\"\",\"budget_min\":\"\",\"budget_max\":\"\",\"field_bien_finance_budget_min\":\"\",\"field_bien_finance_budget_max\":\"\",\"bien_localisation_zone\":\"\",\"bien_description\":\"\",\"criteria_id\":[\"CRITERIA_ACT_PRO\"],\"search_id_immo_facile\":92678097}', NULL, NULL, '16.67'),
(138, 5914, 'Maison ou appartement ', '{\"_token\":\"QgMwb5ClxCCvgtV3fryCRW4u1oD5nEKvj5QRXDf3\",\"search_libelle\":\"Maison ou appartement \",\"type_id\":[\"1\",\"2\"],\"field_bien_surface_min\":\"\",\"field_bien_surface_max\":\"\",\"budget_min\":\"120000\",\"budget_max\":\"400000\",\"field_bien_finance_budget_min\":\"\",\"field_bien_finance_budget_max\":\"\",\"field_secteur_id\":[\"5\"],\"bien_localisation_zone\":\"\",\"bien_description\":\"\",\"criteria_id\":[\"CRITERIA_FAMILYLOVE\",\"CRITERIA_RES_PRINCIP\"],\"search_id_immo_facile\":92724939}', NULL, NULL, '50.00'),
(139, 5914, 'Maison ou appartement ', '{\"_token\":\"QgMwb5ClxCCvgtV3fryCRW4u1oD5nEKvj5QRXDf3\",\"search_libelle\":\"Maison ou appartement \",\"type_id\":[\"1\",\"2\"],\"field_bien_surface_min\":\"\",\"field_bien_surface_max\":\"\",\"budget_min\":\"120000\",\"budget_max\":\"400000\",\"field_bien_finance_budget_min\":\"\",\"field_bien_finance_budget_max\":\"\",\"bien_localisation_zone\":\"\",\"bien_description\":\"\",\"criteria_id\":[\"CRITERIA_FAMILYLOVE\",\"CRITERIA_RES_PRINCIP\"],\"search_id_immo_facile\":92724942}', NULL, NULL, '50.00'),
(140, 5914, 'Appartement ou maison ', '{\"_token\":\"QgMwb5ClxCCvgtV3fryCRW4u1oD5nEKvj5QRXDf3\",\"search_libelle\":\"Appartement ou maison \",\"type_id\":[\"1\",\"2\"],\"field_bien_surface_min\":\"\",\"field_bien_surface_max\":\"\",\"budget_min\":\"\",\"budget_max\":\"\",\"field_bien_finance_budget_min\":\"\",\"field_bien_finance_budget_max\":\"\",\"field_secteur_id\":[\"5\"],\"bien_localisation_zone\":\"\",\"bien_description\":\"\",\"criteria_id\":[\"CRITERIA_FAMILYLOVE\",\"CRITERIA_RES_PRINCIP\"],\"search_id_immo_facile\":92724944}', NULL, NULL, '16.67'),
(141, 5914, 'Appartement ou maison ', '{\"_token\":\"QgMwb5ClxCCvgtV3fryCRW4u1oD5nEKvj5QRXDf3\",\"search_libelle\":\"Appartement ou maison \",\"type_id\":[\"1\",\"2\"],\"field_bien_surface_min\":\"\",\"field_bien_surface_max\":\"\",\"budget_min\":\"\",\"budget_max\":\"\",\"field_bien_finance_budget_min\":\"\",\"field_bien_finance_budget_max\":\"\",\"field_secteur_id\":[\"5\"],\"bien_localisation_zone\":\"\",\"bien_description\":\"\",\"criteria_id\":[\"CRITERIA_FAMILYLOVE\",\"CRITERIA_RES_PRINCIP\"],\"search_id_immo_facile\":92724945}', NULL, NULL, '16.67'),
(142, 5914, 'Appartement ou maison ', '{\"_token\":\"QgMwb5ClxCCvgtV3fryCRW4u1oD5nEKvj5QRXDf3\",\"search_libelle\":\"Appartement ou maison \",\"type_id\":[\"1\",\"2\"],\"field_bien_surface_min\":\"\",\"field_bien_surface_max\":\"\",\"budget_min\":\"\",\"budget_max\":\"\",\"field_bien_finance_budget_min\":\"\",\"field_bien_finance_budget_max\":\"\",\"field_secteur_id\":[\"5\"],\"bien_localisation_zone\":\"\",\"bien_description\":\"\",\"criteria_id\":[\"CRITERIA_FAMILYLOVE\",\"CRITERIA_RES_PRINCIP\"],\"search_id_immo_facile\":92724946}', NULL, NULL, '16.67'),
(143, 5844, 'AC2MR', '{\"_token\":\"NLzyGmDT9YFvLCAvg4m9WnxYRXaiOeDnC1UJXqjk\",\"search_libelle\":\"AC2MR\",\"type_id\":[\"1\",\"2\"],\"field_bien_surface_min\":\"\",\"field_bien_surface_max\":\"\",\"budget_min\":\"\",\"budget_max\":\"275000\",\"field_bien_finance_budget_min\":\"\",\"field_bien_finance_budget_max\":\"\",\"field_secteur_id\":[\"5\"],\"bien_localisation_zone\":\"\",\"bien_description\":\"\",\"search_id_immo_facile\":92759946}', NULL, NULL, '33.33'),
(144, 5968, 'Ferme', '{\"_token\":\"833GpS6vDkcUrhk677QEl6zMqNcOoEuvFTXuByGM\",\"search_libelle\":\"Ferme\",\"type_id\":[\"1\"],\"field_bien_surface_min\":\"\",\"field_bien_surface_max\":\"\",\"budget_min\":\"\",\"budget_max\":\"300000\",\"field_bien_finance_budget_min\":\"\",\"field_bien_finance_budget_max\":\"\",\"field_secteur_id\":[\"3\"],\"bien_localisation_zone\":\"\",\"bien_description\":\"\",\"criteria_id\":[\"CRITERIA_ACT_PRO\"],\"search_id_immo_facile\":92870548}', NULL, NULL, '33.33'),
(145, 5968, 'Ferme', '{\"_token\":\"833GpS6vDkcUrhk677QEl6zMqNcOoEuvFTXuByGM\",\"search_libelle\":\"Ferme\",\"type_id\":[\"1\"],\"field_bien_surface_min\":\"\",\"field_bien_surface_max\":\"\",\"budget_min\":\"150000\",\"budget_max\":\"300000\",\"field_bien_finance_budget_min\":\"\",\"field_bien_finance_budget_max\":\"\",\"field_secteur_id\":[\"5\",\"3\"],\"bien_localisation_zone\":\"\",\"bien_description\":\"Un bien pour r\\u00e9aliser des chambres d\'h\\u00f4tes.\",\"criteria_id\":[\"CRITERIA_ACT_PRO\"],\"search_id_immo_facile\":92870587}', NULL, NULL, '50.00'),
(146, 5969, 'appartement pour Romane', '{\"_token\":\"DXEE0uhLACAex6YamD5yaW4M9NzTWs4di045FTiZ\",\"search_libelle\":\"appartement pour Romane\",\"type_id\":[\"2\"],\"field_bien_surface_min\":\"\",\"field_bien_surface_max\":\"\",\"budget_min\":\"\",\"budget_max\":\"80000\",\"field_bien_finance_budget_min\":\"\",\"field_bien_finance_budget_max\":\"\",\"field_secteur_id\":[\"5\"],\"bien_localisation_zone\":\"\",\"bien_description\":\"T2 Besan\\u00e7on proche centre ville\",\"criteria_id\":[\"CRITERIA_HIPPIE\",\"CRITERIA_SLOW\",\"CRITERIA_HOMESTAG\",\"CRITERIA_PRIMO\",\"CRITERIA_RES_PRINCIP\",\"CRITERIA_INVST_BAILLEUR\"],\"search_id_immo_facile\":92874760}', NULL, NULL, '33.33'),
(147, 3916, 'Maison Besançon - Centre ville', '{\"_token\":\"IOg8ZeIVy3lkK0t6vvzobun5cmZPFvOhIfFsX5R8\",\"search_libelle\":\"Maison Besan\\u00e7on - Centre ville\",\"type_id\":[\"1\",\"3\"],\"field_bien_surface_min\":\"\",\"field_bien_surface_max\":\"\",\"budget_min\":\"\",\"budget_max\":\"450000\",\"field_bien_finance_budget_min\":\"\",\"field_bien_finance_budget_max\":\"\",\"field_secteur_id\":[\"5\"],\"bien_localisation_zone\":\"\",\"bien_description\":\"\",\"criteria_id\":[\"CRITERIA_SLOW\",\"CRITERIA_RES_PRINCIP\"],\"search_id_immo_facile\":92972280}', NULL, NULL, '33.33'),
(148, 6086, 'MAISON CENTRE VILLE', '{\"_token\":\"zoRndLUj3PcyiJ0iQDxU1Wvy85WYGUwYlPuVp6vh\",\"search_libelle\":\"MAISON CENTRE VILLE\",\"type_id\":[\"1\"],\"field_bien_surface_min\":\"\",\"field_bien_surface_max\":\"\",\"budget_min\":\"\",\"budget_max\":\"\",\"field_bien_finance_budget_min\":\"\",\"field_bien_finance_budget_max\":\"\",\"field_secteur_id\":[\"5\"],\"bien_localisation_zone\":\"\",\"bien_description\":\"\",\"criteria_id\":[\"CRITERIA_RES_PRINCIP\"],\"search_id_immo_facile\":93206408}', NULL, NULL, '16.67'),
(149, 6245, 'Apparte', '{\"_token\":\"HyQ3ebxGpJB23LUjFuI26CKb5emzHL0YGcKmHd7V\",\"search_libelle\":\"Apparte\",\"type_id\":[\"2\"],\"field_bien_surface_min\":\"\",\"field_bien_surface_max\":\"\",\"budget_min\":\"\",\"budget_max\":\"110000\",\"field_bien_finance_budget_min\":\"\",\"field_bien_finance_budget_max\":\"\",\"field_secteur_id\":[\"5\"],\"bien_localisation_zone\":\"\",\"bien_description\":\"\",\"search_id_immo_facile\":93310272}', NULL, NULL, '33.33'),
(150, 6245, 'Apparte', '{\"_token\":\"HyQ3ebxGpJB23LUjFuI26CKb5emzHL0YGcKmHd7V\",\"search_libelle\":\"Apparte\",\"type_id\":[\"2\"],\"field_bien_surface_min\":\"\",\"field_bien_surface_max\":\"\",\"budget_min\":\"\",\"budget_max\":\"110000\",\"field_bien_finance_budget_min\":\"\",\"field_bien_finance_budget_max\":\"\",\"field_secteur_id\":[\"5\"],\"bien_localisation_zone\":\"\",\"bien_description\":\"\",\"search_id_immo_facile\":93310273}', NULL, NULL, '33.33'),
(151, 6245, 'Apparte', '{\"_token\":\"HyQ3ebxGpJB23LUjFuI26CKb5emzHL0YGcKmHd7V\",\"search_libelle\":\"Apparte\",\"type_id\":[\"2\"],\"field_bien_surface_min\":\"\",\"field_bien_surface_max\":\"\",\"budget_min\":\"\",\"budget_max\":\"110000\",\"field_bien_finance_budget_min\":\"\",\"field_bien_finance_budget_max\":\"\",\"field_secteur_id\":[\"5\"],\"bien_localisation_zone\":\"\",\"bien_description\":\"\",\"search_id_immo_facile\":93310274}', NULL, NULL, '33.33'),
(152, 6355, 'bien', '{\"_token\":\"K7lJffJOLwX7mABZbQbkVUhCYQbjKelHTDSgghVv\",\"search_libelle\":\"bien\",\"type_id\":[\"1\",\"2\",\"3\"],\"field_bien_surface_min\":\"\",\"field_bien_surface_max\":\"\",\"budget_min\":\"0\",\"budget_max\":\"250000\",\"field_bien_finance_budget_min\":\"\",\"field_bien_finance_budget_max\":\"\",\"field_secteur_id\":[\"3\"],\"bien_localisation_zone\":\"\",\"bien_description\":\"\",\"criteria_id\":[\"CRITERIA_SLOW\",\"CRITERIA_FAMILYLOVE\",\"CRITERIA_HOMESTAG\",\"CRITERIA_PRIMO\",\"CRITERIA_INVEST\",\"CRITERIA_RES_PRINCIP\"],\"search_id_immo_facile\":93340926}', NULL, NULL, '50.00'),
(153, 6545, 'appartement Besançon', '{\"_token\":\"jx50NLKB8yaOyK5QdaZiA5tQKcp8Je8TSsqB0PPu\",\"search_libelle\":\"appartement Besan\\u00e7on\",\"type_id\":[\"2\"],\"field_bien_surface_min\":\"\",\"field_bien_surface_max\":\"\",\"budget_min\":\"250000\",\"budget_max\":\"500000\",\"field_bien_finance_budget_min\":\"\",\"field_bien_finance_budget_max\":\"\",\"field_secteur_id\":[\"5\"],\"bien_localisation_zone\":\"\",\"bien_description\":\"\",\"criteria_id\":[\"CRITERIA_PRIMO\"],\"search_id_immo_facile\":94263167}', NULL, NULL, '50.00'),
(154, 6547, 'Maison ', '{\"_token\":\"EG9yYo2anL5O4jdURLeZGp1Ah3BK8BcTgRnCi67z\",\"search_libelle\":\"Maison \",\"type_id\":[\"1\"],\"field_bien_surface_min\":\"\",\"field_bien_surface_max\":\"\",\"budget_min\":\"\",\"budget_max\":\"400000\",\"field_bien_finance_budget_min\":\"\",\"field_bien_finance_budget_max\":\"\",\"field_secteur_id\":[\"5\"],\"bien_localisation_zone\":\"\",\"bien_description\":\"\",\"criteria_id\":[\"CRITERIA_GENTELEMAN\",\"CRITERIA_FAMILYLOVE\",\"CRITERIA_HOMESTAG\",\"CRITERIA_RES_PRINCIP\"],\"search_id_immo_facile\":94263614}', NULL, NULL, '33.33'),
(155, 6577, 'Maison PONTARLIER', '{\"_token\":\"4cv87FZ29YYYN8T9sKhkUnfjRp3BtYe1P0NTMowM\",\"search_libelle\":\"Maison PONTARLIER\",\"type_id\":[\"1\"],\"field_bien_surface_min\":\"\",\"field_bien_surface_max\":\"\",\"budget_min\":\"\",\"budget_max\":\"300000\",\"field_bien_finance_budget_min\":\"\",\"field_bien_finance_budget_max\":\"\",\"field_secteur_id\":[\"3\"],\"bien_localisation_zone\":\"\",\"bien_description\":\"\",\"criteria_id\":[\"CRITERIA_PRIMO\"],\"search_id_immo_facile\":94269581}', NULL, NULL, '33.33'),
(156, 6583, 'Appart', '{\"_token\":\"G4oMqpJ2A2idvIDuUEGyEh8I8yrkTn4eRpGFdZN5\",\"search_libelle\":\"Appart\",\"field_bien_surface_min\":\"\",\"field_bien_surface_max\":\"\",\"budget_min\":\"\",\"budget_max\":\"115000\",\"field_bien_finance_budget_min\":\"\",\"field_bien_finance_budget_max\":\"\",\"field_secteur_id\":[\"5\"],\"bien_localisation_zone\":\"\",\"bien_description\":\"Terrasse\\/balcony\\r\\nParking\",\"criteria_id\":[\"CRITERIA_PRIMO\",\"CRITERIA_RES_PRINCIP\"],\"search_id_immo_facile\":94273883}', NULL, NULL, '16.67'),
(157, 6583, 'Appart', '{\"_token\":\"G4oMqpJ2A2idvIDuUEGyEh8I8yrkTn4eRpGFdZN5\",\"search_libelle\":\"Appart\",\"field_bien_surface_min\":\"\",\"field_bien_surface_max\":\"\",\"budget_min\":\"\",\"budget_max\":\"115000\",\"field_bien_finance_budget_min\":\"\",\"field_bien_finance_budget_max\":\"\",\"field_secteur_id\":[\"5\"],\"bien_localisation_zone\":\"\",\"bien_description\":\"Terrasse\\/balcony\\r\\nParking\",\"criteria_id\":[\"CRITERIA_PRIMO\",\"CRITERIA_RES_PRINCIP\"],\"search_id_immo_facile\":94273887}', NULL, NULL, '16.67'),
(158, 3432, 'maison', '{\"_token\":\"IVHiAXLZxJHqofDPSwaQq43fDIzJ0A101lYg9ait\",\"search_libelle\":\"maison\",\"type_id\":[\"1\"],\"field_bien_surface_min\":\"\",\"field_bien_surface_max\":\"\",\"budget_min\":\"90000\",\"budget_max\":\"98000\",\"field_bien_finance_budget_min\":\"\",\"field_bien_finance_budget_max\":\"\",\"field_secteur_id\":[\"5\"],\"bien_localisation_zone\":\"\",\"bien_description\":\"\",\"criteria_id\":[\"CRITERIA_HIPPIE\"],\"search_id_immo_facile\":95099036}', NULL, NULL, '50.00'),
(159, 3432, 'maison', '{\"_token\":\"iKrL1lcpzjI706Imkqwc03L9i9iTC8GV3eCSEL2D\",\"search_libelle\":\"maison\",\"field_bien_surface_min\":\"\",\"field_bien_surface_max\":\"\",\"budget_min\":\"90000\",\"budget_max\":\"98000\",\"field_bien_finance_budget_min\":\"\",\"field_bien_finance_budget_max\":\"\",\"field_secteur_id\":[\"5\"],\"bien_localisation_zone\":\"\",\"bien_description\":\"\",\"criteria_id\":[\"CRITERIA_HIPPIE\"],\"search_id_immo_facile\":95099054}', NULL, NULL, '33.33'),
(160, 6825, 'Besançon Saint Ferjeux', '{\"_token\":\"2zbPP3qMo81foe1pzNvaNxORergBer32nBlhg82L\",\"search_libelle\":\"Besan\\u00e7on Saint Ferjeux\",\"type_id\":[\"1\"],\"field_bien_surface_min\":\"\",\"field_bien_surface_max\":\"\",\"budget_min\":\"\",\"budget_max\":\"350000\",\"field_bien_finance_budget_min\":\"\",\"field_bien_finance_budget_max\":\"\",\"field_secteur_id\":[\"5\"],\"bien_localisation_zone\":\"\",\"bien_description\":\"Maison \\u00e0 Besan\\u00e7on , quartier Rosemont Saint-Ferjeux Malcombe.\\r\\nMinimum 3 chambres, possibilit\\u00e9 4. Minimum 90m2, possibilit\\u00e9 d\'\\u00e9tendre \\u00e0 120 m2.\\r\\n\\r\\nTravaux accept\\u00e9s (m\\u00eame gros travaux type am\\u00e9nagement de combles, \\u00e9lectricit\\u00e9 \\u00e0 refaire, etc...)\\r\\n6 ares de terrain minimum.\\r\\nId\\u00e9alement de construction traditionnelle (avec sous-sol complet)\\r\\n\\r\\nBudget tout inclus (Frais d\'agence, de notaire, travaux \\u00e9ventuels) : 350000\\u20ac.\",\"criteria_id\":[\"CRITERIA_SLOW\",\"CRITERIA_FAMILYLOVE\",\"CRITERIA_HOMESTAG\",\"CRITERIA_PRIMO\",\"CRITERIA_RES_PRINCIP\"],\"search_id_immo_facile\":95247571}', NULL, NULL, '33.33'),
(161, 6890, 'Fuck', '{\"_token\":\"7yNdP30MaNdQVwmcROM78Nn0lQysArOfPKzuQnmN\",\"search_libelle\":\"Fuck\",\"type_id\":[\"1\",\"2\",\"4\"],\"field_bien_surface_min\":\"\",\"field_bien_surface_max\":\"\",\"budget_min\":\"20000\",\"budget_max\":\"250000\",\"field_bien_finance_budget_min\":\"\",\"field_bien_finance_budget_max\":\"\",\"field_secteur_id\":[\"5\"],\"bien_localisation_zone\":\"\",\"bien_description\":\"\",\"criteria_id\":[\"CRITERIA_PRIMO\",\"CRITERIA_RES_PRINCIP\"],\"search_id_immo_facile\":95304490}', NULL, NULL, '50.00'),
(162, 6919, 'appartement ', '{\"_token\":\"HwrM3HVOMnD6kZaoKTomWwCwM5GXHxEWS1BjknNp\",\"search_libelle\":\"appartement \",\"field_bien_surface_min\":\"\",\"field_bien_surface_max\":\"\",\"budget_min\":\"\",\"budget_max\":\"\",\"field_bien_finance_budget_min\":\"\",\"field_bien_finance_budget_max\":\"\",\"bien_localisation_zone\":\"\",\"bien_description\":\"\",\"search_id_immo_facile\":95374544}', NULL, NULL, '0.00'),
(163, 6959, 'MAISON', '{\"_token\":\"G2ShNxiyoPKKJsegoFnJaTlsPnSWqLsf2tep5BZv\",\"search_libelle\":\"MAISON\",\"type_id\":[\"1\",\"3\"],\"field_bien_surface_min\":\"\",\"field_bien_surface_max\":\"\",\"budget_min\":\"\",\"budget_max\":\"\",\"field_bien_finance_budget_min\":\"\",\"field_bien_finance_budget_max\":\"\",\"field_secteur_id\":[\"5\",\"3\",\"4\"],\"bien_localisation_zone\":\"\",\"bien_description\":\"\",\"criteria_id\":[\"CRITERIA_RES_SECOND\"],\"search_id_immo_facile\":96128998}', NULL, NULL, '16.67'),
(164, 6971, 'appart de charme', '{\"_token\":\"zr2CKzTC8Id0ijUOLe6vzKTK0hlZqlaSTrcNegjA\",\"search_libelle\":\"appart de charme\",\"type_id\":[\"2\"],\"field_bien_surface_min\":\"\",\"field_bien_surface_max\":\"\",\"budget_min\":\"100000\",\"budget_max\":\"380000\",\"field_bien_finance_budget_min\":\"\",\"field_bien_finance_budget_max\":\"\",\"field_secteur_id\":[\"5\"],\"bien_localisation_zone\":\"\",\"bien_description\":\"\",\"criteria_id\":[\"CRITERIA_RES_PRINCIP\"],\"search_id_immo_facile\":96365415}', NULL, NULL, '50.00'),
(165, 6971, 'appart boucle', '{\"_token\":\"zr2CKzTC8Id0ijUOLe6vzKTK0hlZqlaSTrcNegjA\",\"search_libelle\":\"appart boucle\",\"type_id\":[\"2\"],\"field_bien_surface_min\":\"\",\"field_bien_surface_max\":\"\",\"budget_min\":\"100000\",\"budget_max\":\"370000\",\"field_bien_finance_budget_min\":\"\",\"field_bien_finance_budget_max\":\"\",\"bien_localisation_zone\":\"\",\"bien_description\":\"\",\"criteria_id\":[\"CRITERIA_RES_PRINCIP\"],\"search_id_immo_facile\":96365419}', NULL, NULL, '50.00'),
(166, 7109, 'maison besancon', '{\"_token\":\"rlcZvNByx9Qh6idfjmwlbLGq552vYh0Le1bvLmvy\",\"search_libelle\":\"maison besancon\",\"type_id\":[\"1\"],\"field_bien_surface_min\":\"\",\"field_bien_surface_max\":\"\",\"budget_min\":\"\",\"budget_max\":\"\",\"field_bien_finance_budget_min\":\"\",\"field_bien_finance_budget_max\":\"\",\"field_secteur_id\":[\"5\"],\"bien_localisation_zone\":\"\",\"bien_description\":\"\",\"criteria_id\":[\"CRITERIA_PRIMO\"],\"search_id_immo_facile\":96473899}', NULL, NULL, '16.67'),
(167, 3884, 'Appartement', '{\"_token\":\"gCWLjp38ns9oF8FdlmBIABSKhgN2ApgywwxnZfHw\",\"search_libelle\":\"Appartement\",\"type_id\":[\"2\"],\"field_bien_surface_min\":\"\",\"field_bien_surface_max\":\"\",\"budget_min\":\"\",\"budget_max\":\"300000\",\"field_bien_finance_budget_min\":\"\",\"field_bien_finance_budget_max\":\"\",\"field_secteur_id\":[\"5\"],\"bien_localisation_zone\":\"\",\"bien_description\":\"\",\"criteria_id\":[\"CRITERIA_HIPSTER\",\"CRITERIA_HIPPIE\",\"CRITERIA_PRIMO\",\"CRITERIA_INVEST\",\"CRITERIA_RES_PRINCIP\"],\"search_id_immo_facile\":96555004}', NULL, NULL, '33.33'),
(168, 7338, 'Achat -130000', '{\"_token\":\"kTTleH8kDsRXIxRXRnFOhT9JCblRyfGi5GMlSJB2\",\"search_libelle\":\"Achat -130000\",\"type_id\":[\"1\",\"2\"],\"field_bien_surface_min\":\"\",\"field_bien_surface_max\":\"\",\"budget_min\":\"\",\"budget_max\":\"135000\",\"field_bien_finance_budget_min\":\"\",\"field_bien_finance_budget_max\":\"\",\"field_secteur_id\":[\"5\"],\"bien_localisation_zone\":\"\",\"bien_description\":\"Avec un balcon et place parking\",\"search_id_immo_facile\":96591241}', NULL, NULL, '33.33'),
(169, 7550, 'STUDIO', '{\"_token\":\"8CuIcsHbxupJsmJ9fNtupyuPzXVzEFkywoIba3Lr\",\"search_libelle\":\"STUDIO\",\"field_bien_surface_min\":\"\",\"field_bien_surface_max\":\"\",\"budget_min\":\"\",\"budget_max\":\"78000\",\"field_bien_finance_budget_min\":\"\",\"field_bien_finance_budget_max\":\"\",\"field_secteur_id\":[\"5\"],\"bien_localisation_zone\":\"\",\"bien_description\":\"\",\"search_id_immo_facile\":96865706}', NULL, NULL, '16.67'),
(170, 7550, 'STUDIO', '{\"_token\":\"8CuIcsHbxupJsmJ9fNtupyuPzXVzEFkywoIba3Lr\",\"search_libelle\":\"STUDIO\",\"field_bien_surface_min\":\"\",\"field_bien_surface_max\":\"\",\"budget_min\":\"\",\"budget_max\":\"78000\",\"field_bien_finance_budget_min\":\"\",\"field_bien_finance_budget_max\":\"\",\"bien_localisation_zone\":\"\",\"bien_description\":\"\",\"search_id_immo_facile\":96865716}', NULL, NULL, '16.67'),
(171, 7571, 'maison', '{\"_token\":\"XBBDtRNsCyw3RB45lgxnd3m6wYuU59IsZQAfded3\",\"search_libelle\":\"maison\",\"type_id\":[\"1\"],\"field_bien_surface_min\":\"\",\"field_bien_surface_max\":\"\",\"budget_min\":\"\",\"budget_max\":\"\",\"field_bien_finance_budget_min\":\"\",\"field_bien_finance_budget_max\":\"\",\"field_secteur_id\":[\"5\",\"3\",\"4\"],\"bien_localisation_zone\":\"\",\"bien_description\":\"\",\"criteria_id\":[\"CRITERIA_HOMESTAG\",\"CRITERIA_RES_PRINCIP\"],\"search_id_immo_facile\":96940001}', NULL, NULL, '16.67'),
(172, 7584, 'Appartement ', '{\"_token\":\"Qt12DTMZ1nbm33uFtQudd4WIQY8wHn2MSd0PPG24\",\"search_libelle\":\"Appartement \",\"type_id\":[\"1\",\"2\"],\"field_bien_surface_min\":\"\",\"field_bien_surface_max\":\"\",\"budget_min\":\"\",\"budget_max\":\"135000\",\"field_bien_finance_budget_min\":\"\",\"field_bien_finance_budget_max\":\"\",\"field_secteur_id\":[\"3\"],\"bien_localisation_zone\":\"\",\"bien_description\":\"Minimum 1 chambres. Un deuxi\\u00e8me chambre ou coin bureau serait un plus. \\r\\nBalcon ou terrasse\\r\\nChauffage individuel\\r\\nCave ou local de rangement. \\r\\nSecteur m\\u00e9tabief et les lacs\\r\\n\",\"criteria_id\":[\"CRITERIA_PRIMO\",\"CRITERIA_RES_PRINCIP\"],\"search_id_immo_facile\":96993071}', NULL, NULL, '33.33'),
(173, 7631, 'Offres Office Immobilier', '{\"_token\":\"zPLj1WUMfKQy85VUQSy3z7R0JyyWC8it7w6jvcKY\",\"search_libelle\":\"Offres Office Immobilier\",\"type_id\":[\"1\"],\"field_bien_surface_min\":\"\",\"field_bien_surface_max\":\"\",\"budget_min\":\"\",\"budget_max\":\"350000\",\"field_bien_finance_budget_min\":\"\",\"field_bien_finance_budget_max\":\"\",\"field_secteur_id\":[\"5\"],\"bien_localisation_zone\":\"\",\"bien_description\":\"Maison au calme avec petit terrain\\r\\n3 chambres\\r\\nPossibilit\\u00e9 parking\\r\\n\",\"criteria_id\":[\"CRITERIA_RES_PRINCIP\"],\"search_id_immo_facile\":97032361}', NULL, NULL, '33.33'),
(174, 7634, 'Appartement ', '{\"_token\":\"s2tYvPqhsmSujl3mANTT3EU6ybn2IHLPhfTK4BIr\",\"search_libelle\":\"Appartement \",\"type_id\":[\"1\",\"2\"],\"field_bien_surface_min\":\"\",\"field_bien_surface_max\":\"\",\"budget_min\":\"\",\"budget_max\":\"200000\",\"field_bien_finance_budget_min\":\"\",\"field_bien_finance_budget_max\":\"\",\"field_secteur_id\":[\"5\"],\"bien_localisation_zone\":\"\",\"bien_description\":\"\",\"criteria_id\":[\"CRITERIA_FAMILYLOVE\",\"CRITERIA_PRIMO\"],\"search_id_immo_facile\":97037257}', NULL, NULL, '33.33'),
(175, 7634, 'Appartement ', '{\"_token\":\"s2tYvPqhsmSujl3mANTT3EU6ybn2IHLPhfTK4BIr\",\"search_libelle\":\"Appartement \",\"type_id\":[\"2\"],\"field_bien_surface_min\":\"\",\"field_bien_surface_max\":\"\",\"budget_min\":\"\",\"budget_max\":\"200000\",\"field_bien_finance_budget_min\":\"\",\"field_bien_finance_budget_max\":\"\",\"field_secteur_id\":[\"5\"],\"bien_localisation_zone\":\"\",\"bien_description\":\"3 chambres \",\"criteria_id\":[\"CRITERIA_FAMILYLOVE\",\"CRITERIA_PRIMO\",\"CRITERIA_RES_PRINCIP\"],\"search_id_immo_facile\":97037261}', NULL, NULL, '33.33'),
(176, 6020, 'appartement boucle', '{\"_token\":\"razVhOwEsIC5U7t9bb0rGoPQsAkVtfuJJZmc5WsX\",\"search_libelle\":\"appartement boucle\",\"type_id\":[\"2\"],\"field_bien_surface_min\":\"\",\"field_bien_surface_max\":\"\",\"budget_min\":\"\",\"budget_max\":\"115000\",\"field_bien_finance_budget_min\":\"\",\"field_bien_finance_budget_max\":\"\",\"field_secteur_id\":[\"5\"],\"bien_localisation_zone\":\"\",\"bien_description\":\"appartement ancien avec cachet 35-40m\\u00b2 lumineux.\",\"criteria_id\":[\"CRITERIA_HIPPIE\",\"CRITERIA_INVEST\"],\"search_id_immo_facile\":97445695}', NULL, NULL, '33.33'),
(177, 7948, 'Investissement ', '{\"_token\":\"GlJOEdsUOQdUgkVt55l3TIe3EmyYsUPaV8t2yAwq\",\"search_libelle\":\"Investissement \",\"type_id\":[\"2\"],\"field_bien_surface_min\":\"\",\"field_bien_surface_max\":\"\",\"budget_min\":\"\",\"budget_max\":\"\",\"field_bien_finance_budget_min\":\"\",\"field_bien_finance_budget_max\":\"\",\"field_secteur_id\":[\"5\"],\"bien_localisation_zone\":\"\",\"bien_description\":\"\",\"criteria_id\":[\"CRITERIA_HIPSTER\",\"CRITERIA_HIPPIE\",\"CRITERIA_SLOW\",\"CRITERIA_HOMESTAG\",\"CRITERIA_INVEST\"],\"search_id_immo_facile\":97457800}', NULL, NULL, '16.67'),
(178, 7958, 'Besancon', '{\"_token\":\"Rv6JOlIko1mJRrIZb8QSmPx2TpynsC0EhNECuXoh\",\"search_libelle\":\"Besancon\",\"type_id\":[\"2\"],\"field_bien_surface_min\":\"\",\"field_bien_surface_max\":\"\",\"budget_min\":\"\",\"budget_max\":\"95000\",\"field_bien_finance_budget_min\":\"\",\"field_bien_finance_budget_max\":\"\",\"field_secteur_id\":[\"5\"],\"bien_localisation_zone\":\"\",\"bien_description\":\"Chauffage et eau chaude collectifs\\r\\nProche de la gare viotte \\u00e0 pied\\r\\nImmeuble sympa de l\'exterieur (pas beaucoup de lot)\",\"criteria_id\":[\"CRITERIA_RES_PRINCIP\"],\"search_id_immo_facile\":97459230}', NULL, NULL, '33.33'),
(179, 7958, 'Besancon', '{\"_token\":\"Rv6JOlIko1mJRrIZb8QSmPx2TpynsC0EhNECuXoh\",\"search_libelle\":\"Besancon\",\"type_id\":[\"2\"],\"field_bien_surface_min\":\"\",\"field_bien_surface_max\":\"\",\"budget_min\":\"\",\"budget_max\":\"95000\",\"field_bien_finance_budget_min\":\"\",\"field_bien_finance_budget_max\":\"\",\"field_secteur_id\":[\"5\"],\"bien_localisation_zone\":\"\",\"bien_description\":\"Chauffage et eau chaude collectifs\\r\\nProche de la gare viotte \\u00e0 pied\\r\\nImmeuble sympa de l\'exterieur (pas beaucoup de lot)\",\"criteria_id\":[\"CRITERIA_RES_PRINCIP\"],\"search_id_immo_facile\":97459231}', NULL, NULL, '33.33'),
(180, 11, 'test', '{\"_token\":\"MUxIot3RSYxWVCa7tOUpvTXT6AK430a4j4SnfupW\",\"search_libelle\":\"test\",\"field_bien_surface_min\":\"\",\"field_bien_surface_max\":\"\",\"budget_min\":\"\",\"budget_max\":\"\",\"field_bien_finance_budget_min\":\"\",\"field_bien_finance_budget_max\":\"\",\"bien_localisation_zone\":\"\",\"bien_description\":\"\",\"criteria_id\":[\"CRITERIA_HIPSTER\",\"CRITERIA_FAMILYLOVE\",\"CRITERIA_INVEST\"],\"search_id_immo_facile\":null}', NULL, NULL, '0.00'),
(181, 8081, 'Appartement ', '{\"_token\":\"HtXxn3hZ6krZqUU8HRbF5OkDUlv93Ga9TgoxQW3R\",\"search_libelle\":\"Appartement \",\"type_id\":[\"2\"],\"field_bien_surface_min\":\"\",\"field_bien_surface_max\":\"\",\"budget_min\":\"\",\"budget_max\":\"\",\"field_bien_finance_budget_min\":\"\",\"field_bien_finance_budget_max\":\"\",\"field_secteur_id\":[\"5\"],\"bien_localisation_zone\":\"\",\"bien_description\":\"\",\"search_id_immo_facile\":97631975}', NULL, NULL, '16.67'),
(182, 8081, 'Appartement ', '{\"_token\":\"HtXxn3hZ6krZqUU8HRbF5OkDUlv93Ga9TgoxQW3R\",\"search_libelle\":\"Appartement \",\"type_id\":[\"2\"],\"field_bien_surface_min\":\"\",\"field_bien_surface_max\":\"\",\"budget_min\":\"\",\"budget_max\":\"\",\"field_bien_finance_budget_min\":\"\",\"field_bien_finance_budget_max\":\"\",\"bien_localisation_zone\":\"\",\"bien_description\":\"\",\"search_id_immo_facile\":97631976}', NULL, NULL, '16.67'),
(183, 8081, 'Appartement ', '{\"_token\":\"HtXxn3hZ6krZqUU8HRbF5OkDUlv93Ga9TgoxQW3R\",\"search_libelle\":\"Appartement \",\"type_id\":[\"2\"],\"field_bien_surface_min\":\"\",\"field_bien_surface_max\":\"\",\"budget_min\":\"\",\"budget_max\":\"\",\"field_bien_finance_budget_min\":\"\",\"field_bien_finance_budget_max\":\"\",\"bien_localisation_zone\":\"\",\"bien_description\":\"\",\"search_id_immo_facile\":97631978}', NULL, NULL, '16.67'),
(184, 3802, 'test', '{\"_token\":\"SEIN4LQDvqb3mD2BFVuPoOW0PRR2RK72fAFkw0ip\",\"search_libelle\":\"test\",\"field_bien_surface_min\":\"\",\"field_bien_surface_max\":\"\",\"budget_min\":\"1000\",\"budget_max\":\"2000\",\"field_bien_finance_budget_min\":\"\",\"field_bien_finance_budget_max\":\"\",\"field_secteur_id\":[\"3\"],\"bien_localisation_zone\":\"\",\"bien_description\":\"\",\"search_id_immo_facile\":97647923}', NULL, NULL, '33.33'),
(185, 8160, 'Achat', '{\"_token\":\"fIwepXOV251xDuEm6Hk1hhGc4TAhSlZlU0aVBnzd\",\"search_libelle\":\"Achat\",\"type_id\":[\"2\"],\"field_bien_surface_min\":\"\",\"field_bien_surface_max\":\"\",\"budget_min\":\"\",\"budget_max\":\"250000\",\"field_bien_finance_budget_min\":\"\",\"field_bien_finance_budget_max\":\"\",\"field_secteur_id\":[\"5\"],\"bien_localisation_zone\":\"\",\"bien_description\":\"\",\"criteria_id\":[\"CRITERIA_HIPPIE\",\"CRITERIA_SLOW\",\"CRITERIA_PRIMO\",\"CRITERIA_RES_PRINCIP\"],\"search_id_immo_facile\":97811832}', NULL, NULL, '33.33'),
(186, 8160, 'Achat', '{\"_token\":\"fIwepXOV251xDuEm6Hk1hhGc4TAhSlZlU0aVBnzd\",\"search_libelle\":\"Achat\",\"type_id\":[\"2\"],\"field_bien_surface_min\":\"\",\"field_bien_surface_max\":\"\",\"budget_min\":\"\",\"budget_max\":\"250000\",\"field_bien_finance_budget_min\":\"\",\"field_bien_finance_budget_max\":\"\",\"field_secteur_id\":[\"5\"],\"bien_localisation_zone\":\"\",\"bien_description\":\"\",\"criteria_id\":[\"CRITERIA_HIPPIE\",\"CRITERIA_SLOW\",\"CRITERIA_PRIMO\",\"CRITERIA_RES_PRINCIP\"],\"search_id_immo_facile\":97811842}', NULL, NULL, '33.33'),
(187, 8178, 'Appartement Perso', '{\"_token\":\"H23hSnIqJ45sJfPTVIUWz32hbSuIsRYXw3hoJ2AQ\",\"search_libelle\":\"Appartement Perso\",\"type_id\":[\"1\",\"2\"],\"field_bien_surface_min\":\"\",\"field_bien_surface_max\":\"\",\"budget_min\":\"60000\",\"budget_max\":\"500000\",\"field_bien_finance_budget_min\":\"\",\"field_bien_finance_budget_max\":\"\",\"field_secteur_id\":[\"5\"],\"bien_localisation_zone\":\"\",\"bien_description\":\"\",\"criteria_id\":[\"CRITERIA_HIPSTER\",\"CRITERIA_HIPPIE\",\"CRITERIA_HOMESTAG\",\"CRITERIA_RES_PRINCIP\"],\"search_id_immo_facile\":97879063}', NULL, NULL, '50.00');
INSERT INTO `account_search` (`search_id`, `user_id`, `search_libelle`, `search_data`, `search_created_at`, `search_updated_at`, `search_completion`) VALUES
(188, 8160, '1', '{\"_token\":\"qHxyGqYA8vUPSKBDmRulsMuiQxbAKBVv7U9xhr0o\",\"search_libelle\":\"1\",\"type_id\":[\"2\"],\"field_bien_surface_min\":\"\",\"field_bien_surface_max\":\"\",\"budget_min\":\"\",\"budget_max\":\"250000\",\"field_bien_finance_budget_min\":\"\",\"field_bien_finance_budget_max\":\"\",\"field_secteur_id\":[\"5\"],\"bien_localisation_zone\":\"\",\"bien_description\":\"\",\"search_id_immo_facile\":97947635}', NULL, NULL, '33.33'),
(189, 8160, '1', '{\"_token\":\"qHxyGqYA8vUPSKBDmRulsMuiQxbAKBVv7U9xhr0o\",\"search_libelle\":\"1\",\"type_id\":[\"2\"],\"field_bien_surface_min\":\"\",\"field_bien_surface_max\":\"\",\"budget_min\":\"\",\"budget_max\":\"250000\",\"field_bien_finance_budget_min\":\"\",\"field_bien_finance_budget_max\":\"\",\"field_secteur_id\":[\"5\"],\"bien_localisation_zone\":\"\",\"bien_description\":\"\",\"search_id_immo_facile\":97947636}', NULL, NULL, '33.33'),
(190, 9216, '1', '{\"_token\":\"QRJOropsqP0zgnxf7VtcAMQGiF4GMYKlMqsqks2p\",\"search_libelle\":\"1\",\"type_id\":[\"1\",\"2\"],\"field_bien_surface_min\":\"0\",\"field_bien_surface_max\":\"280\",\"budget_min\":\"30000\",\"budget_max\":\"30000\",\"field_bien_finance_budget_min\":\"30000\",\"field_bien_finance_budget_max\":\"30000\",\"bien_localisation_zone\":\"\",\"bien_description\":\"\",\"search_id_immo_facile\":98399888}', NULL, NULL, '83.33'),
(191, 9220, 'besancon', '{\"_token\":\"EHG7zpUlFmS7vhP8BUmd26DdyzSt4abJ1MqzOg1U\",\"search_libelle\":\"besancon\",\"type_id\":[\"2\"],\"field_bien_surface_min\":\"0\",\"field_bien_surface_max\":\"280\",\"budget_min\":\"30000\",\"budget_max\":\"500000\",\"field_bien_finance_budget_min\":\"30000\",\"field_bien_finance_budget_max\":\"500000\",\"bien_localisation_zone\":\"\",\"bien_description\":\"\",\"search_id_immo_facile\":98401964}', NULL, NULL, '83.33'),
(192, 9302, 'BESANCON', '{\"_token\":\"gItdFgdCcMsMbukVdL6ImwsSHhJGgbmPBGpP4ZQl\",\"search_libelle\":\"BESANCON\",\"type_id\":[\"2\"],\"field_bien_surface_min\":\"0\",\"field_bien_surface_max\":\"150\",\"search_interieur_chambre\":\"1\",\"budget_min\":\"30000\",\"budget_max\":\"180000\",\"field_bien_finance_budget_min\":\"30000\",\"field_bien_finance_budget_max\":\"180000\",\"bien_localisation_zone\":\"\",\"bien_description\":\"\",\"search_id_immo_facile\":98435808}', NULL, NULL, '83.33'),
(193, 9572, 'maison grand besançon', '{\"_token\":\"FBCqUyzE4tEKr7F4fnW4NwLwZZOCRAJccdodr7Lw\",\"search_libelle\":\"maison grand besan\\u00e7on\",\"type_id\":[\"1\"],\"field_bien_surface_min\":\"110\",\"field_bien_surface_max\":\"230\",\"search_interieur_chambre\":\"3\",\"budget_min\":\"260000\",\"budget_max\":\"300000\",\"field_bien_finance_budget_min\":\"260000\",\"field_bien_finance_budget_max\":\"300000\",\"field_secteur_id\":[\"5\"],\"bien_localisation_zone\":\"\",\"bien_description\":\"\",\"criteria_id\":[\"CRITERIA_PRIMO\"],\"search_id_immo_facile\":98593769}', NULL, NULL, '83.33'),
(194, 1154, 'appartement', '{\"_token\":\"QPP3Sh2iU69fW6d8dEUf4PF00hg4MQnyCr22evQt\",\"search_libelle\":\"appartement\",\"type_id\":[\"2\"],\"field_bien_surface_min\":\"35\",\"field_bien_surface_max\":\"45\",\"search_interieur_chambre\":\"1\",\"budget_min\":\"70000\",\"budget_max\":\"90000\",\"field_bien_finance_budget_min\":\"70000\",\"field_bien_finance_budget_max\":\"90000\",\"bien_localisation_zone\":\"\",\"bien_description\":\"Bonjour\\r\\nNous sommes en recherche d\'un petit pied \\u00e0 terre en ville (tr\\u00e8s proche boucle ou Boucle) DERNIER NIVEAU,  1 chambre s\\u00e9par\\u00e9e, parking (souhaitable ou proximit\\u00e9). \",\"criteria_id\":[\"CRITERIA_GENTELEMAN\"],\"search_id_immo_facile\":98698037}', NULL, NULL, '83.33'),
(195, 9689, 'INVESTISSEMENT LOCATIF', '{\"_token\":\"ESrBHMkdbfaIrVw6zk0ptnEKp7v16h0Eup6xMKIJ\",\"search_libelle\":\"INVESTISSEMENT LOCATIF\",\"type_id\":[\"2\"],\"field_bien_surface_min\":\"0\",\"field_bien_surface_max\":\"70\",\"search_interieur_chambre\":\"1\",\"budget_min\":\"30000\",\"budget_max\":\"100000\",\"field_bien_finance_budget_min\":\"30000\",\"field_bien_finance_budget_max\":\"100000\",\"field_secteur_id\":[\"5\"],\"bien_localisation_zone\":\"\",\"bien_description\":\"\",\"criteria_id\":[\"CRITERIA_INVEST\"],\"search_id_immo_facile\":98702603}', NULL, NULL, '83.33'),
(196, 9689, 'RESIDENCE PRINCIPALE', '{\"_token\":\"ESrBHMkdbfaIrVw6zk0ptnEKp7v16h0Eup6xMKIJ\",\"search_libelle\":\"RESIDENCE PRINCIPALE\",\"type_id\":[\"1\",\"2\"],\"field_bien_surface_min\":\"120\",\"field_bien_surface_max\":\"280\",\"search_interieur_chambre\":\"3\",\"budget_min\":\"150000\",\"budget_max\":\"400000\",\"field_bien_divers_balcon_terrasse\":\"1\",\"field_bien_divers_parking_garage\":\"1\",\"field_bien_finance_budget_min\":\"150000\",\"field_bien_finance_budget_max\":\"400000\",\"field_secteur_id\":[\"5\"],\"bien_localisation_zone\":\"\",\"bien_description\":\"\",\"criteria_id\":[\"CRITERIA_RES_PRINCIP\"],\"search_id_immo_facile\":98702633}', NULL, NULL, '83.33'),
(197, 8630, 'Garage', '{\"_token\":\"8pUMmQ2FR2pCXzVSdcJv6k64dD7u9nXUu8nE07NI\",\"search_libelle\":\"Garage\",\"field_bien_surface_min\":\"0\",\"field_bien_surface_max\":\"35\",\"budget_min\":\"30000\",\"budget_max\":\"249000\",\"field_bien_finance_budget_min\":\"30000\",\"field_bien_finance_budget_max\":\"249000\",\"bien_localisation_zone\":\"[\\\"47.244482245729166,6.028526533436174\\\",\\\"47.242115055147,6.032893169712419\\\",\\\"47.24525235520825,6.033544727598104\\\"]\",\"bien_description\":\"Box pour voiture et moto\",\"search_id_immo_facile\":98753695}', NULL, NULL, '66.67'),
(198, 1621, 'Besac', '{\"_token\":\"LwJgsU7GrilscL4VbD88O2QbwdzloB8b1wSijjmu\",\"search_libelle\":\"Besac\",\"type_id\":[\"1\",\"2\"],\"field_bien_surface_min\":\"85\",\"field_bien_surface_max\":\"85\",\"search_interieur_chambre\":\"3\",\"budget_min\":\"30000\",\"budget_max\":\"330000\",\"field_bien_finance_budget_min\":\"30000\",\"field_bien_finance_budget_max\":\"330000\",\"field_secteur_id\":[\"5\"],\"bien_localisation_zone\":\"\",\"bien_description\":\"\",\"search_id_immo_facile\":98773092}', NULL, NULL, '83.33'),
(199, 1621, 'Besac', '{\"_token\":\"LwJgsU7GrilscL4VbD88O2QbwdzloB8b1wSijjmu\",\"search_libelle\":\"Besac\",\"type_id\":[\"1\",\"2\"],\"field_bien_surface_min\":\"0\",\"field_bien_surface_max\":\"280\",\"search_interieur_chambre\":\"3\",\"budget_min\":\"30000\",\"budget_max\":\"330000\",\"field_bien_finance_budget_min\":\"30000\",\"field_bien_finance_budget_max\":\"500000\",\"bien_localisation_zone\":\"\",\"bien_description\":\"\",\"search_id_immo_facile\":98773097}', NULL, NULL, '83.33'),
(200, 1621, 'Besac', '{\"_token\":\"LwJgsU7GrilscL4VbD88O2QbwdzloB8b1wSijjmu\",\"search_libelle\":\"Besac\",\"type_id\":[\"1\",\"2\"],\"field_bien_surface_min\":\"0\",\"field_bien_surface_max\":\"0\",\"search_interieur_chambre\":\"3\",\"budget_min\":\"30000\",\"budget_max\":\"330000\",\"field_bien_finance_budget_min\":\"30000\",\"field_bien_finance_budget_max\":\"500000\",\"field_secteur_id\":[\"5\"],\"bien_localisation_zone\":\"\",\"bien_description\":\"\",\"search_id_immo_facile\":98773103}', NULL, NULL, '83.33'),
(201, 1621, 'Besac', '{\"_token\":\"LwJgsU7GrilscL4VbD88O2QbwdzloB8b1wSijjmu\",\"search_libelle\":\"Besac\",\"type_id\":[\"1\",\"2\"],\"field_bien_surface_min\":\"85\",\"field_bien_surface_max\":\"280\",\"search_interieur_chambre\":\"3\",\"budget_min\":\"30000\",\"budget_max\":\"330000\",\"field_bien_finance_budget_min\":\"30000\",\"field_bien_finance_budget_max\":\"500000\",\"bien_localisation_zone\":\"[\\\"47.23713937140973,5.999860096046876\\\",\\\"47.224317082531435,6.029214191505861\\\",\\\"47.22956293929318,6.043290424416017\\\",\\\"47.24657925551935,6.039170551369142\\\",\\\"47.24890983217341,6.03247575766797\\\",\\\"47.24914288419887,6.025265979835939\\\"]\",\"bien_description\":\"\",\"criteria_id\":[\"CRITERIA_RES_PRINCIP\"],\"search_id_immo_facile\":98773123,\"bien_localisation_cp_ville\":\"\",\"city_id\":\"\",\"bien_localisation_cp\":\"\",\"bien_localisation_ville\":\"\",\"bien_localisation_lat\":\"\",\"bien_localisation_lng\":\"\"}', NULL, NULL, '83.33'),
(202, 9937, 'Nouvel Appartement', '{\"_token\":\"yFiIbjesa1PRwRt47845fewaAwBVRMI6scoIvw7a\",\"search_libelle\":\"Nouvel Appartement\",\"type_id\":[\"1\",\"2\"],\"field_bien_surface_min\":\"0\",\"field_bien_surface_max\":\"280\",\"search_interieur_chambre\":\"2\",\"budget_min\":\"30000\",\"budget_max\":\"500000\",\"field_bien_finance_budget_min\":\"30000\",\"field_bien_finance_budget_max\":\"500000\",\"bien_localisation_zone\":\"\",\"bien_description\":\"\",\"search_id_immo_facile\":99171375}', NULL, NULL, '83.33'),
(203, 10272, 'recherche appartement', '{\"_token\":\"jX87BuhPt53alqyE4FhgANKOhpG5tiyJZzP2hTrZ\",\"search_libelle\":\"recherche appartement\",\"type_id\":[\"2\"],\"field_bien_surface_min\":\"50\",\"field_bien_surface_max\":\"90\",\"search_interieur_chambre\":\"2\",\"bien_localisation_rez_chaussee\":\"1\",\"budget_min\":\"30000\",\"budget_max\":\"31000\",\"field_bien_divers_balcon_terrasse\":\"1\",\"field_bien_finance_budget_min\":\"30000\",\"field_bien_finance_budget_max\":\"31000\",\"bien_localisation_zone\":\"[\\\"47.34542566080833,6.402505266735505\\\",\\\"47.228051165768214,5.974038469860505\\\",\\\"47.280249762822564,5.974038469860505\\\"]\",\"bien_description\":\"m\\u00eame petit, si possible rez de chauss\\u00e9 ou coin verdure\",\"criteria_id\":[\"CRITERIA_FAMILYLOVE\",\"CRITERIA_RES_PRINCIP\"],\"search_id_immo_facile\":99665040,\"bien_localisation_cp_ville\":\"\",\"city_id\":\"\",\"bien_localisation_cp\":\"\",\"bien_localisation_ville\":\"\",\"bien_localisation_lat\":\"\",\"bien_localisation_lng\":\"\"}', NULL, NULL, '83.33'),
(204, 10272, 'recherche appartement', '{\"_token\":\"jX87BuhPt53alqyE4FhgANKOhpG5tiyJZzP2hTrZ\",\"search_libelle\":\"recherche appartement\",\"type_id\":[\"2\"],\"field_bien_surface_min\":\"50\",\"field_bien_surface_max\":\"90\",\"search_interieur_chambre\":\"2\",\"bien_localisation_rez_chaussee\":\"1\",\"budget_min\":\"30000\",\"budget_max\":\"31000\",\"field_bien_divers_balcon_terrasse\":\"1\",\"field_bien_finance_budget_min\":\"30000\",\"field_bien_finance_budget_max\":\"31000\",\"bien_localisation_zone\":\"[\\\"47.34542566080833,6.402505266735505\\\",\\\"47.228051165768214,5.974038469860505\\\",\\\"47.280249762822564,5.974038469860505\\\"]\",\"bien_description\":\"m\\u00eame petit, si possible rez de chauss\\u00e9 ou coin verdure\",\"criteria_id\":[\"CRITERIA_FAMILYLOVE\",\"CRITERIA_RES_PRINCIP\"],\"search_id_immo_facile\":99665041,\"bien_localisation_cp_ville\":\"\",\"city_id\":\"\",\"bien_localisation_cp\":\"\",\"bien_localisation_ville\":\"\",\"bien_localisation_lat\":\"\",\"bien_localisation_lng\":\"\"}', NULL, NULL, '83.33'),
(205, 10272, 'recherche appartement', '{\"_token\":\"jX87BuhPt53alqyE4FhgANKOhpG5tiyJZzP2hTrZ\",\"search_libelle\":\"recherche appartement\",\"type_id\":[\"2\"],\"field_bien_surface_min\":\"0\",\"field_bien_surface_max\":\"280\",\"search_interieur_chambre\":\"2\",\"bien_localisation_rez_chaussee\":\"1\",\"budget_min\":\"30000\",\"budget_max\":\"31000\",\"field_bien_divers_balcon_terrasse\":\"1\",\"field_bien_finance_budget_min\":\"30000\",\"field_bien_finance_budget_max\":\"500000\",\"field_secteur_id\":[\"5\",\"4\"],\"bien_localisation_zone\":\"\",\"bien_description\":\"m\\u00eame petit, si possible rez de chauss\\u00e9 ou coin verdure\",\"criteria_id\":[\"CRITERIA_FAMILYLOVE\",\"CRITERIA_RES_PRINCIP\"],\"search_id_immo_facile\":99665042}', NULL, NULL, '83.33'),
(206, 10284, '8977-3', '{\"_token\":\"aqSsOpM1IWnxAM2ji50Nih3PxLkLWKoVlelcmp4D\",\"search_libelle\":\"8977-3\",\"field_bien_surface_min\":\"0\",\"field_bien_surface_max\":\"280\",\"budget_min\":\"30000\",\"budget_max\":\"500000\",\"field_bien_finance_budget_min\":\"30000\",\"field_bien_finance_budget_max\":\"500000\",\"bien_localisation_zone\":\"\",\"bien_description\":\"\",\"search_id_immo_facile\":99686646}', NULL, NULL, '66.67'),
(207, 10284, '8977-3', '{\"_token\":\"aqSsOpM1IWnxAM2ji50Nih3PxLkLWKoVlelcmp4D\",\"search_libelle\":\"8977-3\",\"type_id\":[\"2\"],\"field_bien_surface_min\":\"100\",\"field_bien_surface_max\":\"280\",\"search_interieur_chambre\":\"3\",\"budget_min\":\"30000\",\"budget_max\":\"500000\",\"field_bien_divers_balcon_terrasse\":\"1\",\"field_bien_divers_parking_garage\":\"1\",\"field_bien_divers_ascenseur\":\"1\",\"field_bien_finance_budget_min\":\"30000\",\"field_bien_finance_budget_max\":\"500000\",\"bien_localisation_zone\":\"\",\"bien_description\":\"\",\"criteria_id\":[\"CRITERIA_RES_PRINCIP\"],\"search_id_immo_facile\":99686655}', NULL, NULL, '83.33'),
(208, 10344, 'Appartement', '{\"_token\":\"ltO3FQfpH3zaQ4QKUBGDUo3vpV7TWpFZ7nUlQyes\",\"search_libelle\":\"Appartement\",\"type_id\":[\"2\"],\"field_bien_surface_min\":\"50\",\"field_bien_surface_max\":\"100\",\"search_interieur_chambre\":\"1\",\"budget_min\":\"30000\",\"budget_max\":\"175000\",\"field_bien_divers_balcon_terrasse\":\"1\",\"field_bien_finance_budget_min\":\"30000\",\"field_bien_finance_budget_max\":\"175000\",\"field_secteur_id\":[\"5\"],\"bien_localisation_zone\":\"\",\"bien_description\":\"Grand espace ouvert Cuisine\\/Salon\\/S\\u00e9jour \\r\\n1 chambre minimum avec 1 pi\\u00e8ce d\'appoint en plus (bureau\\/Chambre d\'amis)\\r\\nExt\\u00e9rieur (balcon + \\/ Terrasse +++)\\r\\nMax 30 min \\u00e0 pied du centre ville \",\"criteria_id\":[\"CRITERIA_HIPSTER\",\"CRITERIA_HIPPIE\",\"CRITERIA_HOMESTAG\",\"CRITERIA_PRIMO\",\"CRITERIA_RES_PRINCIP\"],\"search_id_immo_facile\":99759490}', NULL, NULL, '83.33'),
(209, 10356, 'Recherche Maison à 20/30 min du CV à pied - Avec travaux', '{\"_token\":\"lUtEXd093mLhwqtXUngFqZLqGXBwLkgOnU4jNiY0\",\"search_id\":\"209\",\"type_id\":[\"1\"],\"field_quartier_id\":[\"5\"],\"surface_min\":\"76\",\"surface_max\":\"280\",\"budget_min\":\"30000\",\"budget_max\":\"301000\",\"field_bien_divers_parking_garage\":\"1\",\"field_bien_surface_min\":\"76\",\"field_bien_surface_max\":\"280\",\"field_bien_finance_budget_min\":\"30000\",\"field_bien_finance_budget_max\":\"301000\",\"search_libelle\":\"Recherche Maison \\u00e0 20\\/30 min du CV \\u00e0 pied - Avec travaux\",\"search_id_immo_facile\":99780994}', NULL, NULL, '83.33'),
(210, 8623, 'Appart_Maison_Besançon', '{\"_token\":\"AN4gYT3RP67ZVDgKbgkh12YgISMPUlRd2X0B1UkG\",\"search_libelle\":\"Appart_Maison_Besan\\u00e7on\",\"type_id\":[\"2\"],\"field_bien_surface_min\":\"0\",\"field_bien_surface_max\":\"280\",\"search_interieur_chambre\":\"3\",\"budget_min\":\"190000\",\"budget_max\":\"390000\",\"field_bien_finance_budget_min\":\"190000\",\"field_bien_finance_budget_max\":\"390000\",\"field_secteur_id\":[\"5\"],\"bien_localisation_zone\":\"\",\"bien_description\":\"\",\"search_id_immo_facile\":99810823}', NULL, NULL, '83.33'),
(211, 8623, 'test2', '{\"_token\":\"0k6L7TAkBMymLyPveeKMr3dDQrdgqQFO4px9TNzs\",\"search_libelle\":\"test2\",\"type_id\":[\"2\"],\"field_bien_surface_min\":\"0\",\"field_bien_surface_max\":\"280\",\"search_interieur_chambre\":\"3\",\"budget_min\":\"190000\",\"budget_max\":\"500000\",\"field_bien_finance_budget_min\":\"190000\",\"field_bien_finance_budget_max\":\"500000\",\"field_secteur_id\":[\"5\"],\"bien_localisation_zone\":\"\",\"bien_description\":\"\",\"search_id_immo_facile\":99825848}', NULL, NULL, '83.33'),
(212, 2343, 'besançon', '{\"_token\":\"zA0yaV6JNgC7OUz0UyAStjhaDrJSJA3G4xokYmTA\",\"search_libelle\":\"besan\\u00e7on\",\"type_id\":[\"1\",\"3\",\"5\"],\"field_bien_surface_min\":\"100\",\"field_bien_surface_max\":\"280\",\"budget_min\":\"30000\",\"budget_max\":\"300000\",\"field_bien_finance_budget_min\":\"30000\",\"field_bien_finance_budget_max\":\"300000\",\"field_secteur_id\":[\"5\"],\"bien_localisation_zone\":\"\",\"bien_description\":\"\",\"criteria_id\":[\"CRITERIA_RES_PRINCIP\"],\"search_id_immo_facile\":99826173}', NULL, NULL, '83.33'),
(213, 10393, 'APPARTEMENT CV BOUCLE', '{\"_token\":\"PO7HYv9wNosEOba6k506TxbsSoVoDFogu4bKf9bd\",\"search_libelle\":\"APPARTEMENT CV BOUCLE\",\"type_id\":[\"2\"],\"field_bien_surface_min\":\"95\",\"field_bien_surface_max\":\"280\",\"search_interieur_chambre\":\"3\",\"budget_min\":\"190000\",\"budget_max\":\"450000\",\"field_bien_finance_budget_min\":\"190000\",\"field_bien_finance_budget_max\":\"450000\",\"field_secteur_id\":[\"5\"],\"bien_localisation_zone\":\"\",\"bien_description\":\"- SECTEUR : CENTRE VILLE BOUCLE OU BATTANT \\/ FONTAINE ARGENT MOUILLERE \\/ CANOT \\/ CHAPRAIS \\/ PROCHE CENTRE VILLE, A PLAT PAR RAPPORT A LA GRANDE RUE \\/ PROCHE TRAMWAY \\/ AUCUNE VISITE AU DELA DU SECTEUR HYPER CENTRE, PAS PLUS DE 10 MIN A PIEDS DU CENTRE VILLE - PEU ETUDIER PROPOSITION VERS PLACE FLORE - RUE KRUG\\r\\n\\r\\n- STYLE : RECHERCHE MOULURES \\/ BOISERIES \\/ CARRELAGES ANCIENS \\/ PARQUET EXIGE \\/ XVII-XVIIIEME \\/ HAUTEUR SOUS PLAFOND (MINIMUM 2,90-3m) OU SI RENOVE, BAS DE PLAFOND, SECTEUR IDEAL (BOUCLE)\\r\\n\\r\\n- ETAGE ELEVE \\/ LUMINEUX \\r\\n\\r\\n- EXTERIEUR TRES APPRECIE (BALCON TERRASSE) OU COUR INTERIEURE \\r\\n\\r\\n- LOCAL - ATELIER - CAVE ACCESSIBLE APPRECIE \\r\\n\\r\\n- VUE DEGAGEE OU CENTRE HISTORIQUE \\r\\n\\r\\n- CUISINE SEPAREE DE PREFERENCE\\r\\n\\r\\n- 1 CHAMBRE PARENTALE (PEUT ETRE REDUITE) + SOIT 2 GRANDES CHAMBRES SOIT 4 CHAMBRES (POSSIBILITE TAILLE MODESTE TYPE 8-9M2) - POUR FAMILLE AVEC 4 ENFANTS\",\"criteria_id\":[\"CRITERIA_FAMILYLOVE\",\"CRITERIA_RES_PRINCIP\"],\"search_id_immo_facile\":99862404}', NULL, NULL, '83.33'),
(214, 10394, 'Proche centre', '{\"_token\":\"LpYpohNoCwOc4dBHvfvXV6PNOuXnUb3YuJzT5rCu\",\"search_libelle\":\"Proche centre\",\"type_id\":[\"1\"],\"field_bien_surface_min\":\"70\",\"field_bien_surface_max\":\"120\",\"search_interieur_chambre\":\"3\",\"budget_min\":\"200000\",\"budget_max\":\"350000\",\"field_bien_divers_balcon_terrasse\":\"1\",\"field_bien_divers_parking_garage\":\"1\",\"field_bien_finance_budget_min\":\"200000\",\"field_bien_finance_budget_max\":\"350000\",\"bien_localisation_zone\":\"[\\\"47.24427892673527,6.0217478082565945\\\",\\\"47.23915107447176,6.086979131498782\\\",\\\"47.21513680090931,6.043377141752688\\\",\\\"47.21560320106068,5.990848760405032\\\",\\\"47.23518830323301,5.997715215483157\\\"]\",\"bien_description\":\"Id\\u00e9alement maison avec terrasse (ou possibilit\\u00e9) et espace vert\\r\\n\\r\\nVieille Pierre\\/parquet\\r\\n\\r\\n\",\"criteria_id\":[\"CRITERIA_GENTELEMAN\",\"CRITERIA_HOMESTAG\",\"CRITERIA_RES_PRINCIP\"],\"search_id_immo_facile\":99866095,\"bien_localisation_cp_ville\":\"\",\"city_id\":\"\",\"bien_localisation_cp\":\"\",\"bien_localisation_ville\":\"\",\"bien_localisation_lat\":\"\",\"bien_localisation_lng\":\"\"}', NULL, NULL, '83.33'),
(215, 10394, 'Proche centre', '{\"_token\":\"LpYpohNoCwOc4dBHvfvXV6PNOuXnUb3YuJzT5rCu\",\"search_id\":\"215\",\"type_id\":[\"1\",\"2\"],\"surface_min\":\"71\",\"surface_max\":\"280\",\"budget_min\":\"198000\",\"budget_max\":\"380000\",\"field_bien_surface_min\":\"71\",\"field_bien_surface_max\":\"280\",\"field_bien_finance_budget_min\":\"198000\",\"field_bien_finance_budget_max\":\"380000\",\"search_libelle\":\"Proche centre\",\"search_id_immo_facile\":99866113}', NULL, NULL, '83.33'),
(216, 10413, 'famille recherche (URGENT )location', '{\"_token\":\"RgOin5g3tpM49MJRxdhvciRHGzFsga2qXkIKuGuK\",\"search_libelle\":\"famille recherche (URGENT )location\",\"type_id\":[\"1\"],\"field_bien_surface_min\":\"90\",\"field_bien_surface_max\":\"190\",\"search_interieur_chambre\":\"3\",\"budget_min\":\"30000\",\"budget_max\":\"30000\",\"field_bien_divers_parking_garage\":\"1\",\"field_bien_finance_budget_min\":\"30000\",\"field_bien_finance_budget_max\":\"30000\",\"bien_localisation_zone\":\"[\\\"47.08193109431075,5.884989130566072\\\",\\\"47.23227673779938,6.012705195019197\\\",\\\"47.295648999450734,5.768259394237947\\\",\\\"47.15110435603832,5.5790277649299735\\\"]\",\"bien_description\":\"Recherche une location maison , urgent car notre location actuel est reprise par la fille de ma propri\\u00e9taire , nous avons jusqu\'au 30 novembre sinon pas de pr\\u00e9avis arrangement avec la propri\\u00e9taire.\\r\\nNous sommes une famille avec un enfant de deux ans , le secteur est assez large car  mon concubin travail a Velesmes essart pr\\u00e9s de saint vit  pas plus de 25 min de route entre la maison est le travail .\\r\\nCette maison doit conprendre :\\r\\nun petit terrain ou cours \\r\\n3 chambre \\r\\nun garage ou abris voiture ou parking a voir \",\"criteria_id\":[\"CRITERIA_GENTELEMAN\",\"CRITERIA_FAMILYLOVE\"],\"search_id_immo_facile\":99904807,\"bien_localisation_cp_ville\":\"\",\"city_id\":\"\",\"bien_localisation_cp\":\"\",\"bien_localisation_ville\":\"\",\"bien_localisation_lat\":\"\",\"bien_localisation_lng\":\"\"}', NULL, NULL, '83.33'),
(217, 10414, 'Appart', '{\"_token\":\"hKzQjpd9l1exHMMiQD9q0zFXWCoxGpHhdekyHJcs\",\"search_libelle\":\"Appart\",\"type_id\":[\"1\",\"2\"],\"field_bien_surface_min\":\"50\",\"field_bien_surface_max\":\"280\",\"search_interieur_chambre\":\"2\",\"bien_localisation_dernier_etage\":\"1\",\"budget_min\":\"30000\",\"budget_max\":\"500000\",\"field_bien_divers_balcon_terrasse\":\"1\",\"field_bien_divers_parking_garage\":\"1\",\"field_bien_finance_budget_min\":\"30000\",\"field_bien_finance_budget_max\":\"500000\",\"field_secteur_id\":[\"5\"],\"bien_localisation_zone\":\"\",\"bien_description\":\"\",\"criteria_id\":[\"CRITERIA_PRIMO\"],\"search_id_immo_facile\":99944734}', NULL, NULL, '83.33'),
(218, 10425, 'besancon', '{\"_token\":\"OCxjQ7s1n60acfhtygdfT5DQdvzZhM9TIdLVTuAY\",\"search_libelle\":\"besancon\",\"field_bien_surface_min\":\"0\",\"field_bien_surface_max\":\"280\",\"budget_min\":\"30000\",\"budget_max\":\"30000\",\"field_bien_finance_budget_min\":\"30000\",\"field_bien_finance_budget_max\":\"30000\",\"bien_localisation_zone\":\"\",\"bien_description\":\"\",\"search_id_immo_facile\":99945415}', NULL, NULL, '66.67'),
(219, 10440, 'Appart', '{\"_token\":\"M92HNHAavzCyTly9aONdhmkDDyCiUdU0uCkYAPaM\",\"search_libelle\":\"Appart\",\"type_id\":[\"2\"],\"field_bien_surface_min\":\"40\",\"field_bien_surface_max\":\"280\",\"search_interieur_chambre\":\"1\",\"budget_min\":\"30000\",\"budget_max\":\"150000\",\"field_bien_divers_travaux\":\"1\",\"field_bien_finance_budget_min\":\"30000\",\"field_bien_finance_budget_max\":\"150000\",\"bien_localisation_zone\":\"[\\\"47.238083427781994,6.018392828596708\\\",\\\"47.23668830497629,6.017578589409633\\\",\\\"47.23429891144546,6.016548621147915\\\",\\\"47.23196769197504,6.016634451836391\\\",\\\"47.22998607479571,6.0183510656059225\\\",\\\"47.230102642563146,6.0204968328178365\\\",\\\"47.230102642563146,6.022985922783657\\\",\\\"47.23004435871149,6.025131689995571\\\",\\\"47.22905352342682,6.027277457207485\\\",\\\"47.2288644371217,6.028885279696992\\\",\\\"47.227990152192575,6.031031046908906\\\",\\\"47.22688270391326,6.031889353793671\\\",\\\"47.22577523249593,6.032575999301484\\\",\\\"47.22618325097323,6.034378443759492\\\",\\\"47.22699927850594,6.036095057529023\\\",\\\"47.22729071386602,6.037125025790742\\\",\\\"47.2278152934762,6.039013300937226\\\",\\\"47.2295638546818,6.038498316806367\\\",\\\"47.23183689801093,6.036867533725312\\\",\\\"47.23370188639394,6.036009226840546\\\",\\\"47.2363826922116,6.034550105136445\\\",\\\"47.23859716863875,6.032747660678437\\\",\\\"47.240777568295975,6.031116877597382\\\",\\\"47.241593371129056,6.027769480746796\\\",\\\"47.241826455345524,6.025795374911835\\\",\\\"47.24153509991471,6.023392115634492\\\",\\\"47.239961752900896,6.020731364291718\\\"]\",\"bien_description\":\"\",\"criteria_id\":[\"CRITERIA_HIPSTER\",\"CRITERIA_SLOW\",\"CRITERIA_PRIMO\",\"CRITERIA_RES_PRINCIP\"],\"search_id_immo_facile\":100001326,\"bien_localisation_cp_ville\":\"\",\"city_id\":\"\",\"bien_localisation_cp\":\"\",\"bien_localisation_ville\":\"\",\"bien_localisation_lat\":\"\",\"bien_localisation_lng\":\"\"}', NULL, NULL, '83.33'),
(220, 10440, 'Appart', '{\"_token\":\"jHUSNcxRVVoRtMs2MSqlL3d0pBIaJd24rb6Qfjbk\",\"search_id\":\"220\",\"type_id\":[\"2\"],\"field_quartier_id\":[\"5\"],\"surface_min\":\"40\",\"surface_max\":\"280\",\"field_bien_interieur_chambre\":[\"1\"],\"budget_min\":\"30000\",\"budget_max\":\"160000\",\"field_bien_surface_min\":\"40\",\"field_bien_surface_max\":\"280\",\"field_bien_finance_budget_min\":\"30000\",\"field_bien_finance_budget_max\":\"160000\",\"search_libelle\":\"Appart\",\"search_id_immo_facile\":null}', NULL, NULL, '83.33'),
(221, 10463, 'Residence principale', '{\"_token\":\"HK6Y8WWwo0C3MhfkkRLxEehdyYJy40ZTYwVpZJK2\",\"search_libelle\":\"Residence principale\",\"type_id\":[\"1\"],\"field_bien_surface_min\":\"0\",\"field_bien_surface_max\":\"280\",\"budget_min\":\"30000\",\"budget_max\":\"500000\",\"field_bien_finance_budget_min\":\"30000\",\"field_bien_finance_budget_max\":\"500000\",\"field_secteur_id\":[\"5\"],\"bien_localisation_zone\":\"\",\"bien_description\":\"\",\"criteria_id\":[\"CRITERIA_RES_PRINCIP\"],\"search_id_immo_facile\":100085374}', NULL, NULL, '83.33'),
(222, 10496, 'MAISON BESANCON', '{\"_token\":\"fV9WDtw1UBpevYZh51hcZD6m82I3YDUACyNUjW6O\",\"search_libelle\":\"MAISON BESANCON\",\"type_id\":[\"1\",\"3\"],\"field_bien_surface_min\":\"90\",\"field_bien_surface_max\":\"280\",\"bien_localisation_plain_pied\":\"1\",\"budget_min\":\"30000\",\"budget_max\":\"500000\",\"field_bien_divers_travaux\":\"1\",\"field_bien_finance_budget_min\":\"30000\",\"field_bien_finance_budget_max\":\"500000\",\"field_secteur_id\":[\"5\"],\"bien_localisation_zone\":\"\",\"bien_description\":\"MAISON MODERNE\",\"criteria_id\":[\"CRITERIA_HIPSTER\",\"CRITERIA_RES_PRINCIP\"],\"search_id_immo_facile\":100159902}', NULL, NULL, '83.33'),
(223, 10504, 'Cabinet médical', '{\"_token\":\"p1Rlry88AVyncMzvALgn9u7TD9zC6MhpS2bUDP9q\",\"search_libelle\":\"Cabinet m\\u00e9dical\",\"type_id\":[\"2\"],\"field_bien_surface_min\":\"20\",\"field_bien_surface_max\":\"115\",\"search_interieur_chambre\":\"2\",\"budget_min\":\"80000\",\"budget_max\":\"197000\",\"field_bien_divers_parking_garage\":\"1\",\"field_bien_divers_ascenseur\":\"1\",\"field_bien_divers_acces_handicapes\":\"1\",\"field_bien_finance_budget_min\":\"80000\",\"field_bien_finance_budget_max\":\"197000\",\"bien_localisation_zone\":\"[\\\"47.244718362097714,6.021180975506257\\\",\\\"47.23602482963901,6.015509444544267\\\",\\\"47.23503410616231,6.024950820276689\\\",\\\"47.23544205336653,6.036280471155595\\\",\\\"47.24243494562658,6.04040034420247\\\",\\\"47.24476206288853,6.029629933903169\\\"]\",\"bien_description\":\"Recherche cabinet m\\u00e9dical\",\"criteria_id\":[\"CRITERIA_HIPSTER\",\"CRITERIA_ACT_PRO\"],\"search_id_immo_facile\":100198106,\"bien_localisation_cp_ville\":\"\",\"city_id\":\"\",\"bien_localisation_cp\":\"\",\"bien_localisation_ville\":\"\",\"bien_localisation_lat\":\"\",\"bien_localisation_lng\":\"\"}', NULL, NULL, '83.33'),
(224, 10504, 'Cabinet médical', '{\"_token\":\"p1Rlry88AVyncMzvALgn9u7TD9zC6MhpS2bUDP9q\",\"search_libelle\":\"Cabinet m\\u00e9dical\",\"type_id\":[\"2\"],\"field_bien_surface_min\":\"0\",\"field_bien_surface_max\":\"280\",\"search_interieur_chambre\":\"2\",\"budget_min\":\"80000\",\"budget_max\":\"197000\",\"field_bien_divers_parking_garage\":\"1\",\"field_bien_divers_ascenseur\":\"1\",\"field_bien_divers_acces_handicapes\":\"1\",\"field_bien_finance_budget_min\":\"30000\",\"field_bien_finance_budget_max\":\"197000\",\"field_secteur_id\":[\"5\"],\"bien_localisation_zone\":\"\",\"bien_description\":\"Recherche cabinet m\\u00e9dical\",\"criteria_id\":[\"CRITERIA_HIPSTER\",\"CRITERIA_ACT_PRO\"],\"search_id_immo_facile\":100198112}', NULL, NULL, '83.33'),
(225, 10513, 'Maison Besançon', '{\"_token\":\"4M6mksxKNaue6OokXbQ9j6diWQR55iTd1UQYHbCr\",\"search_libelle\":\"Maison Besan\\u00e7on\",\"type_id\":[\"1\"],\"field_bien_surface_min\":\"120\",\"field_bien_surface_max\":\"280\",\"search_interieur_chambre\":\"4\",\"budget_min\":\"300000\",\"budget_max\":\"500000\",\"field_bien_finance_budget_min\":\"300000\",\"field_bien_finance_budget_max\":\"500000\",\"bien_localisation_zone\":\"[\\\"47.2304175333028,6.007183406757366\\\",\\\"47.245452536288205,6.0257228354683035\\\",\\\"47.245802136759885,6.041687343524944\\\",\\\"47.240790976195164,6.041859004901897\\\",\\\"47.2311752130406,6.036880824970257\\\",\\\"47.22919078975462,6.011560771869671\\\"]\",\"bien_description\":\"Une pi\\u00e8ce de vie qui donne sur le jardin.\",\"criteria_id\":[\"CRITERIA_RES_PRINCIP\"],\"search_id_immo_facile\":100221249,\"bien_localisation_cp_ville\":\"\",\"city_id\":\"\",\"bien_localisation_cp\":\"\",\"bien_localisation_ville\":\"\",\"bien_localisation_lat\":\"\",\"bien_localisation_lng\":\"\"}', NULL, NULL, '83.33'),
(226, 10513, 'Maison Besançon', '{\"_token\":\"4M6mksxKNaue6OokXbQ9j6diWQR55iTd1UQYHbCr\",\"search_libelle\":\"Maison Besan\\u00e7on\",\"type_id\":[\"1\"],\"field_bien_surface_min\":\"120\",\"field_bien_surface_max\":\"280\",\"search_interieur_chambre\":\"4\",\"budget_min\":\"300000\",\"budget_max\":\"500000\",\"field_bien_finance_budget_min\":\"300000\",\"field_bien_finance_budget_max\":\"500000\",\"bien_localisation_zone\":\"[\\\"47.2304175333028,6.007183406757366\\\",\\\"47.245452536288205,6.0257228354683035\\\",\\\"47.245802136759885,6.041687343524944\\\",\\\"47.240790976195164,6.041859004901897\\\",\\\"47.2311752130406,6.036880824970257\\\",\\\"47.22919078975462,6.011560771869671\\\"]\",\"bien_description\":\"Une pi\\u00e8ce de vie qui donne sur le jardin.\",\"criteria_id\":[\"CRITERIA_RES_PRINCIP\"],\"search_id_immo_facile\":100221263,\"bien_localisation_cp_ville\":\"\",\"city_id\":\"\",\"bien_localisation_cp\":\"\",\"bien_localisation_ville\":\"\",\"bien_localisation_lat\":\"\",\"bien_localisation_lng\":\"\"}', NULL, NULL, '83.33'),
(227, 10513, 'Maison Besançon', '{\"_token\":\"4M6mksxKNaue6OokXbQ9j6diWQR55iTd1UQYHbCr\",\"search_libelle\":\"Maison Besan\\u00e7on\",\"type_id\":[\"1\"],\"field_bien_surface_min\":\"120\",\"field_bien_surface_max\":\"280\",\"search_interieur_chambre\":\"4\",\"budget_min\":\"200000\",\"budget_max\":\"500000\",\"field_bien_finance_budget_min\":\"200000\",\"field_bien_finance_budget_max\":\"500000\",\"bien_localisation_zone\":\"[\\\"47.2304175333028,6.007183406757366\\\",\\\"47.245452536288205,6.0257228354683035\\\",\\\"47.245802136759885,6.041687343524944\\\",\\\"47.240790976195164,6.041859004901897\\\",\\\"47.23053410012161,6.042116496967327\\\",\\\"47.22919078975462,6.011560771869671\\\"]\",\"bien_description\":\"Une pi\\u00e8ce de vie qui donne sur le jardin.\",\"criteria_id\":[\"CRITERIA_HIPPIE\",\"CRITERIA_RES_PRINCIP\"],\"search_id_immo_facile\":100221273}', NULL, NULL, '83.33'),
(228, 10463, 'maison principale', '{\"_token\":\"mpOUUr6otAxGNfKXLeXYitrzfoTA6OS1OCYISim7\",\"search_libelle\":\"maison principale\",\"type_id\":[\"1\"],\"field_bien_surface_min\":\"0\",\"field_bien_surface_max\":\"280\",\"budget_min\":\"30000\",\"budget_max\":\"500000\",\"field_bien_finance_budget_min\":\"30000\",\"field_bien_finance_budget_max\":\"500000\",\"field_secteur_id\":[\"5\"],\"bien_localisation_zone\":\"\",\"bien_description\":\"\",\"criteria_id\":[\"CRITERIA_RES_PRINCIP\"],\"search_id_immo_facile\":100263997}', NULL, NULL, '83.33'),
(229, 10463, 'maison principale', '{\"_token\":\"mpOUUr6otAxGNfKXLeXYitrzfoTA6OS1OCYISim7\",\"search_libelle\":\"maison principale\",\"type_id\":[\"1\"],\"field_bien_surface_min\":\"0\",\"field_bien_surface_max\":\"280\",\"search_interieur_chambre\":\"4\",\"budget_min\":\"30000\",\"budget_max\":\"500000\",\"field_bien_finance_budget_min\":\"30000\",\"field_bien_finance_budget_max\":\"500000\",\"field_secteur_id\":[\"5\"],\"bien_localisation_zone\":\"\",\"bien_description\":\"\",\"criteria_id\":[\"CRITERIA_RES_PRINCIP\"],\"search_id_immo_facile\":100264010}', NULL, NULL, '83.33'),
(230, 10463, 'maison principale', '{\"_token\":\"mpOUUr6otAxGNfKXLeXYitrzfoTA6OS1OCYISim7\",\"search_libelle\":\"maison principale\",\"type_id\":[\"1\"],\"field_bien_surface_min\":\"0\",\"field_bien_surface_max\":\"280\",\"search_interieur_chambre\":\"4\",\"budget_min\":\"30000\",\"budget_max\":\"500000\",\"field_bien_finance_budget_min\":\"30000\",\"field_bien_finance_budget_max\":\"500000\",\"bien_localisation_zone\":\"[\\\"47.30477386260956,5.996454570697796\\\",\\\"47.22556034515559,5.855005596088421\\\",\\\"47.166772656343646,5.951135967182171\\\",\\\"47.242344865651276,6.109064433979046\\\"]\",\"bien_description\":\"\",\"criteria_id\":[\"CRITERIA_RES_PRINCIP\"],\"search_id_immo_facile\":100264024,\"bien_localisation_cp_ville\":\"\",\"city_id\":\"\",\"bien_localisation_cp\":\"\",\"bien_localisation_ville\":\"\",\"bien_localisation_lat\":\"\",\"bien_localisation_lng\":\"\"}', NULL, NULL, '83.33'),
(231, 10551, 'Maison', '{\"_token\":\"d1SBppHx1K8WBiBRyQ1L4pRgU0fH9VG6iWpvSiQG\",\"search_libelle\":\"Maison\",\"type_id\":[\"1\"],\"field_bien_surface_min\":\"0\",\"field_bien_surface_max\":\"280\",\"search_interieur_chambre\":\"3\",\"budget_min\":\"180000\",\"budget_max\":\"230000\",\"field_bien_finance_budget_min\":\"180000\",\"field_bien_finance_budget_max\":\"230000\",\"bien_localisation_zone\":\"\",\"bien_description\":\"\",\"criteria_id\":[\"CRITERIA_PRIMO\"],\"search_id_immo_facile\":100278771}', NULL, NULL, '83.33'),
(232, 10551, 'Maison', '{\"_token\":\"d1SBppHx1K8WBiBRyQ1L4pRgU0fH9VG6iWpvSiQG\",\"search_libelle\":\"Maison\",\"type_id\":[\"1\"],\"field_bien_surface_min\":\"0\",\"field_bien_surface_max\":\"280\",\"search_interieur_chambre\":\"3\",\"budget_min\":\"180000\",\"budget_max\":\"230000\",\"field_bien_finance_budget_min\":\"180000\",\"field_bien_finance_budget_max\":\"230000\",\"bien_localisation_zone\":\"\",\"bien_description\":\"\",\"criteria_id\":[\"CRITERIA_PRIMO\"],\"search_id_immo_facile\":100278773}', NULL, NULL, '83.33'),
(233, 10551, 'Maison', '{\"_token\":\"d1SBppHx1K8WBiBRyQ1L4pRgU0fH9VG6iWpvSiQG\",\"search_libelle\":\"Maison\",\"type_id\":[\"1\"],\"field_bien_surface_min\":\"0\",\"field_bien_surface_max\":\"280\",\"search_interieur_chambre\":\"3\",\"budget_min\":\"180000\",\"budget_max\":\"230000\",\"field_bien_finance_budget_min\":\"180000\",\"field_bien_finance_budget_max\":\"230000\",\"field_secteur_id\":[\"5\"],\"bien_localisation_zone\":\"\",\"bien_description\":\"\",\"criteria_id\":[\"CRITERIA_PRIMO\"],\"search_id_immo_facile\":100278774}', NULL, NULL, '83.33'),
(234, 10558, 'besancon ', '{\"_token\":\"r9d6icquwq1rHCeRmDgRCMmw0u9GTZLZPIdQ6uVO\",\"search_libelle\":\"besancon \",\"type_id\":[\"2\"],\"field_bien_surface_min\":\"50\",\"field_bien_surface_max\":\"280\",\"search_interieur_chambre\":\"1\",\"budget_min\":\"30000\",\"budget_max\":\"30000\",\"field_bien_finance_budget_min\":\"30000\",\"field_bien_finance_budget_max\":\"30000\",\"field_secteur_id\":[\"5\"],\"bien_localisation_zone\":\"\",\"bien_description\":\"\",\"search_id_immo_facile\":100297315}', NULL, NULL, '83.33'),
(235, 10558, 'besancon ', '{\"_token\":\"r9d6icquwq1rHCeRmDgRCMmw0u9GTZLZPIdQ6uVO\",\"search_libelle\":\"besancon \",\"type_id\":[\"2\"],\"field_bien_surface_min\":\"50\",\"field_bien_surface_max\":\"280\",\"search_interieur_chambre\":\"1\",\"budget_min\":\"30000\",\"budget_max\":\"30000\",\"field_bien_finance_budget_min\":\"30000\",\"field_bien_finance_budget_max\":\"30000\",\"field_secteur_id\":[\"5\"],\"bien_localisation_zone\":\"\",\"bien_description\":\"\",\"search_id_immo_facile\":100297316}', NULL, NULL, '83.33'),
(236, 10600, 'Maison a vendre ', '{\"_token\":\"5NkXwZQjROQj4jTxQs6Vvtao7CSH5odiog9E7x0C\",\"search_libelle\":\"Maison a vendre \",\"type_id\":[\"1\"],\"field_bien_surface_min\":\"0\",\"field_bien_surface_max\":\"280\",\"search_interieur_chambre\":\"2\",\"budget_min\":\"30000\",\"budget_max\":\"210000\",\"field_bien_divers_travaux\":\"1\",\"field_bien_finance_budget_min\":\"30000\",\"field_bien_finance_budget_max\":\"210000\",\"bien_localisation_zone\":\"[\\\"47.29335697938423,5.770661375039645\\\",\\\"47.31056458205467,5.8690435250142725\\\",\\\"47.25745262589653,5.929732526267357\\\",\\\"47.27636821017482,5.918869579757042\\\",\\\"47.26162822376997,5.876292864406891\\\",\\\"47.32232508744733,5.864445615380323\\\",\\\"47.31067131516502,5.891816365152702\\\"]\",\"bien_description\":\"\",\"criteria_id\":[\"CRITERIA_GENTELEMAN\",\"CRITERIA_FAMILYLOVE\",\"CRITERIA_RES_PRINCIP\"],\"search_id_immo_facile\":100429061}', NULL, NULL, '83.33'),
(237, 10600, 'Maison a vendre ', '{\"_token\":\"5NkXwZQjROQj4jTxQs6Vvtao7CSH5odiog9E7x0C\",\"search_libelle\":\"Maison a vendre \",\"type_id\":[\"1\"],\"field_bien_surface_min\":\"0\",\"field_bien_surface_max\":\"280\",\"search_interieur_chambre\":\"2\",\"budget_min\":\"30000\",\"budget_max\":\"210000\",\"field_bien_divers_travaux\":\"1\",\"field_bien_finance_budget_min\":\"30000\",\"field_bien_finance_budget_max\":\"210000\",\"bien_localisation_zone\":\"[\\\"47.29335697938423,5.770661375039645\\\",\\\"47.31056458205467,5.8690435250142725\\\",\\\"47.25745262589653,5.929732526267357\\\",\\\"47.27636821017482,5.918869579757042\\\",\\\"47.26162822376997,5.876292864406891\\\",\\\"47.32232508744733,5.864445615380323\\\",\\\"47.31067131516502,5.891816365152702\\\"]\",\"bien_description\":\"\",\"criteria_id\":[\"CRITERIA_GENTELEMAN\",\"CRITERIA_FAMILYLOVE\",\"CRITERIA_RES_PRINCIP\"],\"search_id_immo_facile\":100429062}', NULL, NULL, '83.33'),
(238, 10600, 'Maison a vendre ', '{\"_token\":\"5NkXwZQjROQj4jTxQs6Vvtao7CSH5odiog9E7x0C\",\"search_libelle\":\"Maison a vendre \",\"type_id\":[\"1\"],\"field_bien_surface_min\":\"0\",\"field_bien_surface_max\":\"280\",\"search_interieur_chambre\":\"2\",\"budget_min\":\"30000\",\"budget_max\":\"210000\",\"field_bien_divers_travaux\":\"1\",\"field_bien_finance_budget_min\":\"30000\",\"field_bien_finance_budget_max\":\"500000\",\"bien_localisation_zone\":\"[\\\"47.29399152952515,5.761593927285884\\\",\\\"47.31671266115664,5.876439411781047\\\",\\\"47.27225240349296,5.916717212557172\\\",\\\"47.257943620468,5.921937461852407\\\",\\\"47.26226692338236,5.8748345187896245\\\",\\\"47.26019146405922,5.84939808839108\\\",\\\"47.325091165809326,5.8656363260087385\\\",\\\"47.27227643355503,5.8258913014467195\\\"]\",\"bien_description\":\"\",\"criteria_id\":[\"CRITERIA_GENTELEMAN\",\"CRITERIA_FAMILYLOVE\",\"CRITERIA_RES_PRINCIP\"],\"search_id_immo_facile\":100429064}', NULL, NULL, '83.33');

-- --------------------------------------------------------

--
-- Structure de la table `account_search_criteria`
--

CREATE TABLE IF NOT EXISTS `account_search_criteria` (
  `criteria_id` varchar(255) NOT NULL,
  `type_id` varchar(255) NOT NULL,
  `criteria_libelle` varchar(255) DEFAULT NULL,
  `criteria_description` text,
  `criteria_status` tinyint(4) DEFAULT NULL,
  `criteria_created_at` datetime DEFAULT NULL,
  `criteria_update_at` datetime DEFAULT NULL,
  `criteria_order` int(11) DEFAULT NULL,
  PRIMARY KEY (`criteria_id`),
  KEY `fk_account_search_criteria_account_search_criteria_type1_idx` (`type_id`)
) ENGINE=InnoDB DEFAULT CHARSET=latin1;

--
-- Déchargement des données de la table `account_search_criteria`
--

INSERT INTO `account_search_criteria` (`criteria_id`, `type_id`, `criteria_libelle`, `criteria_description`, `criteria_status`, `criteria_created_at`, `criteria_update_at`, `criteria_order`) VALUES
('CRITERIA_ACT_PRO', 'TYPE_PROJET', 'Activité Professionnelle', NULL, 1, NULL, NULL, 6),
('CRITERIA_ALONE', 'TYPE_YOUARE', 'Une personne célibataire', NULL, 1, NULL, NULL, 6),
('CRITERIA_FAMILY', 'TYPE_YOUARE', 'Une famille', NULL, 1, NULL, NULL, 1),
('CRITERIA_FAMILYLOVE', 'TYPE_LIFESTYLE', 'Family love', 'Famille désireuse d\'acquérir un bien fonctionnel, proche des écoles, avec plusieurs chambres et un grand espace à vivre. Un petit extérieur serait le bienvenu ! ', 1, NULL, NULL, 5),
('CRITERIA_GENTELEMAN', 'TYPE_LIFESTYLE', 'Gentleman farmer', 'Style urbain mais désirant rejoindre la campagne avec sa famille, tout en conservant une certaine proximité avec sa ville préférée. ', 1, NULL, NULL, 3),
('CRITERIA_HIPPIE', 'TYPE_LIFESTYLE', 'Hippie chic', 'Style bourgeois bohème. ', 1, NULL, NULL, 2),
('CRITERIA_HIPSTER', 'TYPE_LIFESTYLE', 'Hispter rock', 'Jeune actif branché souhaitant résider dans un quartier vivant.', 1, NULL, NULL, 1),
('CRITERIA_HOMESTAG', 'TYPE_LIFESTYLE', 'home staging', 'Acquéreur souhaitant trouver un bien à refaire partiellement ou entièrement. ', NULL, NULL, NULL, 6),
('CRITERIA_INVEST', 'TYPE_PROJET', 'Investisseur', NULL, 1, NULL, NULL, 1),
('CRITERIA_INVESTOR', 'TYPE_YOUARE', 'Un investisseur', NULL, 1, NULL, NULL, 3),
('CRITERIA_INVST_BAILLEUR', 'TYPE_PROJET', 'Investisseur bailleur', NULL, 1, NULL, NULL, 4),
('CRITERIA_PRIMO', 'TYPE_PROJET', 'Primo accédant', NULL, 1, NULL, NULL, 0),
('CRITERIA_PROMO', 'TYPE_PROJET', 'Promoteur / Marchand', NULL, 1, NULL, NULL, 5),
('CRITERIA_RES_PRINCIP', 'TYPE_PROJET', 'Résidence principale', NULL, 1, NULL, NULL, 2),
('CRITERIA_RES_SECOND', 'TYPE_PROJET', 'Résidence secondaire', NULL, 1, NULL, NULL, 3),
('CRITERIA_RETIRED', 'TYPE_YOUARE', 'Un couple de retraités', NULL, 1, NULL, NULL, 4),
('CRITERIA_SLOW', 'TYPE_LIFESTYLE', 'Slow actif', 'Acquéreur actif mais tranquille, souhaitant acquérir un bien fonctionnel et confortable, dans un quartier présentant quelques avantages certains (commerces, transports...)', 1, NULL, NULL, 4),
('CRITERIA_STUDENT', 'TYPE_YOUARE', 'Un étudiant', NULL, 1, NULL, NULL, 5),
('CRITERIA_YOUNGCOUPLE', 'TYPE_YOUARE', 'Un jeune couple', NULL, 2, NULL, NULL, 1);

-- --------------------------------------------------------

--
-- Structure de la table `account_search_criteria_type`
--

CREATE TABLE IF NOT EXISTS `account_search_criteria_type` (
  `type_id` varchar(255) NOT NULL,
  `type_libelle` varchar(255) DEFAULT NULL,
  `type_created_at` datetime DEFAULT NULL,
  `type_updated_at` datetime DEFAULT NULL,
  `type_status` tinyint(4) DEFAULT NULL,
  PRIMARY KEY (`type_id`)
) ENGINE=InnoDB DEFAULT CHARSET=latin1;

--
-- Déchargement des données de la table `account_search_criteria_type`
--

INSERT INTO `account_search_criteria_type` (`type_id`, `type_libelle`, `type_created_at`, `type_updated_at`, `type_status`) VALUES
('TYPE_LIFESTYLE', 'Lifestyle', NULL, NULL, 1),
('TYPE_PROJET', 'Type de projet', NULL, NULL, 1),
('TYPE_YOUARE', 'Vous êtes', NULL, NULL, 1);

-- --------------------------------------------------------

--
-- Structure de la table `bien`
--

CREATE TABLE IF NOT EXISTS `bien` (
  `bien_id` int(10) UNSIGNED NOT NULL AUTO_INCREMENT,
  `user_id` int(10) UNSIGNED DEFAULT NULL,
  `city_id` int(11) DEFAULT NULL,
  `bien_id_immo_facile` varchar(10) COLLATE utf8_unicode_ci NOT NULL,
  `negociateur_id_immo_facile` int(11) DEFAULT NULL,
  `bien_type_vente` varchar(10) COLLATE utf8_unicode_ci DEFAULT NULL,
  `bien_type_id` int(10) UNSIGNED DEFAULT NULL,
  `bien_description_id` int(10) UNSIGNED DEFAULT NULL,
  `bien_localisation_id` int(10) UNSIGNED DEFAULT NULL,
  `bien_finance_id` int(10) UNSIGNED DEFAULT NULL,
  `bien_copropriete_id` int(10) UNSIGNED DEFAULT NULL,
  `bien_bail_id` int(10) UNSIGNED DEFAULT NULL,
  `bien_interieur_id` int(10) UNSIGNED DEFAULT NULL,
  `bien_exterieur_id` int(10) UNSIGNED DEFAULT NULL,
  `bien_surface_id` int(10) UNSIGNED DEFAULT NULL,
  `bien_divers_id` int(10) UNSIGNED DEFAULT NULL,
  `bien_terrain_id` int(10) UNSIGNED DEFAULT NULL,
  `bien_mandat_id` int(10) UNSIGNED DEFAULT NULL,
  `bien_diagnostic_id` int(10) UNSIGNED DEFAULT NULL,
  `bien_prix` int(50) DEFAULT NULL,
  `bien_vendu` tinyint(1) DEFAULT NULL,
  `bien_completion` decimal(10,2) DEFAULT NULL,
  `bien_image_path` varchar(45) COLLATE utf8_unicode_ci DEFAULT NULL,
  `bien_delay` varchar(45) COLLATE utf8_unicode_ci DEFAULT NULL,
  `bien_statut` tinyint(1) DEFAULT NULL,
  `remember_token` varchar(100) COLLATE utf8_unicode_ci DEFAULT NULL,
  `bien_created_at` timestamp NULL DEFAULT NULL,
  `bien_updated_at` timestamp NULL DEFAULT NULL,
  PRIMARY KEY (`bien_id`),
  KEY `bien_bien_type_id_foreign` (`bien_type_id`),
  KEY `bien_bien_description_id_foreign` (`bien_description_id`),
  KEY `bien_bien_localisation_id_foreign` (`bien_localisation_id`),
  KEY `bien_bien_finance_id_foreign` (`bien_finance_id`),
  KEY `bien_bien_copropriete_id_foreign` (`bien_copropriete_id`),
  KEY `bien_bien_bail_id_foreign` (`bien_bail_id`),
  KEY `bien_bien_interieur_id_foreign` (`bien_interieur_id`),
  KEY `bien_bien_exterieur_id_foreign` (`bien_exterieur_id`),
  KEY `bien_bien_surface_id_foreign` (`bien_surface_id`),
  KEY `bien_bien_divers_id_foreign` (`bien_divers_id`),
  KEY `bien_bien_terrain_id_foreign` (`bien_terrain_id`),
  KEY `bien_bien_mandat_id_foreign` (`bien_mandat_id`),
  KEY `bien_bien_diagnostic_id_foreign` (`bien_diagnostic_id`),
  KEY `fk_bien_users1_idx` (`user_id`),
  KEY `fk_bien_tool_geo_city1_idx` (`city_id`)
) ENGINE=InnoDB AUTO_INCREMENT=285 DEFAULT CHARSET=utf8 COLLATE=utf8_unicode_ci;

-- --------------------------------------------------------

--
-- Structure de la table `bien_bail`
--

CREATE TABLE IF NOT EXISTS `bien_bail` (
  `bien_bail_id` int(10) UNSIGNED NOT NULL AUTO_INCREMENT,
  `bien_bail_date_debut` date DEFAULT NULL,
  `bien_bail_duree` int(11) DEFAULT NULL,
  `bien_bail_date_fin` date DEFAULT NULL,
  `remember_token` varchar(100) COLLATE utf8_unicode_ci DEFAULT NULL,
  `bien_bail_created_at` timestamp NULL DEFAULT NULL,
  `bien_bail_updated_at` timestamp NULL DEFAULT NULL,
  PRIMARY KEY (`bien_bail_id`)
) ENGINE=InnoDB AUTO_INCREMENT=285 DEFAULT CHARSET=utf8 COLLATE=utf8_unicode_ci;

-- --------------------------------------------------------

--
-- Structure de la table `bien_copropriete`
--

CREATE TABLE IF NOT EXISTS `bien_copropriete` (
  `bien_copropriete_id` int(10) UNSIGNED NOT NULL AUTO_INCREMENT,
  `bien_copropriete_is_copropriete` varchar(255) COLLATE utf8_unicode_ci NOT NULL,
  `bien_copropriete_nb_lot` int(11) DEFAULT NULL,
  `bien_copropriete_lot_habitation` varchar(255) COLLATE utf8_unicode_ci DEFAULT NULL,
  `bien_copropriete_charge_annuelle` double(8,2) DEFAULT NULL,
  `bien_copropriete_procedure` varchar(255) COLLATE utf8_unicode_ci DEFAULT NULL,
  `bien_copropriete_detail_procedure` text COLLATE utf8_unicode_ci,
  `remember_token` varchar(100) COLLATE utf8_unicode_ci DEFAULT NULL,
  `bien_copropriete_created_at` timestamp NULL DEFAULT NULL,
  `bien_copropriete_updated_at` timestamp NULL DEFAULT NULL,
  PRIMARY KEY (`bien_copropriete_id`)
) ENGINE=InnoDB AUTO_INCREMENT=285 DEFAULT CHARSET=utf8 COLLATE=utf8_unicode_ci;

-- --------------------------------------------------------

--
-- Structure de la table `bien_criteria`
--

CREATE TABLE IF NOT EXISTS `bien_criteria` (
  `bien_id` int(10) UNSIGNED NOT NULL,
  `criteria_id` varchar(255) NOT NULL,
  PRIMARY KEY (`bien_id`,`criteria_id`),
  KEY `fk_account_search_criteria_has_bien_bien1_idx` (`bien_id`),
  KEY `fk_account_search_criteria_has_bien_account_search_criteria_idx` (`criteria_id`)
) ENGINE=InnoDB DEFAULT CHARSET=latin1;

-- --------------------------------------------------------

--
-- Structure de la table `bien_description`
--

CREATE TABLE IF NOT EXISTS `bien_description` (
  `bien_description_id` int(10) UNSIGNED NOT NULL AUTO_INCREMENT,
  `bien_description_intitule` varchar(255) COLLATE utf8_unicode_ci NOT NULL,
  `bien_description` text COLLATE utf8_unicode_ci NOT NULL,
  `bien_meta_description` text COLLATE utf8_unicode_ci NOT NULL,
  `bien_description_point_positif` text COLLATE utf8_unicode_ci,
  `bien_description_coup_coeur` tinyint(1) DEFAULT NULL,
  `bien_description_visite_virtuelle` varchar(255) COLLATE utf8_unicode_ci DEFAULT NULL,
  `bien_description_langue` varchar(255) COLLATE utf8_unicode_ci NOT NULL,
  `remember_token` varchar(100) COLLATE utf8_unicode_ci DEFAULT NULL,
  `bien_description_created_at` timestamp NULL DEFAULT NULL,
  `bien_description_updated_at` timestamp NULL DEFAULT NULL,
  PRIMARY KEY (`bien_description_id`)
) ENGINE=InnoDB AUTO_INCREMENT=285 DEFAULT CHARSET=utf8 COLLATE=utf8_unicode_ci;

-- --------------------------------------------------------

--
-- Structure de la table `bien_diagnostic`
--

CREATE TABLE IF NOT EXISTS `bien_diagnostic` (
  `bien_diagnostic_id` int(10) UNSIGNED NOT NULL AUTO_INCREMENT,
  `bien_diagnostic_carrez` varchar(255) COLLATE utf8_unicode_ci DEFAULT NULL,
  `bien_diagnostic_carrez_date` date DEFAULT NULL,
  `bien_diagnostic_amiante` varchar(255) COLLATE utf8_unicode_ci DEFAULT NULL,
  `bien_diagnostic_amiante_date` date DEFAULT NULL,
  `bien_diagnostic_plomb` varchar(255) COLLATE utf8_unicode_ci DEFAULT NULL,
  `bien_diagnostic_plomb_date` date DEFAULT NULL,
  `bien_diagnostic_gaz` varchar(255) COLLATE utf8_unicode_ci DEFAULT NULL,
  `bien_diagnostic_gaz_date` date DEFAULT NULL,
  `bien_diagnostic_electrique` varchar(255) COLLATE utf8_unicode_ci DEFAULT NULL,
  `bien_diagnostic_electrique_date` date DEFAULT NULL,
  `bien_diagnostic_assainissement` varchar(255) COLLATE utf8_unicode_ci DEFAULT NULL,
  `bien_diagnostic_energetique` varchar(255) COLLATE utf8_unicode_ci DEFAULT NULL,
  `bien_diagnostic_energetique_date` date DEFAULT NULL,
  `bien_diagnostic_conso_energetique` varchar(255) COLLATE utf8_unicode_ci DEFAULT NULL,
  `bien_diagnostic_valeur_conso_energie` double(8,2) DEFAULT NULL,
  `bien_diagnostic_effet_serre` varchar(255) COLLATE utf8_unicode_ci DEFAULT NULL,
  `bien_diagnostic_valeur_effet_serre` double(8,2) DEFAULT NULL,
  `bien_diagnostic_commentaire` text COLLATE utf8_unicode_ci,
  `remember_token` varchar(100) COLLATE utf8_unicode_ci DEFAULT NULL,
  `bien_diagnostic_created_at` timestamp NULL DEFAULT NULL,
  `bien_diagnostic_updated_at` timestamp NULL DEFAULT NULL,
  PRIMARY KEY (`bien_diagnostic_id`)
) ENGINE=InnoDB AUTO_INCREMENT=285 DEFAULT CHARSET=utf8 COLLATE=utf8_unicode_ci;

-- --------------------------------------------------------

--
-- Structure de la table `bien_divers`
--

CREATE TABLE IF NOT EXISTS `bien_divers` (
  `bien_divers_id` int(10) UNSIGNED NOT NULL AUTO_INCREMENT,
  `bien_divers_ascenseur` varchar(255) COLLATE utf8_unicode_ci DEFAULT NULL,
  `bien_divers_cave` int(11) DEFAULT NULL,
  `bien_divers_grenier` varchar(255) COLLATE utf8_unicode_ci DEFAULT NULL,
  `bien_divers_balcon` int(11) DEFAULT NULL,
  `bien_divers_terrasse` int(11) DEFAULT NULL,
  `bien_divers_stationnement` varchar(255) COLLATE utf8_unicode_ci DEFAULT NULL,
  `bien_divers_parking` varchar(255) COLLATE utf8_unicode_ci DEFAULT NULL,
  `bien_divers_descriptif_parking` varchar(255) COLLATE utf8_unicode_ci DEFAULT NULL,
  `bien_divers_garage` int(11) DEFAULT NULL,
  `bien_divers_niveau_garage` int(11) DEFAULT NULL,
  `bien_divers_parking_interieur` int(11) DEFAULT NULL,
  `bien_divers_parking_exterieur` int(11) DEFAULT NULL,
  `bien_divers_adsl` varchar(255) COLLATE utf8_unicode_ci DEFAULT NULL,
  `bien_divers_fibre` varchar(255) COLLATE utf8_unicode_ci DEFAULT NULL,
  `bien_divers_tennis` varchar(255) COLLATE utf8_unicode_ci DEFAULT NULL,
  `bien_divers_interphone` varchar(255) COLLATE utf8_unicode_ci DEFAULT NULL,
  `bien_divers_digicode` varchar(255) COLLATE utf8_unicode_ci DEFAULT NULL,
  `bien_divers_visiophone` varchar(255) COLLATE utf8_unicode_ci DEFAULT NULL,
  `bien_divers_alarme` varchar(255) COLLATE utf8_unicode_ci DEFAULT NULL,
  `bien_divers_portail` varchar(255) COLLATE utf8_unicode_ci DEFAULT NULL,
  `bien_divers_piscine` varchar(255) COLLATE utf8_unicode_ci DEFAULT NULL,
  `bien_divers_acces_handicapes` varchar(255) COLLATE utf8_unicode_ci DEFAULT NULL,
  `bien_divers_climatisation` varchar(255) COLLATE utf8_unicode_ci DEFAULT NULL,
  `bien_divers_sous_sol` varchar(255) COLLATE utf8_unicode_ci DEFAULT NULL,
  `bien_divers_veranda` varchar(255) COLLATE utf8_unicode_ci DEFAULT NULL,
  `bien_divers_gardien` varchar(255) COLLATE utf8_unicode_ci DEFAULT NULL,
  `bien_divers_travaux` varchar(255) COLLATE utf8_unicode_ci DEFAULT NULL,
  `bien_divers_commentaire` text COLLATE utf8_unicode_ci,
  `remember_token` varchar(100) COLLATE utf8_unicode_ci DEFAULT NULL,
  `bien_divers_created_at` timestamp NULL DEFAULT NULL,
  `bien_divers_updated_at` timestamp NULL DEFAULT NULL,
  PRIMARY KEY (`bien_divers_id`)
) ENGINE=InnoDB AUTO_INCREMENT=285 DEFAULT CHARSET=utf8 COLLATE=utf8_unicode_ci;

-- --------------------------------------------------------

--
-- Structure de la table `bien_exterieur`
--

CREATE TABLE IF NOT EXISTS `bien_exterieur` (
  `bien_exterieur_id` int(10) UNSIGNED NOT NULL AUTO_INCREMENT,
  `bien_exterieur_jardin` varchar(255) COLLATE utf8_unicode_ci DEFAULT NULL,
  `bien_exterieur_annee_construction` int(11) DEFAULT NULL,
  `bien_exterieur_couverture` varchar(255) COLLATE utf8_unicode_ci DEFAULT NULL,
  `bien_exterieur_etat_couverture` varchar(255) COLLATE utf8_unicode_ci DEFAULT NULL,
  `bien_exterieur_etat` varchar(255) COLLATE utf8_unicode_ci DEFAULT NULL,
  `bien_exterieur_standing` varchar(255) COLLATE utf8_unicode_ci DEFAULT NULL,
  `bien_exterieur_etat_general` varchar(255) COLLATE utf8_unicode_ci DEFAULT NULL,
  `bien_exterieur_travaux_prevus` varchar(255) COLLATE utf8_unicode_ci DEFAULT NULL,
  `bien_exterieur_etat_exterieur` varchar(255) COLLATE utf8_unicode_ci DEFAULT NULL,
  `bien_exterieur_etat_communs` varchar(255) COLLATE utf8_unicode_ci DEFAULT NULL,
  `bien_exterieur_construction` varchar(255) COLLATE utf8_unicode_ci DEFAULT NULL,
  `bien_exterieur_mansarde` varchar(255) COLLATE utf8_unicode_ci DEFAULT NULL,
  `bien_exterieur_fenetre` varchar(255) COLLATE utf8_unicode_ci DEFAULT NULL,
  `bien_exterieur_volet` varchar(255) COLLATE utf8_unicode_ci DEFAULT NULL,
  `bien_exterieur_isolation` varchar(255) COLLATE utf8_unicode_ci DEFAULT NULL,
  `bien_exterieur_assainissement` varchar(255) COLLATE utf8_unicode_ci DEFAULT NULL,
  `bien_exterieur_commentaire` text COLLATE utf8_unicode_ci,
  `remember_token` varchar(100) COLLATE utf8_unicode_ci DEFAULT NULL,
  `bien_exterieur_created_at` timestamp NULL DEFAULT NULL,
  `bien_exterieur_updated_at` timestamp NULL DEFAULT NULL,
  PRIMARY KEY (`bien_exterieur_id`)
) ENGINE=InnoDB AUTO_INCREMENT=285 DEFAULT CHARSET=utf8 COLLATE=utf8_unicode_ci;

-- --------------------------------------------------------

--
-- Structure de la table `bien_finance`
--

CREATE TABLE IF NOT EXISTS `bien_finance` (
  `bien_finance_id` int(10) UNSIGNED NOT NULL AUTO_INCREMENT,
  `bien_finance_prix` int(30) DEFAULT NULL,
  `bien_finance_prix_parking` double(8,2) DEFAULT NULL,
  `bien_finance_loyer_mensuel` double(8,2) DEFAULT NULL,
  `bien_finance_charge_mensuel` double(8,2) DEFAULT NULL,
  `bien_finance_loyer_charge` double(8,2) DEFAULT NULL,
  `bien_finance_honoraire` varchar(30) COLLATE utf8_unicode_ci DEFAULT NULL,
  `bien_finance_prix_net_vendeur` int(30) DEFAULT NULL,
  `bien_finance_prix_depart` varchar(50) COLLATE utf8_unicode_ci NOT NULL,
  `bien_finance_prix_mini` varchar(50) COLLATE utf8_unicode_ci NOT NULL,
  `bien_finance_prix_maxi` varchar(50) COLLATE utf8_unicode_ci NOT NULL,
  `bien_finance_mode_estimation` varchar(255) COLLATE utf8_unicode_ci DEFAULT NULL,
  `bien_finance_date_estimation` date DEFAULT NULL,
  `bien_finance_date_remise_estimation` date DEFAULT NULL,
  `bien_finance_prix_travaux` varchar(50) COLLATE utf8_unicode_ci DEFAULT NULL,
  `bien_finance_taxe_fonciere` double(8,2) NOT NULL,
  `bien_finance_detail_taxe_fonciere` text COLLATE utf8_unicode_ci,
  `bien_finance_cout_energie` varchar(255) COLLATE utf8_unicode_ci DEFAULT NULL,
  `bien_finance_commentaire` text COLLATE utf8_unicode_ci,
  `remember_token` varchar(100) COLLATE utf8_unicode_ci DEFAULT NULL,
  `bien_finance_created_at` timestamp NULL DEFAULT NULL,
  `bien_finance_updated_at` timestamp NULL DEFAULT NULL,
  PRIMARY KEY (`bien_finance_id`)
) ENGINE=InnoDB AUTO_INCREMENT=285 DEFAULT CHARSET=utf8 COLLATE=utf8_unicode_ci;

-- --------------------------------------------------------

--
-- Structure de la table `bien_image`
--

CREATE TABLE IF NOT EXISTS `bien_image` (
  `bien_image_id` int(10) UNSIGNED NOT NULL AUTO_INCREMENT,
  `bien_id` int(10) UNSIGNED DEFAULT NULL,
  `bien_image_url` varchar(255) COLLATE utf8_unicode_ci DEFAULT NULL,
  `remember_token` varchar(100) COLLATE utf8_unicode_ci DEFAULT NULL,
  `bien_image_created_at` timestamp NULL DEFAULT NULL,
  `bien_image_updated_at` timestamp NULL DEFAULT NULL,
  PRIMARY KEY (`bien_image_id`),
  KEY `bien_image_bien_id_foreign` (`bien_id`)
) ENGINE=InnoDB AUTO_INCREMENT=30356 DEFAULT CHARSET=utf8 COLLATE=utf8_unicode_ci;

-- --------------------------------------------------------

--
-- Structure de la table `bien_interieur`
--

CREATE TABLE IF NOT EXISTS `bien_interieur` (
  `bien_interieur_id` int(10) UNSIGNED NOT NULL AUTO_INCREMENT,
  `bien_interieur_nb_piece` int(11) DEFAULT NULL,
  `bien_interieur_chambre` int(11) DEFAULT NULL,
  `bien_interieur_chambre_is_rdc` varchar(255) COLLATE utf8_unicode_ci DEFAULT NULL,
  `bien_interieur_chambre_possible` int(11) DEFAULT NULL,
  `bien_interieur_salle_bains` int(11) DEFAULT NULL,
  `bien_interieur_salle_eau` int(11) DEFAULT NULL,
  `bien_interieur_salle_wc` int(11) DEFAULT NULL,
  `bien_interieur_cuisine` varchar(255) COLLATE utf8_unicode_ci DEFAULT NULL,
  `bien_interieur_niveau` int(11) DEFAULT NULL,
  `bien_interieur_dalle` varchar(255) COLLATE utf8_unicode_ci DEFAULT NULL,
  `bien_interieur_hauteur_sous_plafond` double(8,2) DEFAULT NULL,
  `bien_interieur_exposition_sejour` varchar(255) COLLATE utf8_unicode_ci DEFAULT NULL,
  `bien_interieur_sejour_double` varchar(255) COLLATE utf8_unicode_ci DEFAULT NULL,
  `bien_interieur_type_chauffage` varchar(255) COLLATE utf8_unicode_ci DEFAULT NULL,
  `bien_interieur_meca_chauffage` varchar(255) COLLATE utf8_unicode_ci DEFAULT NULL,
  `bien_interieur_mode_chauffage` varchar(255) COLLATE utf8_unicode_ci DEFAULT NULL,
  `bien_interieur_commentaire_chauffage` text COLLATE utf8_unicode_ci,
  `bien_interieur_eau_chaude` varchar(255) COLLATE utf8_unicode_ci DEFAULT NULL,
  `bien_interieur_eau_froide` varchar(255) COLLATE utf8_unicode_ci DEFAULT NULL,
  `bien_interieur_etat_interieur` varchar(255) COLLATE utf8_unicode_ci DEFAULT NULL,
  `bien_interieur_commentaire` text COLLATE utf8_unicode_ci,
  `remember_token` varchar(100) COLLATE utf8_unicode_ci DEFAULT NULL,
  `bien_interieur_created_at` timestamp NULL DEFAULT NULL,
  `bien_interieur_updated_at` timestamp NULL DEFAULT NULL,
  PRIMARY KEY (`bien_interieur_id`)
) ENGINE=InnoDB AUTO_INCREMENT=285 DEFAULT CHARSET=utf8 COLLATE=utf8_unicode_ci;

-- --------------------------------------------------------

--
-- Structure de la table `bien_localisation`
--

CREATE TABLE IF NOT EXISTS `bien_localisation` (
  `bien_localisation_id` int(10) UNSIGNED NOT NULL AUTO_INCREMENT,
  `quartier_id` int(11) DEFAULT NULL,
  `bien_localisation_latitude` varchar(255) COLLATE utf8_unicode_ci DEFAULT NULL,
  `bien_localisation_longitude` varchar(255) COLLATE utf8_unicode_ci DEFAULT NULL,
  `bien_localisation_adresse` text COLLATE utf8_unicode_ci,
  `bien_localisation_ville` varchar(255) COLLATE utf8_unicode_ci DEFAULT NULL,
  `bien_localisation_cp` int(11) DEFAULT NULL,
  `bien_localisation_nom_residence` varchar(255) COLLATE utf8_unicode_ci DEFAULT NULL,
  `bien_localisation_secteur` varchar(255) COLLATE utf8_unicode_ci DEFAULT NULL,
  `bien_localisation_is_lotissement` varchar(255) COLLATE utf8_unicode_ci DEFAULT NULL,
  `bien_localisation_vue` varchar(255) COLLATE utf8_unicode_ci DEFAULT NULL,
  `bien_localisation_num_etage` int(11) DEFAULT NULL,
  `bien_localisation_etage` int(11) DEFAULT NULL,
  `bien_localisation_rez_chaussee` varchar(255) COLLATE utf8_unicode_ci DEFAULT NULL,
  `bien_localisation_plain_pied` varchar(255) COLLATE utf8_unicode_ci DEFAULT NULL,
  `bien_localisation_dernier_etage` varchar(255) COLLATE utf8_unicode_ci DEFAULT NULL,
  `bien_localisation_distance_commerce` double(8,2) DEFAULT NULL,
  `bien_localisation_mitoyennete` varchar(255) COLLATE utf8_unicode_ci DEFAULT NULL,
  `bien_localisation_distance_bus` double(8,2) DEFAULT NULL,
  `bien_localisation_distance_tramway` double(8,2) DEFAULT NULL,
  `bien_localisation_distance_ecole` double(8,2) DEFAULT NULL,
  `bien_localisation_distance_creche` double(8,2) DEFAULT NULL,
  `bien_localisation_distance_gare` double(8,2) DEFAULT NULL,
  `bien_localisation_type_ecole` varchar(255) COLLATE utf8_unicode_ci DEFAULT NULL,
  `bien_localisation_service` varchar(255) COLLATE utf8_unicode_ci DEFAULT NULL,
  `remember_token` varchar(100) COLLATE utf8_unicode_ci DEFAULT NULL,
  `bien_localisation_created_at` timestamp NULL DEFAULT NULL,
  `bien_localisation_updated_at` timestamp NULL DEFAULT NULL,
  PRIMARY KEY (`bien_localisation_id`)
) ENGINE=InnoDB AUTO_INCREMENT=285 DEFAULT CHARSET=utf8 COLLATE=utf8_unicode_ci;

-- --------------------------------------------------------

--
-- Structure de la table `bien_mandat`
--

CREATE TABLE IF NOT EXISTS `bien_mandat` (
  `bien_mandat_id` int(10) UNSIGNED NOT NULL AUTO_INCREMENT,
  `bien_mandat_lot_cave` varchar(255) COLLATE utf8_unicode_ci DEFAULT NULL,
  `bien_mandat_type_mandat` varchar(255) COLLATE utf8_unicode_ci NOT NULL,
  `bien_mandat_lot_garage` varchar(255) COLLATE utf8_unicode_ci DEFAULT NULL,
  `bien_mandat_lot` varchar(255) COLLATE utf8_unicode_ci NOT NULL,
  `bien_mandat_lot_parking` varchar(255) COLLATE utf8_unicode_ci NOT NULL,
  `bien_mandat` varchar(255) COLLATE utf8_unicode_ci DEFAULT NULL,
  `bien_mandat_date` date DEFAULT NULL,
  `bien_mandat_disponibilite` varchar(255) COLLATE utf8_unicode_ci DEFAULT NULL,
  `bien_mandat_notaire` varchar(255) COLLATE utf8_unicode_ci DEFAULT NULL,
  `bien_mandat_syndic` varchar(255) COLLATE utf8_unicode_ci NOT NULL,
  `bien_mandat_date_assemble` date DEFAULT NULL,
  `bien_mandat_tantieme` varchar(255) COLLATE utf8_unicode_ci DEFAULT NULL,
  `bien_mandat_apporteur` varchar(255) COLLATE utf8_unicode_ci DEFAULT NULL,
  `remember_token` varchar(100) COLLATE utf8_unicode_ci DEFAULT NULL,
  `bien_mandat_created_at` timestamp NULL DEFAULT NULL,
  `bien_mandat_updated_at` timestamp NULL DEFAULT NULL,
  PRIMARY KEY (`bien_mandat_id`)
) ENGINE=InnoDB AUTO_INCREMENT=285 DEFAULT CHARSET=utf8 COLLATE=utf8_unicode_ci;

-- --------------------------------------------------------

--
-- Structure de la table `bien_piece`
--

CREATE TABLE IF NOT EXISTS `bien_piece` (
  `bien_piece_id` int(10) UNSIGNED NOT NULL AUTO_INCREMENT,
  `bien_id` int(10) UNSIGNED NOT NULL,
  `bien_piece_intitule` varchar(255) COLLATE utf8_unicode_ci NOT NULL,
  `bien_piece_surface` double(8,2) DEFAULT NULL,
  `bien_piece_niveau` int(11) DEFAULT NULL,
  `remember_token` varchar(100) COLLATE utf8_unicode_ci DEFAULT NULL,
  `bien_piece_created_at` timestamp NULL DEFAULT NULL,
  `bien_piece_updated_at` timestamp NULL DEFAULT NULL,
  PRIMARY KEY (`bien_piece_id`),
  KEY `bien_piece_bien_id_foreign` (`bien_id`)
) ENGINE=InnoDB AUTO_INCREMENT=11725 DEFAULT CHARSET=utf8 COLLATE=utf8_unicode_ci;

-- --------------------------------------------------------

--
-- Structure de la table `bien_plan`
--

CREATE TABLE IF NOT EXISTS `bien_plan` (
  `bien_plan_id` int(11) NOT NULL AUTO_INCREMENT,
  `bien_id` int(11) DEFAULT NULL,
  `bien_plan_url` varchar(255) DEFAULT NULL,
  `remember_token` varchar(100) DEFAULT NULL,
  PRIMARY KEY (`bien_plan_id`)
) ENGINE=InnoDB AUTO_INCREMENT=2008 DEFAULT CHARSET=utf8;

-- --------------------------------------------------------

--
-- Structure de la table `bien_stats`
--

CREATE TABLE IF NOT EXISTS `bien_stats` (
  `stats_id` int(11) NOT NULL AUTO_INCREMENT,
  `bien_id` int(10) UNSIGNED NOT NULL,
  `stats_type` varchar(255) DEFAULT NULL,
  `stats_value` varchar(45) DEFAULT NULL,
  PRIMARY KEY (`stats_id`),
  KEY `fk_bien_stats_bien1_idx` (`bien_id`)
) ENGINE=InnoDB DEFAULT CHARSET=latin1;

-- --------------------------------------------------------

--
-- Structure de la table `bien_surface`
--

CREATE TABLE IF NOT EXISTS `bien_surface` (
  `bien_surface_id` int(10) UNSIGNED NOT NULL AUTO_INCREMENT,
  `bien_surface` double(8,2) DEFAULT NULL,
  `bien_surface_carrez` double(8,2) DEFAULT NULL,
  `bien_surface_sol` double(8,2) DEFAULT NULL,
  `bien_surface_sejour` double(8,2) DEFAULT NULL,
  `bien_surface_terrain` double(8,2) DEFAULT NULL,
  `bien_surface_terrasse` double(8,2) DEFAULT NULL,
  `bien_surface_balcon_garde_corps` double(8,2) DEFAULT NULL,
  `bien_surface_balcon_logeable` double(8,2) DEFAULT NULL,
  `bien_surface_cave` double(8,2) DEFAULT NULL,
  `bien_surface_garage` double(8,2) DEFAULT NULL,
  `bien_surface_veranda` double(8,2) DEFAULT NULL,
  `bien_surface_sous_sol` double(8,2) DEFAULT NULL,
  `remember_token` varchar(100) COLLATE utf8_unicode_ci DEFAULT NULL,
  `bien_surface_created_at` timestamp NULL DEFAULT NULL,
  `bien_surface_updated_at` timestamp NULL DEFAULT NULL,
  PRIMARY KEY (`bien_surface_id`)
) ENGINE=InnoDB AUTO_INCREMENT=285 DEFAULT CHARSET=utf8 COLLATE=utf8_unicode_ci;

-- --------------------------------------------------------

--
-- Structure de la table `bien_terrain`
--

CREATE TABLE IF NOT EXISTS `bien_terrain` (
  `bien_terrain_id` int(10) UNSIGNED NOT NULL AUTO_INCREMENT,
  `bien_terrain_emprise_servitude` double(8,2) DEFAULT NULL,
  `bien_terrain_longueur` double(8,2) DEFAULT NULL,
  `bien_terrain_shon` double(8,2) DEFAULT NULL,
  `bien_terrain_surface_plancher` double(8,2) DEFAULT NULL,
  `bien_terrain_surface_demolir` double(8,2) DEFAULT NULL,
  `bien_terrain_batiment_demolir` varchar(255) COLLATE utf8_unicode_ci DEFAULT NULL,
  `bien_terrain_hauteur_demolir` double(8,2) DEFAULT NULL,
  `bien_terrain_cloture` varchar(255) COLLATE utf8_unicode_ci DEFAULT NULL,
  `bien_terrain_viabilise` varchar(255) COLLATE utf8_unicode_ci DEFAULT NULL,
  `bien_terrain_cos` double(8,2) DEFAULT NULL,
  `bien_terrain_surface_batir` double(8,2) DEFAULT NULL,
  `bien_terrain_aspect` varchar(255) COLLATE utf8_unicode_ci DEFAULT NULL,
  `bien_terrain_plu` varchar(255) COLLATE utf8_unicode_ci DEFAULT NULL,
  `bien_terrain_reference_lot` varchar(255) COLLATE utf8_unicode_ci DEFAULT NULL,
  `bien_terrain_regit_lotissement` varchar(255) COLLATE utf8_unicode_ci DEFAULT NULL,
  `bien_terrain_amenagement` varchar(255) COLLATE utf8_unicode_ci DEFAULT NULL,
  `bien_terrain_cable` varchar(255) COLLATE utf8_unicode_ci DEFAULT NULL,
  `bien_terrain_edf` varchar(255) COLLATE utf8_unicode_ci DEFAULT NULL,
  `bien_terrain_certificat_urbanisme` varchar(255) COLLATE utf8_unicode_ci DEFAULT NULL,
  `bien_terrain_construction_libre` varchar(255) COLLATE utf8_unicode_ci DEFAULT NULL,
  `bien_terrain_gaz` varchar(255) COLLATE utf8_unicode_ci DEFAULT NULL,
  `bien_terrain_alimentation_gaz` varchar(255) COLLATE utf8_unicode_ci DEFAULT NULL,
  `bien_terrain_eau_ville` varchar(255) COLLATE utf8_unicode_ci DEFAULT NULL,
  `bien_terrain_telephone` varchar(255) COLLATE utf8_unicode_ci DEFAULT NULL,
  `bien_terrain_servitude` varchar(255) COLLATE utf8_unicode_ci DEFAULT NULL,
  `bien_terrain_zonage` varchar(255) COLLATE utf8_unicode_ci DEFAULT NULL,
  `bien_terrain_assainissement` varchar(255) COLLATE utf8_unicode_ci DEFAULT NULL,
  `bien_terrain_eau_pluviale` varchar(255) COLLATE utf8_unicode_ci DEFAULT NULL,
  `bien_terrain_eau_usee` varchar(255) COLLATE utf8_unicode_ci DEFAULT NULL,
  `bien_terrain_emplacement_compteur` varchar(255) COLLATE utf8_unicode_ci DEFAULT NULL,
  `bien_terrain_type_zone` varchar(255) COLLATE utf8_unicode_ci DEFAULT NULL,
  `bien_terrain_assainissement_collectif` varchar(255) COLLATE utf8_unicode_ci DEFAULT NULL,
  `bien_terrain_commentaire` text COLLATE utf8_unicode_ci,
  `bien_terrain_descriptif_terrain` text COLLATE utf8_unicode_ci,
  `remember_token` varchar(100) COLLATE utf8_unicode_ci DEFAULT NULL,
  `bien_terrain_created_at` timestamp NULL DEFAULT NULL,
  `bien_terrain_updated_at` timestamp NULL DEFAULT NULL,
  PRIMARY KEY (`bien_terrain_id`)
) ENGINE=InnoDB AUTO_INCREMENT=214 DEFAULT CHARSET=utf8 COLLATE=utf8_unicode_ci;

-- --------------------------------------------------------

--
-- Structure de la table `bien_type`
--

CREATE TABLE IF NOT EXISTS `bien_type` (
  `bien_type_id` int(10) UNSIGNED NOT NULL AUTO_INCREMENT,
  `bien_type_libelle` varchar(255) COLLATE utf8_unicode_ci NOT NULL,
  `remember_token` varchar(100) COLLATE utf8_unicode_ci DEFAULT NULL,
  `bien_type_created_at` timestamp NULL DEFAULT NULL,
  `bien_type_updated_at` timestamp NULL DEFAULT NULL,
  PRIMARY KEY (`bien_type_id`)
) ENGINE=InnoDB AUTO_INCREMENT=11 DEFAULT CHARSET=utf8 COLLATE=utf8_unicode_ci;

--
-- Déchargement des données de la table `bien_type`
--

INSERT INTO `bien_type` (`bien_type_id`, `bien_type_libelle`, `remember_token`, `bien_type_created_at`, `bien_type_updated_at`) VALUES
(1, 'maison', NULL, '2017-06-28 22:00:00', NULL),
(2, 'appartement', NULL, '2017-06-28 22:00:00', NULL),
(3, 'terrain', NULL, '2017-06-28 22:00:00', NULL),
(4, 'immeuble', NULL, '2017-06-28 22:00:00', NULL),
(5, 'local_professionnel', NULL, '2017-06-28 22:00:00', NULL),
(6, 'fond_commerce', NULL, '2017-06-28 22:00:00', NULL),
(7, 'parking', NULL, '2017-06-28 22:00:00', NULL),
(8, 'studio', NULL, '2017-06-28 22:00:00', NULL),
(9, 'chambre', NULL, '2017-06-28 22:00:00', NULL),
(10, 'bien', NULL, '2020-02-16 23:00:00', '2020-02-16 23:00:00');

-- --------------------------------------------------------

--
-- Structure de la table `bien_user_rating`
--

CREATE TABLE IF NOT EXISTS `bien_user_rating` (
  `bien_id` int(10) UNSIGNED NOT NULL,
  `user_id` int(10) UNSIGNED NOT NULL,
  `bien_rating` decimal(10,2) DEFAULT NULL,
  PRIMARY KEY (`bien_id`,`user_id`),
  KEY `fk_bien_has_users_users1_idx` (`user_id`),
  KEY `fk_bien_has_users_bien1_idx` (`bien_id`)
) ENGINE=InnoDB DEFAULT CHARSET=utf8 COLLATE=utf8_unicode_ci;

-- --------------------------------------------------------

--
-- Structure de la table `configuration`
--

CREATE TABLE IF NOT EXISTS `configuration` (
  `id` int(11) NOT NULL AUTO_INCREMENT,
  `meta_key` varchar(20) NOT NULL,
  `meta_value` varchar(150) DEFAULT NULL,
  PRIMARY KEY (`id`)
) ENGINE=InnoDB AUTO_INCREMENT=2 DEFAULT CHARSET=utf8;

--
-- Déchargement des données de la table `configuration`
--

INSERT INTO `configuration` (`id`, `meta_key`, `meta_value`) VALUES
(1, 'horaires', 'lundi au vendredi de 9h00 à 12h30 et de 13h30 à 17h00.');

-- --------------------------------------------------------

--
-- Structure de la table `gallery`
--

CREATE TABLE IF NOT EXISTS `gallery` (
  `gallery_id` int(10) UNSIGNED NOT NULL AUTO_INCREMENT,
  `page_id` int(10) UNSIGNED NOT NULL,
  `user_id` int(10) UNSIGNED NOT NULL,
  `gallery_libelle` varchar(255) COLLATE utf8_unicode_ci NOT NULL,
  `gallery_status` varchar(255) COLLATE utf8_unicode_ci NOT NULL,
  `remember_token` varchar(100) COLLATE utf8_unicode_ci DEFAULT NULL,
  `gallery_created_at` timestamp NULL DEFAULT NULL,
  `gallery_updated_at` timestamp NULL DEFAULT NULL,
  PRIMARY KEY (`gallery_id`),
  KEY `gallery_page_id_foreign` (`page_id`),
  KEY `gallery_user_id_foreign` (`user_id`)
) ENGINE=InnoDB AUTO_INCREMENT=9 DEFAULT CHARSET=utf8 COLLATE=utf8_unicode_ci;

--
-- Déchargement des données de la table `gallery`
--

INSERT INTO `gallery` (`gallery_id`, `page_id`, `user_id`, `gallery_libelle`, `gallery_status`, `remember_token`, `gallery_created_at`, `gallery_updated_at`) VALUES
(3, 3, 3802, 'Galerie prestations', '', 'Bvs6ldpsdCgK1dROqDo5CFc7sttXigKPtKZMhYEh', '2020-07-16 22:00:00', '2020-07-17 09:45:34'),
(4, 2, 155, 'Galerie agence', '', '99WvqqWSAidusrC3vZStAR6llC1SN76sTvE7VNXP', '2019-06-22 22:00:00', '2019-06-23 08:40:45'),
(5, 6, 50, 'Galerie témoignage', '', 'dqTG7g5EPozRrcM5TfiWPvG8ildZqj0wJguVurAJ', '2018-11-26 23:00:00', '2018-11-27 14:45:00'),
(6, 10, 3802, 'Galerie honoraires', '', 'Bvs6ldpsdCgK1dROqDo5CFc7sttXigKPtKZMhYEh', '2020-07-16 22:00:00', '2020-07-17 09:39:38'),
(7, 5, 3802, 'Mentions légales', '', 'Bvs6ldpsdCgK1dROqDo5CFc7sttXigKPtKZMhYEh', '2020-07-16 22:00:00', '2020-07-17 09:47:25'),
(8, 9, 3802, 'Galerie gestion locative', '', 'A9U7Ubm4NR4sue1KP2SyVcELdjusUIBnqIKhN5qN', '2020-07-20 22:00:00', '2020-07-21 10:42:29');

-- --------------------------------------------------------

--
-- Structure de la table `image`
--

CREATE TABLE IF NOT EXISTS `image` (
  `image_id` int(10) UNSIGNED NOT NULL AUTO_INCREMENT,
  `image_libelle` varchar(255) COLLATE utf8_unicode_ci NOT NULL,
  `image_path_http` varchar(255) COLLATE utf8_unicode_ci NOT NULL,
  `type` int(10) NOT NULL,
  PRIMARY KEY (`image_id`)
) ENGINE=InnoDB AUTO_INCREMENT=92 DEFAULT CHARSET=utf8 COLLATE=utf8_unicode_ci;

--
-- Déchargement des données de la table `image`
--

INSERT INTO `image` (`image_id`, `image_libelle`, `image_path_http`, `type`) VALUES
(91, 'vache', '604a3b0f4d005.jpg', 2);

-- --------------------------------------------------------

--
-- Structure de la table `migrations`
--

CREATE TABLE IF NOT EXISTS `migrations` (
  `migration` varchar(255) COLLATE utf8_unicode_ci NOT NULL,
  `batch` int(11) NOT NULL
) ENGINE=InnoDB DEFAULT CHARSET=utf8 COLLATE=utf8_unicode_ci;

--
-- Déchargement des données de la table `migrations`
--

INSERT INTO `migrations` (`migration`, `batch`) VALUES
('2017_01_20_140520_create_bien_localisation_table', 1),
('2017_01_20_143738_create_bien_finance_table', 1),
('2017_01_20_145244_create_bien_copropriete_table', 1),
('2017_01_20_145735_create_bien_bail_table', 1),
('2017_01_20_150121_create_bien_interieur_table', 1),
('2017_01_20_153618_create_bien_exterieur_table', 1),
('2017_01_20_155403_create_bien_surface_table', 1),
('2017_01_20_162056_create_bien_divers_table', 1),
('2017_01_20_164136_create_bien_terrain_table', 1),
('2017_01_24_084230_create_bien_mandat_table', 1),
('2017_01_24_085139_create_bien_diagnostic_table', 1),
('2017_01_26_170120_create_bien_description_table', 1),
('2017_02_09_125441_create_bien_type_table', 1),
('2017_02_13_141610_create_page_table', 1),
('2017_02_15_141008_create_gallery_table', 1),
('2017_02_15_141933_create_image_table', 1),
('2017_03_20_135737_create_bien_table', 1),
('2017_03_26_163928_create_bien_image_table', 1),
('2017_05_18_140857_create_bien_piece_table', 1),
('2017_06_28_153646_create_quartier_table', 1),
('2017_06_28_154147_create_quartier_coordonnee_table', 1),
('2014_10_12_000000_create_users_table', 2),
('2014_10_12_100000_create_password_resets_table', 2);

-- --------------------------------------------------------

--
-- Structure de la table `negociateur`
--

CREATE TABLE IF NOT EXISTS `negociateur` (
  `negociateur_id` int(11) NOT NULL AUTO_INCREMENT,
  `negociateur_id_immo_facile` int(11) DEFAULT NULL,
  `negociateur_nom` varchar(100) DEFAULT NULL,
  `negociateur_prenom` varchar(100) DEFAULT NULL,
  `negociateur_tel` varchar(20) DEFAULT NULL,
  `negociateur_email` varchar(100) DEFAULT NULL,
  `negociateur_fonction` varchar(100) DEFAULT NULL,
  `negociateur_photo` varchar(255) DEFAULT NULL,
  PRIMARY KEY (`negociateur_id`)
) ENGINE=InnoDB AUTO_INCREMENT=15 DEFAULT CHARSET=utf8;

--
-- Déchargement des données de la table `negociateur`
--

INSERT INTO `negociateur` (`negociateur_id`, `negociateur_id_immo_facile`, `negociateur_nom`, `negociateur_prenom`, `negociateur_tel`, `negociateur_email`, `negociateur_fonction`, `negociateur_photo`) VALUES
(1, 673058, 'ALLARD', 'Mathieu', '03 81 83 52 88', 'mallard@agencevauban.com', 'dirigeant', '673058.jpg'),
(2, 673065, 'BERTIN', 'Cendrine', '06 37 37 03 30', 'cbertin@agencevauban.com', 'conseillers_besancon', '673065.png'),
(3, 673061, 'BONJOUR LEHMANN', 'Lauriane', '06 66 48 18 81', 'lbonjour@agencevauban.com', 'conseiller_dole', '673061.png'),
(4, 673066, 'BOUCARD', 'Brigitte', '06 86 26 20 49', 'bboucard@agencevauban.com', 'conseillers_besancon', '673066.jpg'),
(6, 673057, 'GARRIGUES', 'Pierre', '03 81 83 52 88', 'pgarrigues@agencevauban.com', 'dirigeant', '673057.jpg'),
(7, 673059, 'HEURTEVIN', 'Marine', '03 81 83 52 88', 'mheurtevin@agencevauban.com', 'responsable_commerciale', '673059.jpg'),
(8, 673068, 'JEANNEY', 'Francis', '07 82 41 61 35', 'fjeanney@agencevauban.com', 'conseillers_besancon', '673068.jpg'),
(9, 673062, 'MARTIN', 'Celine', '07 87 45 47 22', 'cmartin@agencevauban.com', 'conseiller_hauts-doubs', '673062.png'),
(10, 673067, 'MARTIN', 'Philippe', '06 79 12 32 67', 'pmartin@agencevauban.com', 'conseillers_besancon', '673067.jpg'),
(12, 697414, 'RICHARD THIEBAUT', 'Thomas', '06 74 78 21 20', 'trichard@agencevauban.com', 'conseillers_besancon', '697414.jpg'),
(13, 673060, 'VANDEL', 'Anne', '06 08 58 22 83', 'avandel@agencevauban.com', 'conseiller_dole', '673060.png'),
(14, 673063, 'MULOT', 'Laurence', '06 87 15 18 22', 'lmulot@agencevauban.com', 'conseillers_besancon', '673063.png');

-- --------------------------------------------------------

--
-- Structure de la table `page`
--

CREATE TABLE IF NOT EXISTS `page` (
  `page_id` int(10) UNSIGNED NOT NULL AUTO_INCREMENT,
  `user_id` int(10) UNSIGNED NOT NULL,
  `parent_id` int(11) NOT NULL,
  `page_title` varchar(255) COLLATE utf8_unicode_ci NOT NULL,
  `page_meta_description` text COLLATE utf8_unicode_ci NOT NULL,
  `page_url` varchar(255) COLLATE utf8_unicode_ci NOT NULL,
  `page_h1` varchar(255) COLLATE utf8_unicode_ci NOT NULL,
  `page_h2` varchar(255) COLLATE utf8_unicode_ci NOT NULL,
  `page_titre_menu` varchar(255) COLLATE utf8_unicode_ci NOT NULL,
  `page_chapeau` text COLLATE utf8_unicode_ci NOT NULL,
  `page_contenu` text COLLATE utf8_unicode_ci NOT NULL,
  `page_status` varchar(255) COLLATE utf8_unicode_ci NOT NULL,
  `page_ordre` int(11) NOT NULL,
  `remember_token` varchar(100) COLLATE utf8_unicode_ci DEFAULT NULL,
  `page_created_at` timestamp NULL DEFAULT NULL,
  `page_updated_at` timestamp NULL DEFAULT NULL,
  PRIMARY KEY (`page_id`),
  KEY `page_user_id_foreign` (`user_id`)
) ENGINE=InnoDB AUTO_INCREMENT=12 DEFAULT CHARSET=utf8 COLLATE=utf8_unicode_ci;

--
-- Déchargement des données de la table `page`
--

INSERT INTO `page` (`page_id`, `user_id`, `parent_id`, `page_title`, `page_meta_description`, `page_url`, `page_h1`, `page_h2`, `page_titre_menu`, `page_chapeau`, `page_contenu`, `page_status`, `page_ordre`, `remember_token`, `page_created_at`, `page_updated_at`) VALUES
(1, 0, 0, 'Titre test', 'Test', 'page-test', 'Page test', '', 'Titre Test', '<p>test</p>', '<p>test</p>', '', 0, 'SBWedHMkakQMAyFH9OilCkxHXzltZzaGauoJxKI7', '2017-11-15 23:00:00', '2017-11-16 07:54:26'),
(2, 3802, 0, 'Présentation de l\'agence Office Immobilier avec ses valeurs et ses engagements', 'Office Immobilier présente des valeurs fortes : innovations, transparence, responsabilité et expérience. Elle s\'engage auprès des acheteurs et des vendeurs.', 'notre-agence', 'Notre agence', 'Entrez, c\'est ouvert !', 'Notre agence', '<p>Acteur Franc-Comtois depuis plus de 40 ans, on peut dire qu\'Office Immobilier fait partie int&eacute;grante du paysage immobilier de notre belle r&eacute;gion. <br />Elle a connu \"quelques\" changements, surtout ces derniers temps ! Et d\'autres arrivent bient&ocirc;t...</p>', '<h4 class=\"Standard\">Petit voyage dans le temps</h4>\r\n<p>Office Immobilier a vu le jour &agrave; Besan&ccedil;on en 1975 et a su s\'imposer en leader pendant plus de 25 ans. En 1997, d&eacute;cision est prise d\'emm&eacute;nager dans des locaux plus grands, afin d\'absorber une activit&eacute; toujours plus grandissante. Office Immobilier continue son bonhomme de chemin, et ne cesse de prendre de l\'ampleur. Trois ans plus tard, premier v&eacute;ritable virage en mati&egrave;re de service de transaction : prestations et conseils destin&eacute;s aux particuliers et aux professionnels se font de plus en plus pointus&hellip;</p>\r\n<p>Une fois de plus, en 2001, l\'agence de Besan&ccedil;on se retrouve le nez dans les cartons pour un dernier d&eacute;m&eacute;nagement. A force de prendre de l\'ampleur, il &eacute;tait temps d\'investir des locaux plus visibles et encore plus grands. D&eacute;sormais situ&eacute;e rue des Granges &agrave; la place qu\'elle occupe encore aujourd\'hui, l\'agence s\'enrichit de nouveaux services.</p>\r\n<p>&nbsp;</p>', '', 0, 'HWob40QfJ0A6xfqGya9mO6XzMJVr8E37THfdCNJG', '2019-11-18 23:00:00', '2019-11-19 14:13:13'),
(3, 3802, 0, 'Des solutions apportées aux vendeurs et aux acheteurs.', 'Office Immobilier propose des solutions adaptées à chaque profil de vendeurs et d\'acheteurs. L\'équipe s\'adapte aux besoins de chacun.', 'comment-ca-marche', 'Transaction immobilière', 'Méthodo-logis pour vendre et acheter sans difficultés', 'Transaction immobilière', '<p>Il n\'y a pas qu\'une seule fa&ccedil;on de vendre ou d\'acheter. Alors pourquoi ne pas vous laisser votre libert&eacute; d\'agir&nbsp;?</p>', '<p class=\"p1\">S\'il y a bien une chose que nous avons compris chez Office Immobilier, c\'est que vous &ecirc;tes tous diff&eacute;rents face &agrave; vos projets. Envie d\'agir seul ou au contraire besoin de vous sentir soutenu dans chacune de vos d&eacute;marches&nbsp;?<span class=\"Apple-converted-space\">&nbsp; </span>A vous de nous dire ce que vous attendez de nous, afin de profiter du meilleur de nos services.</p>\r\n<p><a class=\"btn-has-arrow-right btn btn-primary btn-sm text-left mt-3 mr-2 py-2\" href=\"../../../contact/4-contact-office-immo\"> <span class=\"clearfix\"> <span class=\"d-block-inline float-left\"> <span class=\"novecento-light d-block small\">Je demande une</span> <strong class=\"novecento-bold\">estimation gratuite</strong> </span> </span> </a></p>', '', 0, 'h8cCJMopGu2LkcdrGQFOjCueINB0VBTkNZ2oWy6H', '2019-11-24 23:00:00', '2019-11-25 12:29:24'),
(4, 0, 0, 'Comment contacter Office Immobilier ?', 'Numéro de téléphone, adresse postale ou mail, les moyens de contacter Office Immobilier et son équipe sont nombreux.', 'contact-office-immo', 'Contact', '', 'Contact', '<p>Contact</p>', '<p>Contact</p>', '', 0, 'corRYTEdEZNcEPAJOnmZJgzawT1l5P2uf5ihfDg6', '2017-05-01 22:00:00', '2017-05-02 13:01:53'),
(5, 3802, 0, 'Mentions légales', 'Mentions légales', 'mentions-legales', 'Mentions légales', '', 'Mentions légales', '', '<h3>D&eacute;finitions</h3>\r\n<p>Client : tout professionnel ou personne physique capable au sens des articles 1123 et suivants du Code civil, ou personne morale, qui visite le Site objet des pr&eacute;sentes conditions g&eacute;n&eacute;rales.<br /><br />Prestations et Services : http://office-immo.fr met &agrave; disposition des Clients :<br /><br />Contenu : Ensemble des &eacute;l&eacute;ments constituant l&rsquo;information pr&eacute;sente sur le Site, notamment textes - images - vid&eacute;os.<br /><br />Informations clients : Ci-apr&egrave;s d&eacute;nomm&eacute; &laquo; Information (s) &raquo; qui correspondent &agrave; l&rsquo;ensemble des donn&eacute;es personnelles susceptibles d&rsquo;&ecirc;tre d&eacute;tenues par http://office-immo.fr pour la gestion de votre compte, la gestion de la relation client et &agrave; des fins d&rsquo;analyses et de statistiques.<br /><br />Utilisateur : Internaute se connectant, utilisant le site susnomm&eacute;.<br /><br />Informations personnelles : &laquo; Les informations qui permettent, sous quelque forme que ce soit, directement ou non, l\'identification des personnes physiques auxquelles elles s\'appliquent &raquo; (article 4 de la loi n&deg; 78-17 du 6 janvier 1978).<br /><br />Les termes &laquo; donn&eacute;es &agrave; caract&egrave;re personnel &raquo;, &laquo; personne concern&eacute;e &raquo;, &laquo; sous traitant &raquo; et &laquo; donn&eacute;es sensibles &raquo; ont le sens d&eacute;fini par le R&egrave;glement G&eacute;n&eacute;ral sur la Protection des Donn&eacute;es (RGPD : n&deg; 2016-679).<br /><br /></p>\r\n<h3>1. Pr&eacute;sentation du site internet</h3>\r\n<p>En vertu de l\'article 6 de la loi n&deg; 2004-575 du 21 juin 2004 pour la confiance dans l\'&eacute;conomie num&eacute;rique, il est pr&eacute;cis&eacute; aux utilisateurs du site internet http://office-immo.fr l\'identit&eacute; des diff&eacute;rents intervenants dans le cadre de sa r&eacute;alisation et de son suivi : <br /><br />Propri&eacute;taire : <br />SARL Office Immobilier au Capital social de 10 000&euro; <br />Num&eacute;ro de TVA : FR6820557627 <br />92 rue des Granges - 25000 Besan&ccedil;on<br /><br />Responsable de la publication : <br />Benoit Condamine - benoit.condamine@office-immo.fr<br /><br />Le responsable de la publication est une personne physique ou une personne morale.<br /><br />Webmaster : Agence S&eacute;quane - support@sequane.fr<br /><br />H&eacute;bergeur : CELEONET - 70 rue Berthie Albrecht - 94400 Vitry-sur-Seine - 01 40 64 01 31<br /><br />Responsable RGPD : Benoit Condamine - <a href=\"mailto:benoit.condamine@office-immo.fr\">benoit.condamine@office-immo.fr</a></p>\r\n<h3><br />2. Conditions g&eacute;n&eacute;rales d&rsquo;utilisation du site et des services propos&eacute;s</h3>\r\n<p>Le Site constitue une &oelig;uvre de l&rsquo;esprit prot&eacute;g&eacute;e par les dispositions du Code de la Propri&eacute;t&eacute; Intellectuelle et des R&eacute;glementations Internationales applicables. Le Client ne peut en aucune mani&egrave;re r&eacute;utiliser, c&eacute;der ou exploiter pour son propre compte tout ou partie des &eacute;l&eacute;ments ou travaux du Site.<br /><br />L&rsquo;utilisation du site http://office-immo.fr implique l&rsquo;acceptation pleine et enti&egrave;re des conditions g&eacute;n&eacute;rales d&rsquo;utilisation ci-apr&egrave;s d&eacute;crites. Ces conditions d&rsquo;utilisation sont susceptibles d&rsquo;&ecirc;tre modifi&eacute;es ou compl&eacute;t&eacute;es &agrave; tout moment, les utilisateurs du site http://office-immo.fr sont donc invit&eacute;s &agrave; les consulter de mani&egrave;re r&eacute;guli&egrave;re.<br /><br />Ce site internet est normalement accessible &agrave; tout moment aux utilisateurs. Une interruption pour raison de maintenance technique peut &ecirc;tre toutefois d&eacute;cid&eacute;e par http://office-immo.fr qui s&rsquo;efforcera alors de communiquer pr&eacute;alablement aux utilisateurs les dates et heures de l&rsquo;intervention. <br /><br />Le site web http://office-immo.fr est mis &agrave; jour r&eacute;guli&egrave;rement par http://office-immo.fr responsable. De la m&ecirc;me fa&ccedil;on, les mentions l&eacute;gales peuvent &ecirc;tre modifi&eacute;es &agrave; tout moment : elles s&rsquo;imposent n&eacute;anmoins &agrave; l&rsquo;utilisateur qui est invit&eacute; &agrave; s&rsquo;y r&eacute;f&eacute;rer le plus souvent possible afin d&rsquo;en prendre connaissance.<br /><br /></p>\r\n<h3>3. Description des services fournis</h3>\r\n<p>Le site internet http://office-immo.fr a pour objet de fournir une information concernant l&rsquo;ensemble des activit&eacute;s de la soci&eacute;t&eacute;. http://office-immo.fr s&rsquo;efforce de fournir sur le site http://office-immo.fr des informations aussi pr&eacute;cises que possible. Toutefois, il ne pourra &ecirc;tre tenu responsable des oublis, des inexactitudes et des carences dans la mise &agrave; jour, qu&rsquo;elles soient de son fait ou du fait des tiers partenaires qui lui fournissent ces informations.<br /><br />Toutes les informations indiqu&eacute;es sur le site http://office-immo.fr sont donn&eacute;es &agrave; titre indicatif et sont susceptibles d&rsquo;&eacute;voluer. Par ailleurs, les renseignements figurant sur le site http://office-immo.fr ne sont pas exhaustifs. Ils sont donn&eacute;s sous r&eacute;serve de modifications ayant &eacute;t&eacute; apport&eacute;es depuis leur mise en ligne.<br /><br /></p>\r\n<h3>4. Limitations contractuelles sur les donn&eacute;es techniques</h3>\r\n<p>Le site utilise la technologie JavaScript. Le site Internet ne pourra &ecirc;tre tenu responsable de dommages mat&eacute;riels li&eacute;s &agrave; l&rsquo;utilisation du site. De plus, l&rsquo;utilisateur du site s&rsquo;engage &agrave; acc&eacute;der au site en utilisant un mat&eacute;riel r&eacute;cent, ne contenant pas de virus et avec un navigateur de derni&egrave;re g&eacute;n&eacute;ration mis-&agrave;-jour. Le site http://office-immo.fr est h&eacute;berg&eacute; chez un prestataire sur le territoire de l&rsquo;Union Europ&eacute;enne conform&eacute;ment aux dispositions du R&egrave;glement G&eacute;n&eacute;ral sur la Protection des Donn&eacute;es (RGPD : n&deg; 2016-679).<br /><br />L&rsquo;objectif est d&rsquo;apporter une prestation qui assure le meilleur taux d&rsquo;accessibilit&eacute;. L&rsquo;h&eacute;bergeur assure la continuit&eacute; de son service 24 heures sur 24, tous les jours de l&rsquo;ann&eacute;e. Il se r&eacute;serve n&eacute;anmoins la possibilit&eacute; d&rsquo;interrompre le service d&rsquo;h&eacute;bergement pour les dur&eacute;es les plus courtes possibles notamment &agrave; des fins de maintenance, d&rsquo;am&eacute;lioration de ses infrastructures, de d&eacute;faillance de ses infrastructures ou si les Prestations et Services g&eacute;n&egrave;rent un trafic r&eacute;put&eacute; anormal.<br /><br />http://office-immo.fr et l&rsquo;h&eacute;bergeur ne pourront &ecirc;tre tenus responsables en cas de dysfonctionnement du r&eacute;seau Internet, des lignes t&eacute;l&eacute;phoniques ou du mat&eacute;riel informatique et de t&eacute;l&eacute;phonie li&eacute; notamment &agrave; l&rsquo;encombrement du r&eacute;seau emp&ecirc;chant l&rsquo;acc&egrave;s au serveur.<br /><br /></p>\r\n<h3>5. Propri&eacute;t&eacute; intellectuelle et contrefa&ccedil;ons</h3>\r\n<p>http://office-immo.fr est propri&eacute;taire des droits de propri&eacute;t&eacute; intellectuelle et d&eacute;tient les droits d&rsquo;usage sur tous les &eacute;l&eacute;ments accessibles sur le site internet, notamment les textes, images, graphismes, logos, vid&eacute;os, ic&ocirc;nes et sons. Toute reproduction, repr&eacute;sentation, modification, publication, adaptation de tout ou partie des &eacute;l&eacute;ments du site, quel que soit le moyen ou le proc&eacute;d&eacute; utilis&eacute;, est interdite, sauf autorisation &eacute;crite pr&eacute;alable de <a href=\"../../../\">http://office-immo.fr</a>.<br />Toute exploitation non autoris&eacute;e du site ou de l&rsquo;un quelconque des &eacute;l&eacute;ments qu&rsquo;il contient sera consid&eacute;r&eacute;e comme constitutive d&rsquo;une contrefa&ccedil;on et poursuivie conform&eacute;ment aux dispositions des articles L.335-2 et suivants du Code de Propri&eacute;t&eacute; Intellectuelle.<br /><br /></p>\r\n<h3>6. Limitations de responsabilit&eacute;</h3>\r\n<p>http://office-immo.fr agit en tant qu&rsquo;&eacute;diteur du site. http://office-immo.fr&nbsp; est responsable de la qualit&eacute; et de la v&eacute;racit&eacute; du Contenu qu&rsquo;il publie. <br /><br />http://office-immo.fr ne pourra &ecirc;tre tenu responsable des dommages directs et indirects caus&eacute;s au mat&eacute;riel de l&rsquo;utilisateur, lors de l&rsquo;acc&egrave;s au site internet http://office-immo.fr et r&eacute;sultant soit de l&rsquo;utilisation d&rsquo;un mat&eacute;riel ne r&eacute;pondant pas aux sp&eacute;cifications indiqu&eacute;es au point 4, soit de l&rsquo;apparition d&rsquo;un bug ou d&rsquo;une incompatibilit&eacute;.<br /><br />http://office-immo.fr ne pourra &eacute;galement &ecirc;tre tenu responsable des dommages indirects (tels par exemple qu&rsquo;une perte de march&eacute; ou perte d&rsquo;une chance) cons&eacute;cutifs &agrave; l&rsquo;utilisation du site http://office-immo.fr. Des espaces interactifs (possibilit&eacute; de poser des questions dans l&rsquo;espace contact) sont &agrave; la disposition des utilisateurs. <br /><br />http://office-immo.fr se r&eacute;serve le droit de supprimer, sans mise en demeure pr&eacute;alable, tout contenu d&eacute;pos&eacute; dans cet espace qui contreviendrait &agrave; la l&eacute;gislation applicable en France, en particulier aux dispositions relatives &agrave; la protection des donn&eacute;es. Le cas &eacute;ch&eacute;ant, http://office-immo.fr se r&eacute;serve &eacute;galement la possibilit&eacute; de mettre en cause la responsabilit&eacute; civile et/ou p&eacute;nale de l&rsquo;utilisateur, notamment en cas de message &agrave; caract&egrave;re raciste, injurieux, diffamant, ou pornographique, quel que soit le support utilis&eacute; (texte, photographie&hellip;).<br /><br /></p>\r\n<h3>7. Gestion des donn&eacute;es personnelles</h3>\r\n<p>Le Client est inform&eacute; des r&eacute;glementations concernant la communication marketing, la loi du 21 Juin 2014 pour la confiance dans l&rsquo;Economie Num&eacute;rique, la Loi Informatique et Libert&eacute; du 06 Ao&ucirc;t 2004 ainsi que du R&egrave;glement G&eacute;n&eacute;ral sur la Protection des Donn&eacute;es (RGPD : n&deg; 2016-679).</p>\r\n<h4>7.1 Responsables de la collecte des donn&eacute;es personnelles</h4>\r\n<p>Pour les Donn&eacute;es Personnelles collect&eacute;es dans le cadre de la cr&eacute;ation du compte personnel de l&rsquo;Utilisateur et de sa navigation sur le Site, le responsable du traitement des Donn&eacute;es Personnelles est Benoit Condamine. http://office-immo.fr est repr&eacute;sent&eacute; par Benoit Condamine, son repr&eacute;sentant l&eacute;gal.<br />En tant que responsable du traitement des donn&eacute;es qu&rsquo;il collecte, http://office-immo.fr s&rsquo;engage &agrave; respecter le cadre des dispositions l&eacute;gales en vigueur. Il lui appartient notamment d&rsquo;&eacute;tablir les finalit&eacute;s de ses traitements de donn&eacute;es, de fournir &agrave; ses prospects et clients, &agrave; partir de la collecte de leurs consentements, une information compl&egrave;te sur le traitement de leurs donn&eacute;es personnelles et de maintenir un registre des traitements conforme &agrave; la r&eacute;alit&eacute;. Chaque fois que http://office-immo.fr traite des Donn&eacute;es Personnelles, http://office-immo.fr prend toutes les mesures raisonnables pour s&rsquo;assurer de l&rsquo;exactitude et de la pertinence des Donn&eacute;es Personnelles au regard des finalit&eacute;s pour lesquelles http://office-immo.fr les traite.</p>\r\n<h4>7.2 Finalit&eacute; des donn&eacute;es collect&eacute;es</h4>\r\n<p>http://office-immo.fr est susceptible de traiter tout ou partie des donn&eacute;es : <br />&bull;&nbsp;&nbsp; &nbsp;pour permettre la navigation sur le Site et la gestion et la tra&ccedil;abilit&eacute; des prestations et services command&eacute;s par l&rsquo;utilisateur : donn&eacute;es de connexion et d&rsquo;utilisation du Site, facturation, historique des commandes, etc. <br />&bull;&nbsp;&nbsp; &nbsp;pour pr&eacute;venir et lutter contre la fraude informatique (spamming, hacking&hellip;) : mat&eacute;riel informatique utilis&eacute; pour la navigation, l&rsquo;adresse IP, le mot de passe (hash&eacute;) <br />&bull;&nbsp;&nbsp; &nbsp;pour am&eacute;liorer la navigation sur le Site : donn&eacute;es de connexion et d&rsquo;utilisation <br />&bull;&nbsp;&nbsp; &nbsp;pour mener des enqu&ecirc;tes de satisfaction facultatives sur http://office-immo.fr : adresse email <br />&bull;&nbsp;&nbsp; &nbsp;pour mener des campagnes de communication (sms, mail) : num&eacute;ro de t&eacute;l&eacute;phone, adresse email<br /><br />http://office-immo.fr ne commercialise pas vos donn&eacute;es personnelles qui sont donc uniquement utilis&eacute;es par n&eacute;cessit&eacute; ou &agrave; des fins statistiques et d&rsquo;analyses.<br />&nbsp;</p>\r\n<h4>7.3 Droit d&rsquo;acc&egrave;s, de rectification et d&rsquo;opposition</h4>\r\n<p>Conform&eacute;ment &agrave; la r&eacute;glementation europ&eacute;enne en vigueur, les Utilisateurs de http://office-immo.fr disposent des droits suivants : <br />&bull;&nbsp;&nbsp; &nbsp;droit d\'acc&egrave;s (article 15 RGPD) et de rectification (article 16 RGPD), de mise &agrave; jour, de compl&eacute;tude des donn&eacute;es des Utilisateurs, droit de verrouillage ou d&rsquo;effacement des donn&eacute;es des Utilisateurs &agrave; caract&egrave;re personnel (article 17 du RGPD), lorsqu&rsquo;elles sont inexactes, incompl&egrave;tes, &eacute;quivoques, p&eacute;rim&eacute;es, ou dont la collecte, l\'utilisation, la communication ou la conservation est interdite <br />&bull;&nbsp;&nbsp; &nbsp;droit de retirer &agrave; tout moment un consentement (article 13-2c RGPD) <br />&bull;&nbsp;&nbsp; &nbsp;droit &agrave; la limitation du traitement des donn&eacute;es des Utilisateurs (article 18 RGPD) <br />&bull;&nbsp;&nbsp; &nbsp;droit d&rsquo;opposition au traitement des donn&eacute;es des Utilisateurs (article 21 RGPD) <br />&nbsp;<br />&bull;&nbsp;&nbsp; &nbsp;droit &agrave; la portabilit&eacute; des donn&eacute;es que les Utilisateurs auront fournies, lorsque ces donn&eacute;es font l&rsquo;objet de traitements automatis&eacute;s fond&eacute;s sur leur consentement ou sur un contrat (article 20 RGPD) <br />&bull;&nbsp;&nbsp; &nbsp;droit de d&eacute;finir le sort des donn&eacute;es des Utilisateurs apr&egrave;s leur mort et de choisir &agrave; qui http://office-immo.fr devra communiquer (ou non) ses donn&eacute;es &agrave; un tiers qu&rsquo;ils auront pr&eacute;alablement d&eacute;sign&eacute;<br />&nbsp;<br />D&egrave;s que http://office-immo.fr a connaissance du d&eacute;c&egrave;s d&rsquo;un Utilisateur et &agrave; d&eacute;faut d&rsquo;instructions de sa part, http://office-immo.fr s&rsquo;engage &agrave; d&eacute;truire ses donn&eacute;es, sauf si leur conservation s&rsquo;av&egrave;re n&eacute;cessaire &agrave; des fins probatoires ou pour r&eacute;pondre &agrave; une obligation l&eacute;gale.<br />&nbsp;<br />Si l&rsquo;Utilisateur souhaite savoir comment http://office-immo.fr utilise ses Donn&eacute;es Personnelles, demander &agrave; les rectifier ou s&rsquo;opposer &agrave; leur traitement, l&rsquo;Utilisateur peut contacter http://office-immo.fr par &eacute;crit &agrave; l&rsquo;adresse suivante : <br />&nbsp;Office Immobilier <br />Responsable RGPD, Benoit Condamine <br />92 rue des Granges - 25000 Besan&ccedil;on<br /><br />Dans ce cas, l&rsquo;Utilisateur doit indiquer les Donn&eacute;es Personnelles qu&rsquo;il souhaiterait que http://office-immo.fr corrige, mette &agrave; jour ou supprime, en s&rsquo;identifiant pr&eacute;cis&eacute;ment avec une copie d&rsquo;une pi&egrave;ce d&rsquo;identit&eacute; (carte d&rsquo;identit&eacute; ou passeport). <br />Les demandes de suppression de Donn&eacute;es Personnelles seront soumises aux obligations qui sont impos&eacute;es &agrave; http://office-immo.fr par la loi, notamment en mati&egrave;re de conservation ou d&rsquo;archivage des documents. Enfin, les Utilisateurs de http://office-immo.fr peuvent d&eacute;poser une r&eacute;clamation aupr&egrave;s des autorit&eacute;s de contr&ocirc;le, et notamment de la CNIL (https://www.cnil.fr/fr/plaintes).<br />&nbsp;</p>\r\n<h4>7.4 Non-communication des donn&eacute;es personnelles</h4>\r\n<p>http://office-immo.fr s&rsquo;interdit de traiter, h&eacute;berger ou transf&eacute;rer les Informations collect&eacute;es sur ses Clients vers un pays situ&eacute; en dehors de l&rsquo;Union europ&eacute;enne ou reconnu comme &laquo; non ad&eacute;quat &raquo; par la Commission europ&eacute;enne sans en informer pr&eacute;alablement le client. Pour autant, http://office-immo.fr reste libre du choix de ses sous-traitants techniques et commerciaux &agrave; la condition qu&rsquo;ils pr&eacute;sentent les garanties suffisantes au regard des exigences du R&egrave;glement G&eacute;n&eacute;ral sur la Protection des Donn&eacute;es (RGPD : n&deg; 2016-679).<br /><br />http://office-immo.fr s&rsquo;engage &agrave; prendre toutes les pr&eacute;cautions n&eacute;cessaires afin de pr&eacute;server la s&eacute;curit&eacute; des Informations et notamment qu&rsquo;elles ne soient pas communiqu&eacute;es &agrave; des personnes non autoris&eacute;es. Cependant, si un incident impactant l&rsquo;int&eacute;grit&eacute; ou la confidentialit&eacute; des Informations du Client est port&eacute;e &agrave; la connaissance de http://office-immo.fr, celle-ci devra dans les meilleurs d&eacute;lais informer le Client et lui communiquer les mesures de corrections prises. Par ailleurs http://office-immo.fr ne collecte aucune &laquo; donn&eacute;es sensibles &raquo;.<br /><br />Les Donn&eacute;es Personnelles de l&rsquo;Utilisateur peuvent &ecirc;tre trait&eacute;es par des filiales de http://office-immo.fr et des sous-traitants (prestataires de services), exclusivement afin de r&eacute;aliser les finalit&eacute;s de la pr&eacute;sente politique.<br /><br />Dans la limite de leurs attributions respectives et pour les finalit&eacute;s rappel&eacute;es ci-dessus, les principales personnes susceptibles d&rsquo;avoir acc&egrave;s aux donn&eacute;es des Utilisateurs de http://office-immo.fr sont principalement les agents de notre service client.<br /><br /></p>\r\n<h3>8. Notification d&rsquo;incident</h3>\r\n<p>Quels que soient les efforts fournis, aucune m&eacute;thode de transmission sur Internet et aucune m&eacute;thode de stockage &eacute;lectronique n\'est compl&egrave;tement s&ucirc;re. Nous ne pouvons en cons&eacute;quence pas garantir une s&eacute;curit&eacute; absolue. Si nous prenions connaissance d\'une br&egrave;che de la s&eacute;curit&eacute;, nous avertirions les utilisateurs concern&eacute;s afin qu\'ils puissent prendre les mesures appropri&eacute;es. Nos proc&eacute;dures de notification d&rsquo;incident tiennent compte de nos obligations l&eacute;gales, qu\'elles se situent au niveau national ou europ&eacute;en. Nous nous engageons &agrave; informer pleinement nos clients de toutes les questions relevant de la s&eacute;curit&eacute; de leur compte et &agrave; leur fournir toutes les informations n&eacute;cessaires pour les aider &agrave; respecter leurs propres obligations r&eacute;glementaires en mati&egrave;re de reporting.<br /><br />Aucune information personnelle de l\'utilisateur du site http://office-immo.fr n\'est publi&eacute;e &agrave; l\'insu de l\'utilisateur, &eacute;chang&eacute;e, transf&eacute;r&eacute;e, c&eacute;d&eacute;e ou vendue sur un support quelconque &agrave; des tiers. Seule l\'hypoth&egrave;se du rachat de http://office-immo.fr et de ses droits permettrait la transmission des dites informations &agrave; l\'&eacute;ventuel acqu&eacute;reur qui serait &agrave; son tour tenu de la m&ecirc;me obligation de conservation et de modification des donn&eacute;es vis &agrave; vis de l\'utilisateur du site http://office-immo.fr.<br /><br /><br />S&eacute;curit&eacute;<br />Pour assurer la s&eacute;curit&eacute; et la confidentialit&eacute; des Donn&eacute;es Personnelles et des Donn&eacute;es Personnelles de Sant&eacute;, http://office-immo.fr utilise des r&eacute;seaux prot&eacute;g&eacute;s par des dispositifs standards tels que par pare-feu, la pseudonymisation, l&rsquo;encryption et mot de passe. <br />&nbsp;<br />Lors du traitement des Donn&eacute;es Personnelles, http://office-immo.fr prend toutes les mesures raisonnables visant &agrave; les prot&eacute;ger contre toute perte, utilisation d&eacute;tourn&eacute;e, acc&egrave;s non autoris&eacute;, divulgation, alt&eacute;ration ou destruction.<br />&nbsp;</p>\r\n<h3>9. Liens hypertextes &laquo; cookies &raquo; et balises (&ldquo;tags&rdquo;) internet</h3>\r\n<p>Le site http://office-immo.fr contient un certain nombre de liens hypertextes vers d&rsquo;autres sites, mis en place avec l&rsquo;autorisation de http://office-immo.fr. Cependant, http://office-immo.fr n&rsquo;a pas la possibilit&eacute; de v&eacute;rifier le contenu des sites ainsi visit&eacute;s et n&rsquo;assumera en cons&eacute;quence aucune responsabilit&eacute; de ce fait.<br /><br />Sauf si vous d&eacute;cidez de d&eacute;sactiver les cookies, vous acceptez que le site puisse les utiliser. Vous pouvez &agrave; tout moment d&eacute;sactiver ces cookies et ce gratuitement &agrave; partir des possibilit&eacute;s de d&eacute;sactivation qui vous sont offertes et rappel&eacute;es ci-apr&egrave;s, sachant que cela peut r&eacute;duire ou emp&ecirc;cher l&rsquo;accessibilit&eacute; &agrave; tout ou partie des Services propos&eacute;s par le site.<br /><br /></p>\r\n<h4>9.1. &laquo; COOKIES &raquo;</h4>\r\n<p>Un &laquo; cookie &raquo; est un petit fichier d&rsquo;information envoy&eacute; sur le navigateur de l&rsquo;Utilisateur et enregistr&eacute; au sein du terminal de l&rsquo;Utilisateur (ex : ordinateur, smartphone), (ci-apr&egrave;s &laquo; Cookies &raquo;). Ce fichier comprend des informations telles que le nom de domaine de l&rsquo;Utilisateur, le fournisseur d&rsquo;acc&egrave;s Internet de l&rsquo;Utilisateur, le syst&egrave;me d&rsquo;exploitation de l&rsquo;Utilisateur, ainsi que la date et l&rsquo;heure d&rsquo;acc&egrave;s. Les Cookies ne risquent en aucun cas d&rsquo;endommager le terminal de l&rsquo;Utilisateur.<br />&nbsp;<br />http://office-immo.fr est susceptible de traiter les informations de l&rsquo;Utilisateur concernant sa visite du Site, telles que les pages consult&eacute;es, les recherches effectu&eacute;es. Ces informations permettent &agrave; http://office-immo.fr d&rsquo;am&eacute;liorer le contenu du Site et la navigation de l&rsquo;Utilisateur.<br />&nbsp;<br />Les Cookies facilitant la navigation et/ou la fourniture des services propos&eacute;s par le Site, l&rsquo;Utilisateur peut configurer son navigateur pour qu&rsquo;il lui permette de d&eacute;cider s&rsquo;il souhaite ou non les accepter de mani&egrave;re &agrave; ce que des Cookies soient enregistr&eacute;s dans le terminal ou, au contraire, qu&rsquo;ils soient rejet&eacute;s, soit syst&eacute;matiquement, soit selon leur &eacute;metteur. L&rsquo;Utilisateur peut &eacute;galement configurer son logiciel de navigation de mani&egrave;re &agrave; ce que l&rsquo;acceptation ou le refus des Cookies lui soient propos&eacute;s ponctuellement, avant qu&rsquo;un Cookie soit susceptible d&rsquo;&ecirc;tre enregistr&eacute; dans son terminal. http://office-immo.fr informe l&rsquo;Utilisateur que, dans ce cas, il se peut que les fonctionnalit&eacute;s de son logiciel de navigation ne soient pas toutes disponibles.<br />&nbsp;<br />Si l&rsquo;Utilisateur refuse l&rsquo;enregistrement de Cookies dans son terminal ou son navigateur, ou si l&rsquo;Utilisateur supprime ceux qui y sont enregistr&eacute;s, l&rsquo;Utilisateur est inform&eacute; que sa navigation et son exp&eacute;rience sur le Site peuvent &ecirc;tre limit&eacute;es. Cela pourrait &eacute;galement &ecirc;tre le cas lorsque http://office-immo.fr ou l&rsquo;un de ses prestataires ne peut pas reconna&icirc;tre, &agrave; des fins de compatibilit&eacute; technique, le type de navigateur utilis&eacute; par le terminal, les param&egrave;tres de langue et d&rsquo;affichage ou le pays depuis lequel le terminal semble connect&eacute; &agrave; Internet.<br />&nbsp;<br />Le cas &eacute;ch&eacute;ant, http://office-immo.fr d&eacute;cline toute responsabilit&eacute; pour les cons&eacute;quences li&eacute;es au fonctionnement d&eacute;grad&eacute; du Site et des services &eacute;ventuellement propos&eacute;s par http://office-immo.fr, r&eacute;sultant (i) du refus de Cookies par l&rsquo;Utilisateur (ii) de l&rsquo;impossibilit&eacute; pour http://office-immo.fr d&rsquo;enregistrer ou de consulter les Cookies n&eacute;cessaires &agrave; leur fonctionnement du fait du choix de l&rsquo;Utilisateur. Pour la gestion des Cookies et des choix de l&rsquo;Utilisateur, la configuration de chaque navigateur est diff&eacute;rente. Elle est d&eacute;crite dans le menu d&rsquo;aide du navigateur, qui permettra de savoir de quelle mani&egrave;re l&rsquo;Utilisateur peut modifier ses souhaits en mati&egrave;re de Cookies.<br />&nbsp;<br />&Agrave; tout moment, l&rsquo;Utilisateur peut faire le choix d&rsquo;exprimer et de modifier ses souhaits en mati&egrave;re de Cookies. http://office-immo.fr pourra en outre faire appel aux services de prestataires externes pour l&rsquo;aider &agrave; recueillir et traiter les informations d&eacute;crites dans cette section.<br />&nbsp;<br />Enfin, en cliquant sur les ic&ocirc;nes d&eacute;di&eacute;es aux r&eacute;seaux sociaux Twitter, Facebook et Linkedin figurant sur le Site de http://office-immo.fr ou dans son application mobile et si l&rsquo;Utilisateur a accept&eacute; le d&eacute;p&ocirc;t de cookies en poursuivant sa navigation sur le Site Internet ou l&rsquo;application mobile de http://office-immo.fr, Twitter, Facebook et Linkedin peuvent &eacute;galement d&eacute;poser des cookies sur vos terminaux (ordinateur, tablette, t&eacute;l&eacute;phone portable).<br />&nbsp;<br />Ces types de cookies ne sont d&eacute;pos&eacute;s sur vos terminaux qu&rsquo;&agrave; condition que vous y consentiez, en continuant votre navigation sur le Site Internet ou l&rsquo;application mobile de http://office-immo.fr. &Agrave; tout moment, l&rsquo;Utilisateur peut n&eacute;anmoins revenir sur son consentement &agrave; ce que http://office-immo.fr d&eacute;pose ce type de cookies.<br />&nbsp;</p>\r\n<h4>Article 9.2. BALISES (&ldquo;TAGS&rdquo;) INTERNET</h4>\r\n<p>http://office-immo.fr peut employer occasionnellement des balises Internet (&eacute;galement appel&eacute;es &laquo; tags &raquo;, ou balises d&rsquo;action, GIF &agrave; un pixel, GIF transparents, GIF invisibles et GIF un &agrave; un) et les d&eacute;ployer par l&rsquo;interm&eacute;diaire d&rsquo;un partenaire sp&eacute;cialiste d&rsquo;analyses Web susceptible de se trouver (et donc de stocker les informations correspondantes, y compris l&rsquo;adresse IP de l&rsquo;Utilisateur) dans un pays &eacute;tranger.<br />&nbsp;<br />Ces balises sont plac&eacute;es &agrave; la fois dans les publicit&eacute;s en ligne permettant aux internautes d&rsquo;acc&eacute;der au Site, et sur les diff&eacute;rentes pages de celui-ci.&nbsp; Cette technologie permet &agrave; http://office-immo.fr d&rsquo;&eacute;valuer les r&eacute;ponses des visiteurs face au Site et l&rsquo;efficacit&eacute; de ses actions (par exemple, le nombre de fois o&ugrave; une page est ouverte et les informations consult&eacute;es), ainsi que l&rsquo;utilisation de ce Site par l&rsquo;Utilisateur. <br />&nbsp;<br />Le prestataire externe pourra &eacute;ventuellement recueillir des informations sur les visiteurs du Site et d&rsquo;autres sites Internet gr&acirc;ce &agrave; ces balises, constituer des rapports sur l&rsquo;activit&eacute; du Site &agrave; l&rsquo;attention de http://office-immo.fr, et fournir d&rsquo;autres services relatifs &agrave; l&rsquo;utilisation de celui-ci et d&rsquo;Internet.<br />&nbsp;</p>\r\n<h3>10. Droit applicable et attribution de juridiction</h3>\r\n<p>Tout litige en relation avec l&rsquo;utilisation du site http://office-immo.fr est soumis au droit fran&ccedil;ais. <br /><br />Pour tout litige aff&eacute;rent &agrave; l&rsquo;ex&eacute;cution du pr&eacute;sent mandat, le mandant, s&rsquo;il est un &laquo; consommateur &raquo; au sens de l&rsquo;article pr&eacute;liminaire du code de la consommation, est inform&eacute; qu&rsquo;il peut saisir le m&eacute;diateur de la consommation, soit par courrier en &eacute;crivant au 62 rue Tiquetonne 75002 Paris soit par e-mail en remplissant le formulaire de saisie en ligne &agrave; l\'adresse suivante www.anm-conso.com.<br /><br />Dans l&rsquo;hypoth&egrave;se o&ugrave; le mandant n&rsquo;a pas la qualit&eacute; de consommateur, il a la possibilit&eacute; de saisir <br />&bull;&nbsp;&nbsp; &nbsp;le D&eacute;partement Qualit&eacute; de la FNAIM situ&eacute; 129, rue du Faubourg Saint Honor&eacute; - 75008 Paris<br />ou<br />&bull;&nbsp;&nbsp; &nbsp; la chambre syndicale FNAIM d&eacute;partementale sise 35 quai de Strasbourg &ndash; 25000 Besan&ccedil;on.<br /><br />En dehors des cas o&ugrave; la loi ne le permet pas, il est fait attribution exclusive de juridiction aux tribunaux comp&eacute;tents de Besan&ccedil;on.</p>\r\n<p>Pour saisir le m&eacute;diateur de la consommation en cas de litige.<br /> Règlement amiable des litiges entre le professionnel et le consommateur conformément aux articles L611-1 à L 641-1 et R 612-1 à R 616-2 du Code de la consommation (Observation : conditions de recevabilit&eacute; de la saisine). Procédure gratuite pour le consommateur.</p>\r\n<p>MEDIATION &ndash; VIVONS MIEUX ENSEMBLE<br /><a href=\"http://www.mediation-vivons-mieux-ensemble.fr\">www.mediation-vivons-mieux-ensemble.fr</a><br /> 465 avenue de la Libération 54 000 NANCY<br /><a href=\"mailto:mediation@vivons-mieux-ensemble.fr\">mediation@vivons-mieux-ensemble.fr</a></p>', '', 0, '9pN0PDyrAwWJzz6VzjI22wtRBoujTpLJkKCz3Xw1', '2020-07-23 22:00:00', '2020-07-24 12:31:39'),
(6, 3802, 0, 'Témoignages', '', 'temoignages', 'Témoignages', 'Vous parlez de nous', 'Témoignages', '<p><span class=\"temoignage-number\">159</span> retours d\'exp&eacute;riences</p>\r\n<p><span class=\"temoignage-number\">91%</span> d\'applaudissements</p>\r\n<p>&nbsp;</p>\r\n<p>Tous les avis clients proviennent de personnes ayant r&eacute;ellement consomm&eacute; les services de Office immobilier.</p>', '<h4>Et vous &ecirc;tes certainement les mieux plac&eacute;s pour le faire !</h4>\r\n<p>C&rsquo;est pourquoi vos avis, vos critiques, vos remarques, vos suggestions&hellip; sont recueillis en toute transparence et certifi&eacute;s par Opinion System, num&eacute;ro 1 fran&ccedil;ais du contr&ocirc;le des avis clients pour les professionnels du service et de l&rsquo;immobilier.</p>\r\n<p>Tout ce que vous nous direz nous sera utile pour nous am&eacute;liorer, pour vous offrir des services toujours plus adapt&eacute;s &agrave; vos envies et &agrave; vos besoins. Alors, allez-y, ne soyez pas timides&nbsp;! Nous sommes impatients de vous lire, et nous ferons tout ce qui est en notre pouvoir pour que, vous aussi, vous rejoigniez les ambassadeurs enthousiastes de notre qualit&eacute; de services.</p>\r\n<p><a class=\"btn-has-arrow-right btn btn-primary btn-sm text-left mt-3 mr-2 py-2\" href=\"http://office-immobilier-besancon.opinionsystem.fr\" target=\"_blank\" rel=\"noopener noreferrer\"> <span class=\"clearfix\"> <span class=\"d-block-inline float-left\"> <span class=\"novecento-light d-block small\">&Agrave; vos plumes,</span> <strong class=\"novecento-bold\">d&eacute;posez votre t&eacute;moignage</strong> </span> </span> </a></p>', '', 0, 'pd1AKdktQlpGwQLtVfSm2MkuOeaWvnPKOJhOYGi3', '2019-11-19 23:00:00', '2019-11-20 14:12:52'),
(7, 50, 0, 'Politique de confidentialité', '', 'politique-de-confidentialite', 'Politique de confidentialité', '', 'Politique de confidentialité', '', '<h3>Une politique de confidentialit&eacute;, k&eacute;sako ?</h3>\r\n<p>Chez Office Immobilier, nous sommes convaincus qu&rsquo;une bonne relation passe avant tout par la confiance. C&rsquo;est pourquoi nous avons d&eacute;cid&eacute; d&rsquo;&ecirc;tre transparents avec vous et de vous expliquer en d&eacute;tail comment, pourquoi et par qui sont trait&eacute;es vos donn&eacute;es personnelles. C&rsquo;est &ccedil;a, une politique de confidentialit&eacute;, une sorte de contrat pass&eacute; entre vous et nous et dans lequel nous nous engageons, entre autres, &agrave; respecter la confidentialit&eacute; de vos informations. Face au d&eacute;veloppement des nouveaux outils de communication, nous nous devons, et vous vous devez, d&rsquo;&ecirc;tre vigilants. Alors, c&rsquo;est parti, on vous dit tout !<br /><br /></p>\r\n<h4>Vous souhaitez contacter notre pilote RGPD ?</h4>\r\n<p>Il est plus connu sous le nom de Benoit Condamine <br />Et il est joignable <br />Par t&eacute;l&eacute;phone au 03 67 10 48 61<br />Par mail &agrave; benoit.condamine@office-immo.fr<br />Par pigeon voyageur mais l&rsquo;acheminement du message n&rsquo;est pas garanti<br /><br /></p>\r\n<h3>Les donn&eacute;es collect&eacute;es, en toute transparence</h3>\r\n<p>Concr&egrave;tement, nous collectons les renseignements suivants <br />&bull;&nbsp;&nbsp; &nbsp;Votre nom : plus facile pour vous identifier<br />&bull;&nbsp;&nbsp; &nbsp;Votre adresse &eacute;lectronique : plus efficace pour vous contacter<br />&bull;&nbsp;&nbsp;&nbsp; Vos num&eacute;ros de t&eacute;l&eacute;phone (fixe et mobile) : plus pratique pour &eacute;changer de vive voix<br />&bull;&nbsp;&nbsp; &nbsp;Votre adresse postale : plus simple pour localiser votre bien ou celui de vos r&ecirc;ves<br /><br />Ces renseignements personnels, nous les collectons via le formulaire de contact pr&eacute;sent sur notre site internet mais aussi gr&acirc;ce &agrave; l\'interactivit&eacute; qui s&rsquo;&eacute;tablit naturellement entre vous et nous lorsque vous le visitez. Pour r&eacute;unir des informations sur vous, et ainsi mieux vous conna&icirc;tre, nous utilisons aussi, comme expliqu&eacute; ci-dessous, des fichiers t&eacute;moins et journaux.<br /><br /></p>\r\n<h3>Les fichiers journaux et t&eacute;moins, qui sont ces dr&ocirc;les d&rsquo;oiseaux ?</h3>\r\n<p>Les fichiers journaux (log file) et les fichiers t&eacute;moins (cookies), nous aident &agrave; recueillir certaines informations telles que le syst&egrave;me d&rsquo;exploitation que vous utilisez ou encore les pages que vous visitez et les requ&ecirc;tes que vous effectuez. Cela nous permet d&rsquo;&eacute;tablir des statistiques et d&rsquo;am&eacute;liorer notre qualit&eacute; de service.<br /><br /></p>\r\n<h3>Concr&egrave;tement, comment &ccedil;a marche ?</h3>\r\n<p>En clair, nous collectons vos renseignements personnels de trois mani&egrave;res.<br /><br />Primo, via le formulaire de contact pr&eacute;sent sur notre site internet. Les infos collect&eacute;es sont alors pr&eacute;cieuses car elles nous aident &agrave; <br />&bull;&nbsp;&nbsp; &nbsp;Communiquer des informations / offres promotionnelles<br />&bull;&nbsp;&nbsp; &nbsp;Elaborer des statistiques<br />&bull;&nbsp;&nbsp; &nbsp;Entrer en contact avec vous<br /><br />Deuzio, via l\'interactivit&eacute; qui s&rsquo;&eacute;tablit naturellement entre vous et nous lorsque vous visitez notre site Web et ce &agrave; des fins de &nbsp;<br />&bull;&nbsp;&nbsp; &nbsp;Statistiques<br />&bull;&nbsp;&nbsp; &nbsp;Gestion du site Web (pr&eacute;sentation, organisation)</p>\r\n<p>Troizio, via le formulaire de cr&eacute;ation de compte propos&eacute; sur notre site internet et vous donnant acc&egrave;s &agrave; de nombreux services :<br />&bull;&nbsp;&nbsp; &nbsp;Vous &ecirc;tes &agrave; la recherche d&rsquo;un nouveau nid douillet ? Vous pouvez cr&eacute;er des recherches personnalis&eacute;es. Elles nous sont transmises et si nous trouvons le bien de vos r&ecirc;ves, nous vous contactons. &nbsp;<br />&bull;&nbsp;&nbsp; &nbsp;Vous souhaitez au contraire vendre votre bien ? Vous avez la possibilit&eacute; de publier vous-m&ecirc;me votre annonce et vous profitez de nombreux outils d&rsquo;aide &agrave; la vente comme la visite immersive en 3D.<br /><br /><br />Ces donn&eacute;es sont utilis&eacute;es pour vous communiquer des informations ou des offres promotionnelles. Mais, soyez rassur&eacute;s, nous ne collectons aucune donn&eacute;e sensible et nous ne diffusons aucune information &agrave; nos partenaires.<br /><br /></p>\r\n<h3>Et vos droits dans tout &ccedil;a ?</h3>\r\n<p>Chez Office Immobilier, nous respectons la r&eacute;glementation et surtout, nous respectons votre vie priv&eacute;e et votre libre arbitre. Vous disposez donc des droits suivants, que vous pouvez faire valoir &agrave; tout moment.<br /><br /></p>\r\n<h4>Le droit d&rsquo;acc&egrave;s, pour y voir clair</h4>\r\n<p>Le droit d&rsquo;acc&egrave;s vous permet de savoir quelles donn&eacute;es personnelles sont utilis&eacute;es et comment elles le sont. Cerise sur le g&acirc;teau, vous pouvez aussi obtenir une copie de ces donn&eacute;es dans un d&eacute;lai max d&rsquo;un mois apr&egrave;s la date de la demande.<br /><br /></p>\r\n<h4>Le droit de rectification, pour que tout soit toujours ok</h4>\r\n<p>Vous pouvez exiger que vos donn&eacute;es personnelles soient modifi&eacute;es si vous estimez qu&rsquo;elles sont inexactes ou incompl&egrave;tes.<br /><br /></p>\r\n<h4>Se faire oublier gr&acirc;ce au droit &agrave; l&rsquo;effacement</h4>\r\n<p>Ce droit vous autorise &agrave; obtenir l&rsquo;effacement de vos donn&eacute;es personnelles dans la limite de ce qui est permis par la r&eacute;glementation.<br /><br /></p>\r\n<h4>Le droit &agrave; la flexibilit&eacute;</h4>\r\n<p>C&rsquo;est le droit &agrave; la limitation du traitement qui vous donne la possibilit&eacute; de demander &agrave; ce que le traitement de vos donn&eacute;es personnelles soit limit&eacute;.<br /><br /></p>\r\n<h4>Le droit &agrave; la portabilit&eacute; des donn&eacute;es, pour garder la main</h4>\r\n<p>Quand il est applicable, ce droit permet que les donn&eacute;es personnelles que vous avez fournies vous soient rendues ou, lorsque cela est possible techniquement, de les transf&eacute;rer &agrave; un tiers.<br /><br /></p>\r\n<h4>Le droit de dire non</h4>\r\n<p>Le droit d&rsquo;opposition, c&rsquo;est le droit absolu de vous opposer au traitement de vos donn&eacute;es personnelles &agrave; des fins de prospection commerciale, y compris le profilage li&eacute; &agrave; cette prospection.<br /><br /></p>\r\n<h4>Le droit de faire machine arri&egrave;re</h4>\r\n<p>Gr&acirc;ce au droit de retirer votre consentement, vous pouvez &agrave; tout moment refuser le traitement de vos donn&eacute;es personnelles, m&ecirc;me si vous avez pr&eacute;c&eacute;demment donn&eacute; votre accord.<br /><br /></p>\r\n<h4>Le droit d&rsquo;&ecirc;tre inform&eacute;</h4>\r\n<p>Le droit &agrave; la communication d&rsquo;une violation de donn&eacute;es &agrave; caract&egrave;re personnel oblige notre responsable du traitement &agrave; vous informer si des violations de donn&eacute;es sont susceptibles de vous exposer &agrave; un risque &eacute;lev&eacute;.<br /><br /></p>\r\n<h4>Et &agrave; titre posthume ?</h4>\r\n<p>Vous avez le droit de d&eacute;finir des directives relatives &agrave; la conservation, l&rsquo;effacement ou la communication de vos donn&eacute;es personnelles apr&egrave;s votre d&eacute;c&egrave;s.<br /><br /><br />Pour exercer ces droits (ou simplement pour papoter), vous pouvez nous contacter par voie postale ou par courrier &eacute;lectronique :<br />Office Immobilier<br />92 rue des Granges - 25000 Besan&ccedil;on<br />Courriel : benoit.condamine@office-immo.fr<br />Section du site web : http://office-immo.fr/contact<br />Pour rappel, l&rsquo;usage du pigeon voyageur est vivement d&eacute;conseill&eacute;<br /><br /></p>\r\n<h3>Et ces donn&eacute;es personnelles, elles sont conserv&eacute;es combien de temps ?</h3>\r\n<p>Nous tenons &agrave; pr&eacute;ciser que nous conservons vos donn&eacute;es personnelles dans le plein respect des l&eacute;gislations et r&eacute;glementations en vigueur.<br /><br /></p>\r\n<h4>Si vous avez la chance d&rsquo;&ecirc;tre l&rsquo;un de nos clients</h4>\r\n<p>Nous conservons vos informations pendant toute la dur&eacute;e de notre relation professionnellement amicale et pendant 10 ans apr&egrave;s la fin de cette relation.<br /><br /></p>\r\n<h4>Si vous avez la joie d&rsquo;&ecirc;tre l&rsquo;un de nos prospects</h4>\r\n<p>Nous conservons vos informations 3 ans &agrave; compter de leur collecte ou du dernier contact entre vous et nous.<br /><br /></p>\r\n<h3>Une s&eacute;curit&eacute; en b&eacute;ton arm&eacute;</h3>\r\n<p>Pas d&rsquo;inqui&eacute;tude, les renseignements personnels que nous collectons sont conserv&eacute;s dans un environnement ultra s&eacute;curis&eacute; et les personnes qui travaillent pour nous ont fait le serment de respecter la confidentialit&eacute; de vos informations.<br /><br />De plus, pour garantir la s&eacute;curit&eacute; de vos renseignements personnels, nous avons d&eacute;velopp&eacute; les mesures suivantes :<br />&bull;&nbsp;&nbsp; &nbsp;Gestion des acc&egrave;s - personne autoris&eacute;e<br />&bull;&nbsp;&nbsp; &nbsp;Gestion des acc&egrave;s - personne concern&eacute;e<br />&bull;&nbsp;&nbsp; &nbsp;Sauvegardes informatiques<br />&bull;&nbsp;&nbsp; &nbsp;Pare-feu (Firewalls)<br /><br />Faites-nous confiance, nous nous impliquons corps et &acirc;me pour maintenir un haut degr&eacute; de confidentialit&eacute; et de s&eacute;curit&eacute;. Nos armes de pr&eacute;dilection ? Une attention de tous les instants, le recours aux derni&egrave;res innovations technologiques et une r&eacute;elle envie de pr&eacute;server votre intimit&eacute;. <br />Toutefois, nous tenons &agrave; vous rappeler que, malheureusement, aucun m&eacute;canisme n\'offre une s&eacute;curit&eacute; maximale et qu&rsquo;une part de risque est toujours pr&eacute;sente lorsque vous transmettez des renseignements personnels par internet donc soyez vigilants ! <br /><br /></p>\r\n<h3>Et que dit la loi ?</h3>\r\n<p>Nous nous engageons &agrave; respecter les dispositions l&eacute;gislatives &eacute;nonc&eacute;es dans le R&egrave;glement G&eacute;n&eacute;ral sur la Protection des Donn&eacute;es (RGPD).</p>', '', 0, '7mxXSTafC7Ieb8Zmb3aKl4XBLp9bRpC1dQ4qmxrc', '2019-04-25 22:00:00', '2019-04-26 06:59:01'),
(8, 50, 0, 'Fonctionnement du site', 'Le site office-immo.fr expliquer dans les moindres détails', 'fonctionnement-site', 'Fonctionnement du site', 'Comment ça marche ?', 'Fonctionnement du site', '', '<h2 id=\"mcetoc_1d9cedv9q0\"><strong>Nos annonces, mode d&rsquo;emploi</strong></h2>\r\n<p>Nous avons choisi de pr&eacute;senter nos biens &agrave; la vente par ordre de prix d&eacute;croissant, autrement dit, du plus cher au moins cher. Nous tenons &agrave; pr&eacute;ciser qu&rsquo;aucune contribution ne peut influer sur ce r&eacute;f&eacute;rencement, 100% naturel, 0% publicitaire. Cette classification par d&eacute;faut ne vous convient pas&nbsp;? Pas de probl&egrave;me, vous pouvez effectuer une recherche personnalis&eacute;e et choisir vous-m&ecirc;me vos crit&egrave;res de tri.</p>\r\n<p>Lorsque nous vendons un bien, nous le retirons de la liste des biens &agrave; la vente et il rejoint celle des biens vendus. Seule une photo et quelques informations (localisation, surface et nombre de pi&egrave;ces) restent visibles. Pour en savoir plus sur ce bien, il vous suffit d&rsquo;utiliser le formulaire de contact pr&eacute;sent en bas de page et nous nous ferons un plaisir de vous renseigner.</p>\r\n<h2 id=\"mcetoc_1d9cee46g1\"><strong><br />Les t&eacute;moignages, en toute confiance</strong></h2>\r\n<p>Parce que nous voulons que vous vous fassiez un avis objectif sur nous, et parce que nous sommes certains de la qualit&eacute; de nos services, nous avons d&eacute;cid&eacute; de publier les t&eacute;moignages de nos clients.</p>\r\n<p>Pour vous garantir des avis fiables et authentiques, nous avons confi&eacute; cette mission &agrave; Opinion System, un organisme ind&eacute;pendant soumis &agrave; l&rsquo;exigence de 3 normes reconnues&nbsp;:</p>\r\n<p>- ISO 9001 - Afnor Certification</p>\r\n<p>- ISO 20252 - Afnor Certification</p>\r\n<p>- NFZ74-501 - Avis en ligne de consommateurs</p>\r\n<p>En toute transparence, Opinion System r&eacute;ceptionne les avis de nos clients, sans aucune contrepartie, les v&eacute;rifie et g&eacute;n&egrave;re des statistiques, telles que le taux de satisfaction, visibles sur notre site. M&ecirc;me si nous le voulions, et nous ne le voulons pas, nous n&rsquo;aurions pas la possibilit&eacute; de modifier ces chiffres.</p>\r\n<p>Les 9 derniers t&eacute;moignages dont la note est sup&eacute;rieure &agrave; 9/10 sont pr&eacute;sent&eacute;s sur notre site par ordre chronologique, du plus au moins r&eacute;cent mais tous les avis sont visibles sur le site Opinion System.</p>\r\n<p>Nous ne pouvons en aucun cas modifier un avis ou contacter son auteur. Il en est de m&ecirc;me pour les utilisateurs de notre site. N&eacute;anmoins, nous nous r&eacute;servons le droit de supprimer de notre site les avis racistes, injurieux, diffamants, pornographiques ou sans lien avec notre activit&eacute;.</p>', '', 0, '7mxXSTafC7Ieb8Zmb3aKl4XBLp9bRpC1dQ4qmxrc', '2019-04-25 22:00:00', '2019-04-26 07:14:41');
INSERT INTO `page` (`page_id`, `user_id`, `parent_id`, `page_title`, `page_meta_description`, `page_url`, `page_h1`, `page_h2`, `page_titre_menu`, `page_chapeau`, `page_contenu`, `page_status`, `page_ordre`, `remember_token`, `page_created_at`, `page_updated_at`) VALUES
(9, 3802, 0, 'Gestion locative', '', 'gestion-locative', 'Gestion locative', 'Méthodo-logis pour louer et faire gérer, sans s’inquiéter', 'Gestion locative', '', '', '', 0, 'jMMpb2ivOK4cJ1UDIjWUXgunNOwR3AdvkCsyAFsY', '2019-11-25 23:00:00', '2019-11-26 07:16:09'),
(10, 3802, 0, 'Honoraires', '', 'honoraires', 'Honoraires', 'Transaction et gestion locative au juste prix', 'Honoraires', '', '', '', 0, 'h8cCJMopGu2LkcdrGQFOjCueINB0VBTkNZ2oWy6H', '2019-11-24 23:00:00', '2019-11-25 12:29:56'),
(11, 3802, 0, 'Visites virtuelles en 3D', '', 'visite-virtuelles-3d', 'Visites virtuelles en 3D', 'Plus vraies que nature pour une exploration en totale liberté', 'Visite Virtuelles 3D', '<p>NOUS AVONS FAIT LE CHOIX DE L\'INNOVATION AFIN DE VOUS OFFRIR UNE EXP&Eacute;RIENCE NUM&Eacute;RIQUE UNIQUE.</p>\r\n<p>&nbsp;</p>\r\n<p style=\"font-weight: 100;\">NOTRE OUTIL DE VISITE VIRTUELLE EST AUJOURD\'HUI LE SEUL A PROPOSER UN RENDU EN HAUTE D&Eacute;FINITION ASSI IMMERSIF. INCOMPARABLE AVEC DES PHOTOS OU UNE VISITE 360&deg;.</p>\r\n<p>LES ACQU&Eacute;REURS POTENTIELS PEUVENT VISITER UN BIEN DANS SES MOINDRES RECOINS, SANS M&Ecirc;ME Y METTRE LES PIEDS !&nbsp;</p>\r\n<p>EXIT LES CONTRAINTES DE RENDEZ-VOUS ET LES D&Eacute;PLACEMENTS INUTILES.</p>\r\n<p>UN SEUL MOT D\'ORDRE : FLEXIBILIT&Eacute; !</p>\r\n<p>&nbsp;</p>\r\n<p>NOTRE OBJECTIF:</p>\r\n<p>VOUS GARANTIR LES MEILLEURS R&Eacute;SULTATS.</p>', '<p><img class=\"image-responsive\" src=\"../../../img/agence-Pontarlier.jpg\" alt=\"\" width=\"626\" height=\"417\" /></p>', '', 0, 'ydH6wlk9twxNVQWbKLaeBl7FclePgsFuyQa4guW1', '2020-05-25 22:00:00', '2020-05-26 12:06:51');

-- --------------------------------------------------------

--
-- Structure de la table `password_resets`
--

CREATE TABLE IF NOT EXISTS `password_resets` (
  `email` varchar(191) COLLATE utf8mb4_unicode_ci NOT NULL,
  `token` varchar(191) COLLATE utf8mb4_unicode_ci NOT NULL,
  `created_at` timestamp NULL DEFAULT NULL,
  KEY `password_resets_email_index` (`email`)
) ENGINE=MyISAM DEFAULT CHARSET=utf8mb4 COLLATE=utf8mb4_unicode_ci;

-- --------------------------------------------------------

--
-- Structure de la table `quartier`
--

CREATE TABLE IF NOT EXISTS `quartier` (
  `quartier_id` int(10) UNSIGNED NOT NULL AUTO_INCREMENT,
  `secteur_id` int(11) NOT NULL,
  `quartier_libelle` varchar(255) COLLATE utf8_unicode_ci DEFAULT NULL,
  `quartier_couleur` varchar(255) COLLATE utf8_unicode_ci DEFAULT NULL,
  `quartier_type` varchar(45) COLLATE utf8_unicode_ci DEFAULT NULL,
  `remember_token` varchar(100) COLLATE utf8_unicode_ci DEFAULT NULL,
  `quartier_created_at` timestamp NULL DEFAULT NULL,
  `quartier_updated_at` timestamp NULL DEFAULT NULL,
  PRIMARY KEY (`quartier_id`),
  KEY `fk_quartier_quartier_secteur1_idx` (`secteur_id`)
) ENGINE=InnoDB AUTO_INCREMENT=6 DEFAULT CHARSET=utf8 COLLATE=utf8_unicode_ci;

--
-- Déchargement des données de la table `quartier`
--

INSERT INTO `quartier` (`quartier_id`, `secteur_id`, `quartier_libelle`, `quartier_couleur`, `quartier_type`, `remember_token`, `quartier_created_at`, `quartier_updated_at`) VALUES
(1, 1, 'BESANCON', 'MediumBlue', 'USER_DEFINED', NULL, NULL, NULL),
(2, 2, 'GRAND-BESANCON', 'MediumBlue', 'USER_DEFINED', NULL, NULL, NULL),
(3, 3, 'HAUT-DOUBS', 'MediumBlue', 'USER_DEFINED', NULL, NULL, NULL),
(4, 4, 'AUTRES SECTEURS', 'MediumBlue', 'USER_DEFINED', NULL, NULL, NULL),
(5, 5, 'CERCLE BISONTIN', 'MediumBlue', 'USER_DEFINED', NULL, NULL, NULL);

-- --------------------------------------------------------

--
-- Structure de la table `quartier_coordonnee`
--

CREATE TABLE IF NOT EXISTS `quartier_coordonnee` (
  `quartier_coordonnee_id` int(10) UNSIGNED NOT NULL AUTO_INCREMENT,
  `quartier_id` int(10) UNSIGNED NOT NULL,
  `quartier_coordonnee_latitude` varchar(255) COLLATE utf8_unicode_ci NOT NULL,
  `quartier_coordonnee_longitude` varchar(255) COLLATE utf8_unicode_ci NOT NULL,
  `remember_token` varchar(100) COLLATE utf8_unicode_ci DEFAULT NULL,
  `quartier_created_at` timestamp NULL DEFAULT NULL,
  `quartier_updated_at` timestamp NULL DEFAULT NULL,
  PRIMARY KEY (`quartier_coordonnee_id`),
  KEY `quartier_coordonnee_quartier_id_foreign` (`quartier_id`)
) ENGINE=InnoDB AUTO_INCREMENT=456 DEFAULT CHARSET=utf8 COLLATE=utf8_unicode_ci;

--
-- Déchargement des données de la table `quartier_coordonnee`
--

INSERT INTO `quartier_coordonnee` (`quartier_coordonnee_id`, `quartier_id`, `quartier_coordonnee_latitude`, `quartier_coordonnee_longitude`, `remember_token`, `quartier_created_at`, `quartier_updated_at`) VALUES
(388, 1, '47.21227', '5.93037', NULL, NULL, NULL),
(389, 1, '47.21674', '5.9951', NULL, NULL, NULL),
(390, 1, '47.21399', '6.04851', NULL, NULL, NULL),
(391, 1, '47.22789', '6.06134', NULL, NULL, NULL),
(392, 1, '47.24392', '6.05484', NULL, NULL, NULL),
(393, 1, '47.25697', '6.04894', NULL, NULL, NULL),
(394, 1, '47.26384', '6.05506', NULL, NULL, NULL),
(395, 1, '47.30681', '6.06066', NULL, NULL, NULL),
(396, 1, '47.28958', '6.01251', NULL, NULL, NULL),
(397, 1, '47.27451', '5.97133', NULL, NULL, NULL),
(398, 1, '47.21227', '5.93037', NULL, NULL, NULL),
(399, 2, '47.21227', '5.93037', NULL, NULL, NULL),
(400, 2, '47.21674', '5.9951', NULL, NULL, NULL),
(401, 2, '47.21399', '6.04851', NULL, NULL, NULL),
(402, 2, '47.22789', '6.06134', NULL, NULL, NULL),
(403, 2, '47.18209', '6.15801', NULL, NULL, NULL),
(404, 2, '47.17987', '6.00823', NULL, NULL, NULL),
(405, 2, '47.16169', '5.88631', NULL, NULL, NULL),
(406, 2, '47.18037', '5.85608', NULL, NULL, NULL),
(407, 2, '47.17478', '5.76851', NULL, NULL, NULL),
(408, 2, '47.21118', '5.84387', NULL, NULL, NULL),
(409, 2, '47.24265', '5.9079', NULL, NULL, NULL),
(410, 2, '47.27052', '5.91326', NULL, NULL, NULL),
(411, 2, '47.30377', '5.96984', NULL, NULL, NULL),
(412, 2, '47.33745', '6.00699', NULL, NULL, NULL),
(413, 2, '47.34034', '6.04872', NULL, NULL, NULL),
(414, 2, '47.34626', '6.09526', NULL, NULL, NULL),
(415, 2, '47.33825', '6.10775', NULL, NULL, NULL),
(416, 2, '47.33863', '6.15458', NULL, NULL, NULL),
(417, 2, '47.31997', '6.15447', NULL, NULL, NULL),
(418, 2, '47.30055', '6.21878', NULL, NULL, NULL),
(419, 2, '47.25257', '6.26118', NULL, NULL, NULL),
(420, 2, '47.18209', '6.15801', NULL, NULL, NULL),
(421, 2, '47.22751', '6.06123', NULL, NULL, NULL),
(422, 2, '47.24392', '6.05484', NULL, NULL, NULL),
(423, 2, '47.25697', '6.04894', NULL, NULL, NULL),
(424, 2, '47.26384', '6.05506', NULL, NULL, NULL),
(425, 2, '47.30681', '6.06066', NULL, NULL, NULL),
(426, 2, '47.28958', '6.01251', NULL, NULL, NULL),
(427, 2, '47.27451', '5.97133', NULL, NULL, NULL),
(428, 2, '47.25595', '5.98405', NULL, NULL, NULL),
(429, 2, '47.21227', '5.93037', NULL, NULL, NULL),
(430, 5, '47.16871', '5.74782', NULL, NULL, NULL),
(431, 5, '47.10133', '5.87683', NULL, NULL, NULL),
(432, 5, '47.07129', '6.06351', NULL, NULL, NULL),
(433, 5, '47.1011', '6.198', NULL, NULL, NULL),
(434, 5, '47.16451', '6.25285', NULL, NULL, NULL),
(435, 5, '47.25716', '6.27748', NULL, NULL, NULL),
(436, 5, '47.32358', '6.24993', NULL, NULL, NULL),
(437, 5, '47.38388', '6.16882', NULL, NULL, NULL),
(438, 5, '47.41624', '6.03278', NULL, NULL, NULL),
(439, 5, '47.38423', '5.88189', NULL, NULL, NULL),
(440, 5, '47.29449', '5.7722', NULL, NULL, NULL),
(441, 5, '47.23443', '5.7504', NULL, NULL, NULL),
(442, 5, '47.16871', '5.74782', NULL, NULL, NULL),
(443, 3, '47.07585', '6.17897', NULL, NULL, NULL),
(444, 3, '47.08181244549486', '6.390747036784887', NULL, NULL, NULL),
(445, 3, '47.36347853810962', '6.852172859944403', NULL, NULL, NULL),
(446, 3, '47.26793898402614', '6.9495391845703125', NULL, NULL, NULL),
(447, 3, '47.042880521804314', '6.6941070556640625', NULL, NULL, NULL),
(448, 3, '46.93327600870911', '6.4510345458984375', NULL, NULL, NULL),
(449, 3, '46.86280', '6.50439', NULL, NULL, NULL),
(450, 3, '46.77173987900376', '6.4496612548828125', NULL, NULL, NULL),
(451, 3, '46.562527159652184', '6.1022186279296875', NULL, NULL, NULL),
(452, 3, '46.62020426357955', '6.074340837076306', NULL, NULL, NULL),
(453, 3, '46.760796734739515', '6.197387699503452', NULL, NULL, NULL),
(454, 3, '46.934792020294026', '5.985626229085028', NULL, NULL, NULL),
(455, 3, '47.07585', '6.17897', NULL, NULL, NULL);

-- --------------------------------------------------------

--
-- Structure de la table `quartier_secteur`
--

CREATE TABLE IF NOT EXISTS `quartier_secteur` (
  `secteur_id` int(11) NOT NULL AUTO_INCREMENT,
  `secteur_libelle` varchar(255) DEFAULT NULL,
  `secteur_url` varchar(255) DEFAULT NULL,
  `secteur_status` tinyint(4) DEFAULT NULL,
  `secteur_order` int(11) DEFAULT NULL,
  `secteur_description` varchar(500) DEFAULT NULL,
  PRIMARY KEY (`secteur_id`)
) ENGINE=InnoDB AUTO_INCREMENT=5 DEFAULT CHARSET=latin1;

--
-- Déchargement des données de la table `quartier_secteur`
--

INSERT INTO `quartier_secteur` (`secteur_id`, `secteur_libelle`, `secteur_url`, `secteur_status`, `secteur_order`, `secteur_description`) VALUES
(1, 'Besancon', 'besancon', 1, 1, NULL),
(2, 'Grand Besançon', 'grand-besancon', 1, 2, NULL),
(3, 'Haut-Doubs', 'haut-doubs', 1, 3, NULL),
(4, 'Autres secteurs', 'autres-secteurs', 1, 4, NULL);

-- --------------------------------------------------------

--
-- Structure de la table `temoignage`
--

CREATE TABLE IF NOT EXISTS `temoignage` (
  `temoignage_id` int(11) NOT NULL AUTO_INCREMENT,
  `temoignage_survey_id` int(11) DEFAULT NULL,
  `temoignage_user_nom` varchar(255) DEFAULT NULL,
  `temoignage_user_prenom` varchar(255) DEFAULT NULL,
  `temoignage_user_type` varchar(255) DEFAULT NULL,
  `temoignage_rate` float(10,2) NOT NULL,
  `temoignage_comment` text NOT NULL,
  `temoignage_date` datetime NOT NULL,
  PRIMARY KEY (`temoignage_id`)
) ENGINE=InnoDB AUTO_INCREMENT=217 DEFAULT CHARSET=utf8;

--
-- Déchargement des données de la table `temoignage`
--

INSERT INTO `temoignage` (`temoignage_id`, `temoignage_survey_id`, `temoignage_user_nom`, `temoignage_user_prenom`, `temoignage_user_type`, `temoignage_rate`, `temoignage_comment`, `temoignage_date`) VALUES
(1, 1241523, 'L.', 'Nathalie', '', 9.00, 'Au-delà de la qualité de service de cette agence, je dois souligner l\'amabilité et la réactivité de la personne qui a suivi mon dossier. ', '2019-12-01 14:48:26'),
(2, 1241519, 'H.', 'Charlotte', '', 9.70, 'Très bonne agence, la vente s’est faite rapidement. La communication a été très bonne et très professionnelle, a recommander', '2019-11-27 17:57:55'),
(3, 1219225, 'D.', 'Martine', '', 10.00, 'Entièrement satisfaite ', '2019-11-14 16:35:51'),
(4, 1197413, 'J.', 'Fanette', '', 10.00, 'Karima Condamine est une professionnelle accueillante et rigoureuse. \nEfficace et agréable, je ne pourrais que conseiller cette agence immobilière.', '2019-10-24 11:10:02'),
(5, 1078390, 'H.', 'Raymond', '', 9.80, 'extréme compétence  de notre conseillère , acceuil trés symphatique lors de notre passage à l\'agence  nous conseillons vivement  le contact avec l\'office immobilier.\r\n', '2019-07-23 09:51:51'),
(6, 916705, 'J.', 'Raoul', '', 8.80, 'très bon accompagnement de la part de Laurine', '2019-06-18 16:24:58'),
(7, 1016408, 'G.', 'Jean Marie', '', 8.80, 'Nous sommes toujours sous contrat, commentaire prématuré.', '2019-06-09 11:47:00'),
(8, 1016306, 'V.', 'Estelle', '', 8.70, 'L’accueil a été très agréable et Laurine a su nous accompagner tout au long de ce projet.', '2019-06-09 08:54:29'),
(9, 1016416, 'M.', 'Elise', '', 9.00, 'Professionnels serieux, attentifs et disponibles', '2019-06-04 10:33:48'),
(10, 1000105, 'N.', 'Gérald', '', 10.00, 'Laurine est super à l\'écoute, l\'accueil est fort sympathique, un accompagnement d\'une grande efficacitée', '2019-05-25 10:21:31'),
(11, 1000109, 'D.', 'Franck', '', 10.00, 'Ravie très bon suivi et a notre écoute', '2019-05-25 09:18:50'),
(12, 916696, 'R.', 'Patrick', '', 8.30, 'C\'était assez rapide pour me trouver un appartement.', '2019-05-18 16:56:15'),
(13, 984639, 'M.', 'David', '', 9.50, 'Je suis tout à fait satisfait des prestations de cette agence. Après avoir vu beaucoup d\'agents immobilier, j\'ai choisi cette agence, grâce à une agent immobilier disponible, à l\'écoute et honnête. En quelques jours et quelques visites, l\'appartement était vendu.', '2019-05-15 12:52:42'),
(14, 897785, 'G.', 'Anthony', '', 9.00, 'Personne de confiance, à l\'écoute et très arrangeant.', '2019-04-08 16:19:34'),
(15, 951483, 'A.', 'Franck', '', 9.80, 'Je recommande Office Immobilier et leur professionnalisme, sérieux et implication dans le projet.', '2019-04-08 09:22:34'),
(16, 946901, 'S.', 'Elsa', '', 9.00, 'très bien suivi et conseillé', '2019-04-02 21:08:50'),
(17, 935409, 'M.', 'Chantal', '', 10.00, 'Efficacité, disponibilité, courtoisie et gentillesse.', '2019-03-26 10:42:55'),
(18, 897277, 'R.', 'Guillaume', '', 10.00, 'Une agence au top , malgré des difficultés rencontrer durant la vente ,l’agence a su rester à l’écoute .', '2019-02-24 11:37:48'),
(19, 892192, 'I.', 'Pascale', '', 9.00, 'Équipe très efficace et bon suivi des visites', '2019-02-20 17:12:17'),
(20, 888110, 'H.', 'Christian', '', 10.00, 'Bonne écoute, Bonne disponibilité,travail de PRO !!!', '2019-02-17 10:00:08'),
(21, 883934, 'O.', 'Olivier', '', 10.00, 'Je fais de l\'immobilier à titre perso et avec des agences immobilières depuis le début des années 90 , Je n\'avais jamais encore rencontré une personne de la qualité de Mme Laurine Mateus . Deux bien vendus en quelques semaines !! Bravo ,\r\nQuelle efficacité !!! ', '2019-02-12 09:55:52'),
(22, 820748, 'L.', 'Antoine', '', 10.00, 'Professionnel, efficace, rassurant, pertinant et raisonnable. ', '2018-12-18 10:08:44'),
(23, 805480, 'T.', 'Pascal', '', 10.00, 'Conseil adapté, très bonne réactivité et accueil sympathique.', '2018-12-17 19:13:38'),
(24, 805476, 'R.', 'Julien', '', 7.80, 'Pas de commentaire.', '2018-12-17 19:06:06'),
(25, 805465, 'B.', 'Carole', '', 9.50, 'C\'est une agence tout à fait sérieuse, avec un accueil agréable et un personnel dynamique.', '2018-12-17 18:55:04'),
(26, 820743, 'G.', 'Grégory', '', 10.00, 'Grand professionnalisme qui aspire à la confiance.', '2018-12-14 17:54:19'),
(27, 820744, 'S.', 'Patrick', '', 9.50, 'Une agence sérieuse avec des outils modernes.', '2018-12-07 17:36:24'),
(28, 820747, 'D.', 'Wesley', '', 10.00, 'Parfait ', '2018-12-07 15:28:29'),
(29, 820742, 'M.', 'Benjamin', '', 10.00, 'Vente en 6 mois, au juste prix. Bon accueil, équipe jeune et dynamique. À recommander.', '2018-12-07 14:47:25'),
(30, 810673, 'G.', 'Marie-Claide', '', 10.00, 'entreprise compétente et  a l ecoute', '2018-12-04 18:03:15'),
(31, 810670, 'G.', 'Yvan', '', 10.00, 'L\'agence a fait preuve d\'une compétence et d\'une efficacité incontestable aussi bien dans le fond (connaissance des dossiers et du marché) que dans la forme (suivi et savoir faire).', '2018-12-04 17:35:19'),
(32, 810677, 'D.', 'Laure', '', 9.80, 'Je suis ravie d office immobilier\r\n						J ai déjà acheté/vendu des biens à d autres agences immobilières et la j ai eu entière satisfaction. Il y a eu une excellente communication. J ai toujours eu des réponses à mes questions. toutes les agences n de ressemblent pas et je recommande vivement ????', '2018-12-04 12:36:45'),
(33, 810672, 'C.', 'Jean Luc', '', 10.00, 'Equipe très compétente, disponible qui répond à nos attentes. Elle travaille en toute transparence et discrétion. De ce fait il se dégage une totale confiance. \r\nCette agence est à recommander sans hésitation....\r\n', '2018-12-04 11:31:03'),
(34, 805489, 'P.', 'Claire', '', 9.30, 'Le contact avec Office Immobilier s\'est bien passé. Notre interlocutrice a été à l\'écoute et très compétente.', '2018-12-01 09:02:30'),
(35, 810669, 'M.', 'Robert', '', 9.00, 'L\'agent était très sympa et de bon conseils.', '2018-12-01 07:49:27'),
(36, 810674, 'R.', 'François', '', 10.00, 'Agence sérieuse , à répondu totalement à nos attentes et questionnement à recommander .', '2018-11-30 07:25:40'),
(37, 805478, 'D.', 'Nicolas', '', 7.70, 'Rapidité de la vente ', '2018-11-29 16:26:12'),
(38, 805485, 'B.', 'Julia', '', 10.00, 'Je suis très satisfaite des prestations réalisées par l\'agence et notamment celles effectuées par Madame Fury qui est très professionnelle, à l\'écoute et disponible.', '2018-11-29 11:52:07'),
(39, 810667, 'M.', 'Martine', '', 10.00, 'J\'ai apprécié le très grand professionnalisme de notre interlocuteur et sa persévérance.', '2018-11-29 08:01:56'),
(40, 805488, 'D.', 'Pascal', '', 10.00, 'Madame Fury est toujours très disponible et de précieux conseil. Elle a assuré la gestion et le suivi d\'une opération immobilière complexe avec beaucoup de professionnalisme et de sérieux, en inspirant toute confiance.', '2018-11-28 19:44:01'),
(41, 805482, 'J.', 'Brigitte', '', 9.70, 'Très bon accueil, sérieux, disponible, efficace dans les démarches administratives. Je recommande.', '2018-11-28 17:21:54'),
(42, 805471, 'Z.', 'Marie', '', 9.70, 'La personne qui s\'est occupée de nous, Emilie, est très compétente, à l\'écoute, très professionnelle, je la recommande à mon entourage sans aucune hésitation. Seul petit bémol le coup de la prestation.', '2018-11-28 13:03:23'),
(43, 805490, 'L.', 'Guillaume', '', 8.00, 'Bien que notre dossier ne soit pas encore finalisé, nous avons eu jusque-là tous les conseils dont nous avions besoin et un suivi adapté à nos attentes. ', '2018-11-28 12:21:38'),
(44, 805475, 'M.', 'Jerome', '', 10.00, 'Bon accompagnement pour mon acquisition, disponibilité et réactivité, Merci. ', '2018-11-28 12:12:05'),
(45, 805479, 'C.', 'Christine Et Simon', '', 9.90, 'La personne qui s\'est occupée de nous vendre le bien immobilier était très agréable et disponible. \r\nLe plus de cette agence est la possibilité de visiter en 3D le bien immobilier dans l\'annonce. Les photos et la visite en 3D reflétaient parfaitement la maison (sans retouche)\r\n', '2018-11-28 11:35:31'),
(46, 805463, 'B.', 'Francois', '', 10.00, 'Services irréprochables pour une vente rapide.\r\n						Accueil et prestations au top. On se sent vraiment soutenu pendant toutes les démarches. ', '2018-11-28 10:42:26'),
(47, 805484, 'B.', 'Philippe', '', 9.20, 'Outre l\'agence que je ne peux pas juger, c\'est surtout la personne qui s\'est avérée efficace, de très bon conseil et très professionnelle. \r\nJe recommande donc Emilie Fury à de futurs acheteurs /vendeurs. ', '2018-11-28 09:21:51'),
(48, 805469, 'G.', 'Appartement', '', 9.50, 'Une équipe de professionnels\r\n', '2018-11-28 09:04:10'),
(49, 805470, 'C.', 'Anne - Cecile', '', 9.80, 'J’ai été très satisfaite des prestations proposées par Office Immobilier. La grande disponibilité des agents et le côté humain m’ont permis d’échanger en toute simplicité et dans une relation de confiance, ce qui est rassurant et m’a permis d’adapter l’offre pour vendre au plus vite.', '2018-11-28 08:56:53'),
(50, 805481, 'L.', 'Theo', '', 9.50, 'Très bon accueil, efficacité et disponibilité.', '2018-11-28 08:55:46'),
(51, 805477, 'L.', 'Valerie', '', 7.80, 'Notre agent immobilière qui a suivi notre achat était très compétente à su trouver la maison qui nous correspondait \r\nLes photos qui sont sur votre site sont très parlante même pas besoin de visiter la maison en vrai ! ', '2018-11-28 08:54:15'),
(52, 804200, 'C.', 'Elisabeth', '', 9.70, 'Compétence, rapidité et suivi régulier par la personne en charge du dossier.', '2018-11-27 19:22:53'),
(53, 805467, 'L.', 'Christophe', '', 9.00, 'Le personnel de l\'agence est compétent, disponible, agréable et offre un suivi de qualité. Je recommande les services de cette agence immobilière.', '2018-11-27 08:11:46'),
(54, 804204, 'R.', 'Nicolas', '', 7.20, 'L\'agent immobilier a toujours été très disponible.\r\nNous regrettons néanmoins que la négociation soit plus orientée vers l\'acquéreur que vers le vendeur.', '2018-11-26 21:48:48'),
(55, 804201, 'O.', 'Bastien', '', 9.80, 'Laurine à été parfaite! Merci à elle pour m\'avoir accompagné dans ce projet de vie!', '2018-11-26 20:27:24'),
(56, 804202, 'R.', 'Patrick', '', 7.00, 'Vente realisée rapidement mais ai dû faire un effort au niveau du prix de vente.\r\nL\'agence a tout gèré du compromis à la vente.', '2018-11-26 20:08:37'),
(57, 804196, 'A.', 'Florence', '', 9.50, 'Bravo à Laurine qui a chercher à comprendre notre demande et à cerner nos attentes au fur et à mesure de la présentation des biens. Très réactive et très agréable.', '2018-11-26 16:57:43'),
(58, 804199, 'N.', 'Pierre', '', 7.00, 'LAURINE  a reussi...merci', '2018-11-26 16:32:18'),
(59, 805483, 'C.', 'Olivier', '', 10.00, 'Totalement satisfait par les équipes et les services d\'Office Immobilier  et plus particulièrement d\'Emilie FURY. Elle a fait preuve de professionnalisme par son écoute, sa compréhension de mes besoins et a même su en devancer certains. Elle m\'a accompagné jusqu\'au bout avec attention et la volonté de me rassurer.', '2018-11-23 18:23:17'),
(60, 805487, 'D.', 'Severine Et Bruno', '', 10.00, 'La personne de l\'agence a été de bout en bout réactive, professionnelle, efficace et franchement sympathique.', '2018-11-23 11:48:11'),
(61, 805486, 'N.', 'Maxence', '', 10.00, 'Très bon suivi, excellente disponibilité et très rassurant pour des primo accédants comme nous. ', '2018-11-23 09:57:04'),
(62, 804195, 'G.', 'Sebastien', '', 10.00, 'Nous avons eu affaire à Laurine Mateus, c\'est une personne très compétente, à l\'écoute de nos remarques en fonction des visites qu\'elle nous a proposé. Elle a réussi a trouver un bien avec nos critères et en étant toujours agréable et souriante. \r\nNous ne pouvons que la recommander !', '2018-11-21 18:03:33'),
(63, 700317, 'M.', 'Christian', '', 10.00, 'Travail excellent, très disponible et bon rapport qualité prix avec le client.', '2018-09-17 09:58:57'),
(64, 700311, 'M.', 'M, Et Mme', '', 8.30, 'Agent immobilier toujours disponnible pour tous les renseignements et très très sympa et professionel...', '2018-07-26 12:14:20'),
(65, 700316, 'M.', 'Loic', '', 9.20, 'J ai eu contact avec mr kumla vraiment un immense professionel je l ai d ailleurs recommandé a un amis', '2018-07-24 17:04:28'),
(66, 700307, 'R.', 'M', '', 1.80, 'Mauvaise gestion du dossier. Délais de signature de l’acte authentique catastrophiques. Très peu de nouvelles de la part de l’agence. \r\nUne fois l’acte signé des choses devaient être réalisées dans le bien que j’ai acheté et cela n’a pas été respecté. Obligé de courir après le vendeur et l’agence qui ne répondent pas. ', '2018-07-24 08:01:13'),
(67, 700305, 'C.', 'Frédéric', '', 9.80, 'Sérieux et très professionnel', '2018-07-23 18:22:04'),
(68, 700313, 'T.', 'Nicolas', '', 8.80, 'Une agence qui a su me présenter un bien parfaitement dans mes critères avec un très rapport qualité/prix.\r\nUn conseiller à l\'écoute est également très disponible.', '2018-07-22 09:24:13'),
(69, 700303, 'D.', 'Xavier', '', 8.80, 'Vente très concluante, très rapide et qui à répondu à l\'ensemble de nos attentes. Parfait.', '2018-07-21 06:40:35'),
(70, 700332, 'P.', 'Arnaud', '', 10.00, 'je connais pratiquement toutes les agences sur mon secteur avec qui j\'entretien de très bonnes relations... aussi j’étais plutôt réservé pour rencontrer une personne de l\'agence de Besançon... mais j\'ai bien fait d\'accepter cette rencontre car c est le top! je recommande vivement et un grand merci!', '2018-07-18 14:47:38'),
(71, 637672, 'P.', 'Michel', '', 10.00, 'Bonne prestation.', '2018-05-11 17:47:34'),
(72, 637671, 'W.', 'Michèle', '', 10.00, 'Très bonnes prestations - personnes compétentes et de confiance  créatifs et imaginatifs pour la recherche d\'acheteurs.', '2018-05-04 21:32:15'),
(73, 637675, 'A.', 'Théo', '', 7.70, 'Très bien, visite virtuel très bien. ', '2018-05-01 13:02:04'),
(74, 637661, 'F.', 'Sergio', '', 10.00, 'Personnel sympathique. Disponible et a l.ecoute', '2018-04-30 18:18:26'),
(75, 637663, 'C.', 'Anne', '', 9.80, 'Notre interlocutrice a été très professionnelle, aimable,  à l’ecoute et efficace.', '2018-04-30 17:18:03'),
(76, 637670, 'T.', 'José', '', 10.00, 'Du professionnalisme et compétences ', '2018-04-30 15:56:43'),
(77, 637668, 'B.', 'Laurent', '', 9.30, 'Très bonne agence immobilière .', '2018-04-30 15:24:08'),
(78, 637667, 'W.', 'Yongxin', '', 10.00, 'Les réponses sont très efficaces et toujours claires.', '2018-04-29 18:27:57'),
(79, 637664, 'P.', 'Michelle', '', 9.50, 'Meilleur accompagnement nécessaire entre signature du compromis et signature chez notaire ', '2018-04-28 07:40:48'),
(80, 637669, 'D.', 'Alain', '', 10.00, 'Compétence et professionnalisme ', '2018-04-27 18:46:40'),
(81, 637658, 'F.', 'Simon', '', 10.00, 'Agence tres sérieuse et personnels vraiment a l\'écoute ', '2018-04-25 15:27:53'),
(82, 577497, 'L.', 'Alison', '', 10.00, 'L équipe est professionnelle et m a accompagné du début à la fin  dans mon projet ', '2018-02-12 09:08:16'),
(83, 577496, 'F.', 'Pierre Louis', '', 8.80, 'tres bon acceuil, agent immobilier à l\'écoute aimable soucieux des exigences sans abus', '2018-02-11 09:02:50'),
(84, 577500, 'C.', 'Dominique', '', 9.00, 'l\'achat de l\'appartement\r\ntres bonne presrtation de l\'agent immobilier\r\ntoujours a l\'ecoute', '2018-02-09 08:18:37'),
(85, 577499, 'C.', 'Samuel', '', 10.00, 'Un service efficace et des professionnels disponibles. ', '2018-02-07 16:29:42'),
(86, 530866, 'B.', 'Aurélien', '', 8.00, 'Travail de qualité réalisé dans de bons délais.', '2017-12-16 12:50:42'),
(87, 530868, 'D.', 'Jean-Jacques', '', 9.50, 'Très bon suivi et investissement de notre conseiller', '2017-12-13 06:10:01'),
(88, 529022, 'V.', 'Ségolène', '', 10.00, 'Très bon conseil et suivi', '2017-12-12 15:58:05'),
(89, 524949, 'V.', 'Mélanie', '', 7.50, 'Une agence dynamique qui sait mettre en valeur le BIen, qui adapte les prestations en fonction des besoins du vendeur. Dommage que nous ne soyons pas revontactés à la signature definitve ...', '2017-12-12 11:29:18'),
(90, 530874, 'C.', 'Victor', '', 7.20, 'Bon suivi par des professionnels compétants et disponibles', '2017-12-11 11:14:42'),
(91, 524990, 'D.', 'Yohan', '', 8.80, 'Ont su s\'adapter aux conclusions d\'une première visite de biens, pour cerner nos envies et nous recontacter afin de nous proposer un nouveau bien que nous avons finalement achété.', '2017-12-11 10:14:23'),
(92, 524901, 'H.', 'Eloïse', '', 8.50, 'Tout s\'est bien passé', '2017-12-08 14:22:15'),
(93, 525018, 'F.', 'Adèle', '', 10.00, 'Emilie est une très bonne conseillère. Je recommande office immobilier sans hésité pour leurs efficacité et leurs accueil.', '2017-12-08 10:56:29'),
(94, 530871, 'J.', 'Thierry', '', 9.80, 'Bon accueil et bonne négociation de la part de Madame Boucon pour la vente de mon appartement.', '2017-12-07 11:26:07'),
(95, 530869, 'E.', 'Christelle', '', 9.80, 'Disponibilité et professionnalisme, très bonne evaluation de ce qui pourrait nous  correspondre', '2017-12-06 17:41:17'),
(96, 524883, 'B.', 'Laurent', '', 9.00, 'Satisfait', '2017-12-06 10:43:02'),
(97, 524950, 'C.', 'Samuel', '', 10.00, 'Je suis très satisfait de la prestation, les agents sont très professionnels et très disponibles. ', '2017-12-06 10:18:29'),
(98, 530865, 'G.', 'Pierre', '', 6.00, 'Bon contact', '2017-12-06 10:17:27'),
(99, 524984, 'C.', 'Nadia', '', 10.00, 'Ayant eu à faire à d\'autres prestataires peu scrupuleux lors de la vente de mon appartement sur BESANCON, la rencontre avec Monsieur Benoît CONDAMINE a été un très grand soulagement.. Il fait preuve d\'\'un grand professionnalisme et surtout d\'une grande humanité, qualité rare de nos jours dans bien des professions. ', '2017-12-06 10:12:21'),
(100, 530863, 'D.', 'David, Frédéric,', '', 9.80, 'Très bon suivi, en tant qu’acquéreur je n’ai presque rien eu à faire, tous les papiers ont étés fait par l’agence!', '2017-12-06 10:01:40'),
(101, 524967, 'B.', 'Franck', '', 9.80, 'très professionnel et très honnête dans les actes et le discours ', '2017-12-05 16:38:18'),
(102, 524945, 'M.', 'Thierry', '', 9.00, 'Agence sérieuse et professionnelle ', '2017-12-05 14:29:42'),
(103, 524919, 'R.', 'Chantal', '', 9.30, 'L\'acquisition de ce bien fut rapide et bien organisée', '2017-12-05 13:24:32'),
(104, 524951, 'C.', 'Catherine', '', 10.00, 'Super équipe, très compétente, très professionnelle. Ambiance hyper agréable. Qualité du service irréprochable. Très satisfaite des relations établies et surtout du résultat ! Un grand merci.', '2017-12-04 18:25:09'),
(105, 524909, 'K.', 'Guillaume', '', 9.30, 'Blabla', '2017-12-04 18:08:54'),
(106, 525004, 'I.', 'Oiba', '', 8.80, 'Agent immobilier à l\'écoute de son client, très agréable et de bons conseils.', '2017-12-04 16:15:44'),
(107, 524888, 'C.', 'Christophe', '', 7.50, 'Bon suivi mais peu de clients présentés', '2017-12-04 11:39:06'),
(108, 524975, 'D.', 'Jean', '', 8.40, 'Office pro, rapide et compétent. Un petit bémol dans les réponses aux questions posées sur le bien, pas assez abouti ! Très disponible, très arrangeant, à l\'écoute et dynamique. Je recommande vivement. ', '2017-12-04 07:36:05'),
(109, 525032, 'F.', 'Anaïs', '', 7.20, 'Bon contact avec l\'agent, disponibilité de celui-ci.', '2017-12-04 06:52:15'),
(110, 525015, 'G.', 'Antoine Et Melanie', '', 7.70, 'Satisfait. ', '2017-12-03 21:14:37'),
(111, 524999, 'S.', 'M Mme', '', 8.30, 'Plutôt satisfaits.', '2017-12-03 19:17:56'),
(112, 524891, 'B.', 'Corinne', '', 9.00, 'Très bon contact avec l\'agent qui s\'est occupé de la transaction, écoute, temps et conseils judicieux.', '2017-12-03 17:49:04'),
(113, 525006, 'V.', 'Gaëtane', '', 8.50, 'Mon mari et moi-même sommes très satisfaits des services rendus par l\'agence à l\'occasion de notre premier achat immobilier. Je recommande cette agence !', '2017-12-03 16:29:24'),
(114, 525042, 'L.', 'Alison', '', 10.00, 'Je suis réellement contente du suivi et du service que j\'ai reçu auprès de office immobilier dans mon projet immobilier.', '2017-12-03 16:01:27'),
(115, 524960, 'A.', 'Cécile Et Nicolas', '', 9.70, 'Excellente prestation.', '2017-12-03 14:09:14'),
(116, 524922, 'P.', 'Marie-Pierre', '', 7.70, 'Accueil personnalisé. accompagnement professionnel', '2017-12-03 13:11:16'),
(117, 524912, 'H.', 'M Mme', '', 9.50, 'Très bon accueil ', '2017-12-03 11:46:34'),
(118, 525027, 'R.', 'Florent', '', 9.00, 'Agence sérieuse et à l’écoute. De mon expérience tout s’est bien déroulé, aucune mauvaise surprise.', '2017-12-03 10:46:56'),
(119, 524942, 'A.', 'Sophie', '', 7.50, 'Je recommanderai Office immobilier pour son accueil , son investissement à satisfaire son client , ses connaissances et compétences en immobilier . ', '2017-12-03 10:33:32'),
(120, 524899, 'D.', 'Doria', '', 9.20, 'Très bon conseil et mise en confiance pour une première acquisition. ', '2017-12-03 10:33:28'),
(121, 524908, 'D.', 'Gilles', '', 10.00, 'Nous avons été entièrement satisfait  de notre agent immobilier Matthieu (très à l\'écoute,très professionnel, très agréable, très compétent !)\r\nNous avons d\'ailleurs recommandé l\'agence', '2017-12-03 10:32:26'),
(122, 524924, 'L.', 'Henri', '', 8.00, 'monsieur ardenghi a été très compétant et efficace ', '2017-12-03 10:28:59'),
(123, 525039, 'C.', 'Marie-France', '', 9.00, 'tres satisfaite de l\'accueil, ET Du suivi de la vente ', '2017-12-03 10:28:13'),
(124, 525023, 'C.', 'Clerc', '', 2.60, 'Trop de choses découvertes après l\'aquisition qui donnent le sentiment de s\'être fait avoir. Peu de réponses satisfaisantes, et un mois à attendre notre logement en étant à la rue (banque) et apprendre de la part du notaire qu une signature par anticipation était clairement faisable alors que notre agent nous disait no', '2017-12-03 10:26:27'),
(125, 524959, 'F.', 'Alexandra', '', 8.30, 'Très satisfaite', '2017-12-03 10:14:31'),
(126, 524952, 'P.', 'Marc', '', 3.80, 'Chez  le notaire l\'acquéreur n\'était pas informé que l\'appartement possédait une remise!\r\nLa dernière visite avant la vente n\'a pas été faite. Double des clés non remis à l\'achat.\r\nLe prix négocié bien trop bas, techniques de vente à revoir?  Argumentation, avantages client /Prix.\r\nDes erreurs difficiles à accepter.\r\n\r', '2017-12-02 15:39:34'),
(127, 525024, 'G.', 'Alice Andrée', '', 8.70, 'Notre interlocuteur , Mme FURRY Emilie , a fait une excellente prestation du début à la fin du dossier , depuis sa démarche commerciale , jusqu\'à la signature finale , en étant rassurante , honnête et professionnelle .\r\nNous recommandons OFFICE IMMOBILIER .', '2017-12-01 18:06:09'),
(128, 525033, 'E.', 'Yassine', '', 8.80, 'Réactivité et disponibilité illustrent bien notre conseillère.', '2017-12-01 12:55:53'),
(129, 525029, 'V.', 'Raffaela', '', 10.00, 'Je recommande vivement l\'Agence Immobilière Office Immobilier et particulièrement Mme Emilie Fury qui a vendu notre appartement en moins de dix jours. Grand professionnalisme, efficacité, sans le côté trop \'commercial\' de l\'agent immobilier tel qu\'on le perçoit d\'habitude. Testé et approuvé sans regret. Merci encore!', '2017-11-30 23:20:13'),
(130, 524898, 'C.', 'Dominique', '', 10.00, 'travail en toute confiance.Bonne relation avec tout le personnel.pas de fausse information, bonne évaluation de la valeur des biens bon suivi.', '2017-11-30 18:03:49'),
(131, 524953, 'V.', 'Julie', '', 9.80, 'C\'est une agence de qualité en laquelle nous avons entière confiance. Les professionnels ont été à l\'écoute de notre projet, disponibles et de bons conseils du début à la fin. Nous sommes satisfaits d\'être passé par cette agence pour vendre notre bien car cela nous a permis de le vendre rapidement.', '2017-11-30 15:27:55'),
(132, 524889, 'C.', 'Nicole', '', 7.70, 'accueil sympathique, conseiller compétent\r\n\r\nbonne agence', '2017-11-30 13:51:38'),
(133, 524980, 'M.', 'Cédric', '', 10.00, 'Office immobilier a été un partenaire extrêmement efficace lors de notre achat immobilier. D\'une efficacitée rare, de très bon conseil, présent de A á Z. Je recommande sans aucune hésitation.', '2017-11-30 13:33:56'),
(134, 524884, 'B.', 'Daniel', '', 9.00, 'Je suis très satisfait du logement acquis par l\'intermédiaire de l\'agence ainsi que du déroulement de la procédure de vente qui s\'est fait rapidement.', '2017-11-30 12:20:45'),
(135, 524996, 'M.', 'Christelle', '', 5.70, 'Un peu déçue quand je me suis aperçue que la serrure de la porte d\'entrée avait été changée depuis plus de 3 mois... Ce qui voulait dire qu\'aucune visite n\'avait été faite ', '2017-11-30 11:19:32'),
(136, 524944, 'T.', 'Charles', '', 8.00, 'j ai ete satisfait du travail de l office immobilier et j ai deja recommande cette agence a des vendeurs potentiels ', '2017-11-30 10:37:25'),
(137, 525021, 'B.', 'Jean-Noël', '', 8.30, 'La visite 3D est un plus. L\'agence est accueillante. La conseillère est réactive, compétente et agréable', '2017-11-30 10:28:18'),
(138, 524932, 'S.', 'Philippe', '', 8.30, 'une adaptation intelligente et humaine au caracteristiques , profil et objectifs du client .', '2017-11-30 10:24:06'),
(139, 525041, 'D.', 'Cécile', '', 8.80, 'Une f\'gande disponibilite et reactivite', '2017-11-29 21:04:15'),
(140, 525030, 'R.', 'Olivier', '', 8.50, 'Je suis très satisfait de la prestation offerte par l\'agence. L\'ensemble est très professionnel, tant au niveau du suivi de la vente qu\'au niveau des moyens techniques mis en place ( vue 3D du bien à vendre vraiment très bien). Mais comme toutes les agences, la prestation est trop chère à mon goût.', '2017-11-29 17:27:45'),
(141, 525031, 'B.', 'Félix', '', 8.20, 'D\'une manière générale l\'accompagnement d\'Office Immo fut primordiale dans le choix de mon bien immobilier, les conseils et l\'investissement dans le traitement du dossier étaient au rdv, reste que (même si l\'on doit majoritairement au cabinet notarial) j\'ai eu une déception coté timing et j\'ai poireauté presqu\'un mois', '2017-11-29 16:11:48'),
(142, 525035, 'C.', 'Dominique', '', 9.30, 'je suis tout a fait satisfait de la prestation pour l\'achat de cet appartement\r\nlaurine est vraiment tres professionnelle et a l\'ecoute des 2 parties', '2017-11-29 07:21:48'),
(143, 524998, 'Q.', 'Hilir Et Hayet', '', 9.50, 'Agence efficace !  Accueil chaleureux, Grand professionnalisme ; Présence et efficacité; Bon accompagnement tout au long de notre projet! Benoit C a été très professionnel et toujours investis dans nos requêtes \r\nIl a su parfaitement cibler nos demandes Merci ', '2017-11-28 20:26:30'),
(144, 525007, 'D.', 'Rébecca', '', 9.50, 'Tres bon contact et analyse du bien.', '2017-11-28 19:30:39'),
(145, 525017, 'T.', 'Pauline', '', 9.00, 'Très bonne agence avec des professionnels à l\'écoute de leurs clients et qui vous accompagnent tout au long de votre projet. Je recommande sans hésitation Office immobilier. ', '2017-11-28 18:04:16'),
(146, 524936, 'V.', 'Sébastien', '', 10.00, 'tres satisfait deuxième vente deuxième vente ensemble', '2017-11-28 17:58:02'),
(147, 525013, 'W.', 'Jean-Luc', '', 10.00, 'Personnels compétents et à l\'écoute. Interlocuteur à la vente très professionnel et soucieux de faire le maximum.', '2017-11-28 16:49:58'),
(148, 524907, 'B.', 'Gilles', '', 7.50, 'bien', '2017-11-28 14:02:25'),
(149, 524961, 'C.', 'Benoît', '', 10.00, 'Étant moi même membre de l’equipe Office Immobilier,\r\nJ ai pu profiter des outils et du savoir faire de mes collègues dans mon acquisition IMMOBILIERE.', '2017-11-28 11:40:58'),
(150, 524890, 'V.', 'Christophe', '', 8.50, 'Agence dynamique et impliquée.', '2017-11-28 11:40:34'),
(151, 524896, 'D.', 'Christovao', '', 9.60, 'Malgré quelques incompréhensions, l\'Office Immobilier est très compétent et professionnel dans son accompagnement. Ils ont su se rendre disponible et à l\'écoute.', '2017-11-28 11:30:54'),
(152, 524921, 'S.', 'Marie-Thérèse', '', 8.30, 'Très bon services à l\'écoute ', '2017-11-28 11:06:41'),
(153, 525025, 'S.', 'Patricia Et Gilles', '', 10.00, 'Nous sommes très satisfaits d\'Office immobilier, Mme Fury qui nous a suivi notre dossier connait parfaitement son métier,    très professionnelle, à l\'écoute, toujours disponible, aucune question n\'est restée sans réponse. Nous recommandons fortement cette agence.', '2017-11-28 10:59:54'),
(154, 524970, 'A.', 'Hadjira', '', 10.00, 'Merci Benoit ', '2017-11-28 10:34:16'),
(155, 524900, 'E.', 'Patrick', '', 9.00, 'Le bien me correspondait et le conseiller c\'est occupé de tout et à bien négocié le prix ', '2017-11-28 10:33:08'),
(156, 525022, 'J.', 'Justine', '', 8.00, 'Equipe compétente, bon suivi et accompagnement avant et tout au long de l\'achat.', '2017-11-28 10:22:15'),
(157, 524917, 'A.', 'Loïc', '', 9.80, 'Agence et equipe ultra compétente. Bien vendu en 15 jours. Modernité et efficacité son les maitres mots', '2017-11-28 10:20:31'),
(158, 1046517, 'R.', 'Patrick', '', 10.00, 'Très bon accueil de la part de l\'agent, qui a su répondre à nos questions, doutes ou besoins. Très professionnelle.', '2019-06-25 14:41:11'),
(159, 1016374, 'P.', 'Dominique', '', 8.00, 'Compte tenu de mon intérêt pour le bien immobilier acquis, l\'Office immobilier n\'a pas eu à intervenir lourdement sur le processus, mais sa prestation a été professionnelle, rapide et tout à fait satisfaisante.', '2019-06-20 11:12:05'),
(160, 908492, 'C.', 'Frederic', '', 10.00, 'juste parfait', '2019-02-28 10:08:21'),
(161, 637657, 'C.', 'Capucine', '', 10.00, 'Tres bien \r\n						', '2018-05-01 01:22:15'),
(162, 1371823, 'B.', 'Edgar', '', 7.30, 'Toute l\'agence est à votre disposition pour vous trouvez la perle rare.', '2020-03-02 08:42:18'),
(163, 1371819, 'P.', 'Cedrik', '', 9.80, 'Un travail de qualité. Je n\'hésiterais pas à renouveler une collaboration avec cette entreprise. ', '2020-02-29 11:38:12'),
(164, 1371820, 'C.', 'Nadine', '', 10.00, 'Vente rapide, nous sommes satisfaits de cette agence et de la compétence des interlocuteurs. \n\n', '2020-02-28 18:05:30'),
(165, 1340288, 'M.', 'Alain', '', 8.20, 'Très bon professionnalisme, accueil agréable, à l\'écoute, bon rapport qualité/prix.', '2020-02-09 08:03:21'),
(166, 1340286, 'B.', 'Patrick', '', 8.20, 'Je n’ai pas eu de contact vraiment avec l’entreprise mais mon conseillé, lui, a été très professionnel, efficace et consciencieux. Je le recommande. ', '2020-02-06 10:00:23'),
(167, 1340292, 'C.', 'Gilles', '', 9.00, 'Agence très professionnelle\nA conseiller vivement', '2020-02-05 14:40:53'),
(168, 1409511, 'K.', 'Michel', '', 10.00, 'Agent sympathique et compétent, qui a été à mes côtés jusqu\'à la réalisation de l\'achat.\n', '2020-03-24 08:33:05'),
(169, 1407832, 'G.', 'Remi', '', 10.00, 'SUPER AGENCE!!! Nous conseillons cette agence à 100%! Nous sommes TRES satisfaits du travail de Philippe (le patron) qui est quelqu\'un de très professionnel, sérieux, fiable, disponible et à l\'écoute. Il était là pour nous guider et surtout pour nous aider. UN GRAND MERCI!!!\n', '2020-03-20 08:50:26'),
(170, 1407830, 'C.', 'Michel', '', 10.00, 'Grande confiance... services rapides\n', '2020-03-20 08:47:18'),
(171, 1407829, 'M.', 'Jean', '', 9.70, 'Très bonne agence.\n', '2020-03-20 08:43:26'),
(172, 1406213, 'M.', 'Doriano', '', 9.00, '\"Un accompagnement très présent avec de fréquentes informations concernant le déroulement de la vente.\nUne bonne disponibilité pour différents échanges\"\n', '2020-03-18 08:17:48'),
(173, 1406201, 'D.', 'Alice', '', 10.00, 'Très bon rapport avec les agents, bonne communication, service de qualité, je recommande cette agence vivement.\n', '2020-03-18 07:59:29'),
(174, 1406067, 'V.', 'Mathieu', '', 10.00, 'J\'ai acheté mon premier appartement avec Côté Appart. Très bien accompagné du début à la fin. Très professionnelle.\n', '2020-03-17 15:00:33'),
(175, 1406065, 'G.', 'Christophe', '', 10.00, 'Compétence et efficacité, notre bien a été vendu en 4 jours ! Suivi du dossier sans souci. Equipe très professionnelle et à l\'écoute. Totale satisfaction. Nous recommandons vivement cette agence ! Un grand merci et très heureux d\'avoir choisi Coté appart pour vendre notre bien.\n', '2020-03-17 14:54:59'),
(176, 1405880, 'B.', 'Rodolphe', '', 9.00, 'Compétent\n', '2020-03-17 14:47:58'),
(177, 1406052, 'M.', 'Christian', '', 10.00, 'L\'agent immobilier est une personne très compétente et sérieuse avec une grande psychologie et un savoir faire avéré .Très à l\'écoute et patient , Très disponible . Grandes qualités humaines et relationnelles ce qui est très important dans ce métier\n', '2020-03-17 14:42:42'),
(178, 1405875, 'M.', 'Philippe', '', 9.70, 'Agence sérieuse est très compétente dans tous les domaines.\n', '2020-03-17 10:25:21'),
(179, 1405797, 'G.', 'Dominique', '', 9.00, 'Accueil simple et sympathique et surtout compréhension de mes besoins . Le bien proposé correspondait à mes attentes et me satisfait tout à fait . Je recommande régulièrement cette agence. Sans commune mesure avec les autres agences, complètement nulles! (Biens proposés sans rapport avec mes demandes et aucun suivi)', '2020-03-17 10:20:26'),
(180, 1405783, 'P.', 'Amandine', '', 10.00, 'Un super accueil et accompagnement pour l’achat de mon appartement. Un accompagnement jusqu’a la signature et une réponse à toutes mes questions !\n', '2020-03-17 09:05:52'),
(181, 1403260, 'M.', 'Delphine', '', 7.80, 'Agent très disponible, facilement joignable qui sait s\'adapter selon la situation.\n', '2020-03-13 13:47:20'),
(182, 1403090, 'M.', 'Bertrand', '', 10.00, 'C\'est très bien, sympa et professionnel.\n', '2020-03-13 11:33:20'),
(183, 1403068, 'D.', 'Cristina', '', 10.00, '\"La meilleure agence immobilière de BESANCON !\nUne équipe au top qui est toujours à l\'écoute et présente jusqu\'à la signature finale. L\'équipe est réactive, professionnelle et toujours prompte à répondre à nos questions et à intervenir dans notre intérêt. \nGrâce à eux , j\'ai réalisé une belle acquisition.\"', '2020-03-13 11:26:54'),
(184, 1403052, 'D.', 'Enrica', '', 10.00, 'Professionnel, efficace, à l\'écoute. Je recommande vivement\n', '2020-03-13 11:19:53'),
(185, 1371818, 'P.', 'Bernard', '', 10.00, ' Trés bonne prestation\n Sérieux', '2020-03-12 14:56:38'),
(186, 1371824, 'M.', 'Caroline', '', 8.00, 'Le bien était déjà quasiment vendu donc je ne peux pas juger de toutes les prestations de l\'agence. Le suivi de la vente s\'est fait correctement, je n\'ai pas de point de comparaison.', '2020-03-12 14:56:03'),
(187, 1401755, 'A.', 'Maude', '', 9.50, 'Super agence, je recommande. Appartement vendu en deux visites\n', '2020-03-12 14:44:14'),
(188, 1401584, 'B.', 'Elodie', '', 9.20, 'La personne qui m\'a accueillie et accompagnée pendant les visites et le processus d\'achat était totalement investie et très professionnelle. L\'accueil à l\'agence est très sympathique.\n', '2020-03-12 14:07:32'),
(189, 1437051, 'T.', 'Morad', '', 8.50, 'Très bien le boss...\n', '2020-04-28 07:24:22'),
(190, 1425507, 'A.', 'Mathieu', '', 10.00, 'Vente rapide. Excellente qualité du suivi de la transaction. ', '2020-04-20 09:28:17'),
(191, 1457493, 'S.', 'Aleksandra', '', 10.00, 'Interlocuteur sérieux et efficace.\nVente rapide ', '2020-05-25 16:51:43'),
(192, 1542149, 'M.', 'Sandra', '', 9.70, 'Très très réactif ', '2020-08-04 16:38:46'),
(193, 1542764, 'B.', 'Jhannety', '', 9.70, 'Nous avons acheté notre maison avec Pauline qui s’est montrée à la fois professionnelle, disponible et à l’écoute. Elle a su nous rassurer quand nous avions des doutes et répondre à toutes nos questions. ', '2020-08-04 15:01:45'),
(194, 1542767, 'G.', 'Grégory', '', 10.00, 'Nous sommes très satisfait de la relation avec notre conseillère agence tous le long nous à accompagné avec sérieux et efficacité nous la recommandons vraiment. \n', '2020-08-04 12:39:21'),
(195, 1542765, 'M.', 'Quentin', '', 8.80, 'Très bon suivi du dossier de la part de Pauline Chesnel, notre interlocutrice à l\'agence, malgré un contexte et un dossier compliqué (Covid / Copropriété et revue du cadastre).', '2020-08-04 11:04:26'),
(196, 1542146, 'B.', 'Salim', '', 10.00, 'Tres bonne agence, sérieuse avec un très bon suivi ', '2020-08-04 08:18:04'),
(197, 1534403, 'P.', 'Théo', '', 10.00, 'Très bon accueil tant pour les visites que pour les rendez-vous à l’agence, avec beaucoup de disponibilités.\nBonne communication avec les conseillers, les démarches sont très bien expliquées et réalisées rapidement. \nRien à redire, la prestation est parfaite.', '2020-08-03 11:53:38'),
(198, 1539033, 'B.', 'Benjamin', '', 8.50, 'Agents immobilers très arrangeants, disponibles et reactifs. Ils vous aident a vous projeter et vous donnent des conseils utiles.\nEn revanche attention aux détails et à ce qui est dit in situ lors des visites. Lorsqu on s engage oralement sur des choses il faut les tenir. Ca a ete le cas mais il a fallu renegocier.', '2020-08-02 11:23:47'),
(199, 1536841, 'C.', 'Marie', '', 7.70, 'Beau défi relevé par Mathieu Ardenghi que cette vente ! ', '2020-07-31 10:58:17'),
(200, 1542153, 'V.', 'Patrice', '', 9.50, 'Compétence et disponibilité donne une bonne approche quant au service rendu.', '2020-07-31 08:45:41'),
(201, 1539031, 'A.', 'Florent', '', 10.00, 'Nous avons été très bien conseillé et accueilli. Notre conseiller était disponible et à l\'écoute de nos questions. ', '2020-07-30 09:56:42'),
(202, 1536834, 'R.', 'Nathalie', '', 9.50, 'excellente agence', '2020-07-29 20:21:50'),
(203, 1536837, 'G.', 'Frédérique', '', 9.70, 'Pas de lien ni de nouvelles de la structure devant prendre en charge les éléments (internet, gaz, electricité...) pour le déménagement', '2020-07-29 17:51:16'),
(204, 1536839, 'G.', 'Philippe', '', 9.00, 'beaucoup de professionnalisme .', '2020-07-29 09:41:23'),
(205, 1536838, 'B.', 'Laurine', '', 10.00, 'Une agence sérieuse , à l’écoute .\nSuivi client post transaction très satisfaisant . \n', '2020-07-29 09:31:52'),
(206, 1539035, 'A.', 'Luigi', '', 10.00, 'Très bonne relation avec nous toujours à l\'écoute.\nTrès bonne équipe.', '2020-07-28 16:39:25'),
(207, 1534405, 'L.', 'Nathalie', '', 9.30, 'Mon interlocutrice à l\'agence a toujours été à l\'écoute de mes besoins, et a compris rapidement ma demande. Concernant le suivi, elle a toujours été disponible lorsque j\'avais besoin d\'informations et ce jusqu\'à la fin des démarches. Pour avoir côtoyé d\'autres agences, ceci fut précieux et je ne regrette pas mon choix.', '2020-07-28 10:42:34'),
(208, 1534410, 'C.', 'Florence', '', 9.00, 'Agence consciencieuse à  l\'écoute des clients, objective par rapport au produit à vendre.', '2020-07-27 15:31:05'),
(209, 1534407, 'C.', 'Emilie', '', 9.00, 'Très bon suivi et bienveillance d\'Emilie du début à la fin', '2020-07-27 15:29:30'),
(210, 1532668, 'D.', 'Gilles', '', 10.00, 'Conseils très bien. Estimation parfaite. Vendu en trois semaines. Agence à recommander.', '2020-07-27 09:34:43'),
(211, 1532684, 'B.', 'Vanessa', '', 6.20, 'Très bon accueil, très belle présentation de l appartement sur le site, réactivité au départ.\nLe point faible : manque de certaines compétences en droit immobilier, il a donc fallu faire souvent appel au notaire pour régler des problèmes administratifs.\nLe point fort : client trouvé très rapidement.', '2020-07-27 07:15:57'),
(212, 1532687, 'R.', 'Tifanny', '', 10.00, 'Très bon accompagnement dans toutes les démarches. Écoute et conseil au top même pour les questions ne concernant pas directement les services de l\'agence. Les échanges ont été très conviviaux et agréables. Je recommande vivement leurs services. ', '2020-07-26 16:56:04'),
(213, 1532692, 'I.', 'Dejan', '', 4.50, 'R', '2020-07-26 10:32:21'),
(214, 1536835, 'S.', 'Nessim', '', 9.70, 'Monsieur Condamine a répondu à toutes mes attentes, de la prise en charge du dossier jusqu’à sa conclusion. Il s’est montré disponible et impliqué tout au long du processus de vente, ce qui a permis une vente rapide.', '2020-07-25 13:37:01'),
(215, 1534408, 'B.', 'Dominique', '', 10.00, 'Tout ce qu\'on peut attendre d\'un professionnel : connaissance du terrain, honnêteté, recherche active et suivi.', '2020-07-22 16:18:34'),
(216, 1529220, 'B.', 'Mireille', '', 9.30, 'Très bon accompagnement et suivi de la vente du début à la fin ', '2020-07-22 07:58:38');

-- --------------------------------------------------------

--
-- Structure de la table `tool_geo_city`
--

